{"id":768357,"date":"2025-08-28T13:17:53","date_gmt":"2025-08-28T10:17:53","guid":{"rendered":"https:\/\/roveyayinevi.com.tr\/index.php\/urun\/olumlu-ebeveynlik-aile-baglarini-nasil-guclendirir\/"},"modified":"2026-04-15T03:34:07","modified_gmt":"2026-04-15T00:34:07","slug":"olumlu-ebeveynlik-aile-baglarini-nasil-guclendirir","status":"publish","type":"product","link":"https:\/\/roveyayinevi.com.tr\/index.php\/urun\/olumlu-ebeveynlik-aile-baglarini-nasil-guclendirir\/","title":{"rendered":"Olumlu Ebeveynlik Aile Ba\u011flar\u0131n\u0131 Nas\u0131l G\u00fc\u00e7lendirir"},"content":{"rendered":"<p>\u201cHer ebeveynin kendi \u00e7ocu\u011funu \u00e7ok iyi tan\u0131d\u0131\u011f\u0131na ve \u00e7ocuk yeti\u015ftirmenin stresli de\u011fil, e\u011flenceli olmas\u0131 gerekti\u011fini d\u00fc\u015f\u00fcnen Rebecca Eanes, ebeveynlerin mutlu, sevgi dolu aileler yaratmak i\u00e7in kendi olumlu ebeveynlik planlar\u0131n\u0131 geli\u015ftirmelerine yard\u0131mc\u0131 oluyor. Olumlu Ebeveynlik Aile Ba\u011flar\u0131n\u0131 Nas\u0131l G\u00fc\u00e7lendirir? adl\u0131 kitab\u0131 ebeveynlere bu yolculuk boyunca do\u011fal olarak ortaya \u00e7\u0131kan zorlay\u0131c\u0131 duygular\u0131n \u00fcstesinden gelmekte destek olurken olumlu d\u00fc\u015f\u00fcnen bireyler yeti\u015ftirmeyi kolayla\u015ft\u0131racak stratejiler de sunuyor.\u201d \u2014 Katie Hurley, LCSW, The Happy Kid Handbook isimli kitab\u0131n yazar\u0131 Her an daha iyi bir ebeveyn olmakla ilgili hi\u00e7 bitmeyen bir bilgi ak\u0131\u015f\u0131na maruz kal\u0131yoruz. Esas sorun \u015fu ki \u00f6\u011frendiklerimizin \u00e7o\u011fu birbiriyle \u00e7eli\u015fiyor ve ebeveynleri ger\u00e7ekten desteklemekten ziyade onlar\u0131 daha k\u00f6t\u00fc ve g\u00fc\u00e7s\u00fcz hissettiriyor. Bu bilgi ak\u0131\u015f\u0131 i\u00e7inde ebeveynlerin yolunu kaybetmesi ise an meselesi.  Olumlu Ebeveynlik Aile Ba\u011flar\u0131n\u0131 Nas\u0131l G\u00fc\u00e7lendirir? isimli kitab\u0131yla Rebecca Eanes, ebeveynli\u011fin \u00e7ocuklar\u0131 itaat etmeye zorlamaktan \u00e7ok daha fazlas\u0131 oldu\u011funa inan\u0131yor. Bu kitap ger\u00e7ek hayatlar, ili\u015fkiler ve insanlarla ilgili olup ebeveynlerle \u00e7ocuklar\u0131n\u0131n hik\u00e2yelerine de\u011finiyor. Eanes, kendi hik\u00e2yelerimizi yeniden yazarak hem \u00e7ocuklar\u0131m\u0131z\u0131 hem de aile ba\u011f\u0131m\u0131z\u0131 nas\u0131l daha g\u00fc\u00e7l\u00fc k\u0131laca\u011f\u0131m\u0131z\u0131 g\u00f6zler \u00f6n\u00fcne seriyor.<\/p>\n","protected":false},"excerpt":{"rendered":"<p>\u201cHer ebeveynin kendi \u00e7ocu\u011funu \u00e7ok iyi tan\u0131d\u0131\u011f\u0131na ve \u00e7ocuk yeti\u015ftirmenin stresli de\u011fil, e\u011flenceli olmas\u0131 gerekti\u011fini d\u00fc\u015f\u00fcnen Rebecca Eanes, ebeveynlerin mutlu, sevgi dolu aileler yaratmak i\u00e7in kendi<span class=\"excerpt-hellip\"> [\u2026]<\/span><\/p>\n","protected":false},"featured_media":0,"template":"","meta":{"_monsterinsights_skip_tracking":false,"_monsterinsights_sitenote_active":false,"_monsterinsights_sitenote_note":"","_monsterinsights_sitenote_category":0},"product_brand":[],"product_cat":[17996,12364],"product_tag":[],"class_list":{"0":"post-768357","1":"product","2":"type-product","3":"status-publish","5":"product_cat-ebeveyn-kitaplari","6":"product_cat-genel-konular","7":"pa_cilt-ciltsiz","8":"pa_tur-kitap","9":"pa_yayinevi-stabil-kitap","10":"pa_yazar-rebecca-eanes","12":"first","13":"instock","14":"sale","15":"shipping-taxable","16":"purchasable","17":"product-type-simple"},"_links":{"self":[{"href":"https:\/\/roveyayinevi.com.tr\/index.php\/wp-json\/wp\/v2\/product\/768357","targetHints":{"allow":["GET"]}}],"collection":[{"href":"https:\/\/roveyayinevi.com.tr\/index.php\/wp-json\/wp\/v2\/product"}],"about":[{"href":"https:\/\/roveyayinevi.com.tr\/index.php\/wp-json\/wp\/v2\/types\/product"}],"wp:attachment":[{"href":"https:\/\/roveyayinevi.com.tr\/index.php\/wp-json\/wp\/v2\/media?parent=768357"}],"wp:term":[{"taxonomy":"product_brand","embeddable":true,"href":"https:\/\/roveyayinevi.com.tr\/index.php\/wp-json\/wp\/v2\/product_brand?post=768357"},{"taxonomy":"product_cat","embeddable":true,"href":"https:\/\/roveyayinevi.com.tr\/index.php\/wp-json\/wp\/v2\/product_cat?post=768357"},{"taxonomy":"product_tag","embeddable":true,"href":"https:\/\/roveyayinevi.com.tr\/index.php\/wp-json\/wp\/v2\/product_tag?post=768357"}],"curies":[{"name":"wp","href":"https:\/\/api.w.org\/{rel}","templated":true}]}}