{"id":768345,"date":"2025-08-28T13:17:32","date_gmt":"2025-08-28T10:17:32","guid":{"rendered":"https:\/\/roveyayinevi.com.tr\/index.php\/urun\/kus-sutu-2\/"},"modified":"2026-04-15T03:34:06","modified_gmt":"2026-04-15T00:34:06","slug":"kus-sutu-2","status":"publish","type":"product","link":"https:\/\/roveyayinevi.com.tr\/index.php\/urun\/kus-sutu-2\/","title":{"rendered":"Ku\u015f S\u00fct\u00fc &#8211; 2"},"content":{"rendered":"<p>Kader kitab\u0131n\u0131n mektuplar\u0131n\u0131 iyi okumak, s\u0131rlar\u0131n\u0131, mesajlar\u0131n\u0131 anlamak l\u00e2z\u0131m. Onda ne derin, g\u00fczellikli hikmetler var. O, bizim aleyhimizde de\u011fil. Kar\u015f\u0131m\u0131zda m\u00fccell\u00e2 bir ayna gibi duruyor. Biz, yanl\u0131\u015flar\u0131m\u0131zla ondaki g\u00f6r\u00fcnt\u00fcm\u00fcz\u00fc bozuyoruz. Gerekli olan; duru\u015fumuzu, bak\u0131\u015f\u0131m\u0131z\u0131 d\u00fczeltmek. Hemen problem \u00e7\u00f6z\u00fclecek, kendimizi daha iyi g\u00f6rece\u011fiz\u2026<\/p>\n","protected":false},"excerpt":{"rendered":"<p>Kader kitab\u0131n\u0131n mektuplar\u0131n\u0131 iyi okumak, s\u0131rlar\u0131n\u0131, mesajlar\u0131n\u0131 anlamak l\u00e2z\u0131m. Onda ne derin, g\u00fczellikli hikmetler var. O, bizim aleyhimizde de\u011fil. Kar\u015f\u0131m\u0131zda m\u00fccell\u00e2 bir ayna gibi duruyor. Biz,<span class=\"excerpt-hellip\"> [\u2026]<\/span><\/p>\n","protected":false},"featured_media":0,"template":"","meta":{"_monsterinsights_skip_tracking":false,"_monsterinsights_sitenote_active":false,"_monsterinsights_sitenote_note":"","_monsterinsights_sitenote_category":0},"product_brand":[],"product_cat":[12718,12719],"product_tag":[],"class_list":{"0":"post-768345","1":"product","2":"type-product","3":"status-publish","5":"product_cat-din","6":"product_cat-islam","7":"pa_cilt-ciltsiz","8":"pa_tur-kitap","9":"pa_yayinevi-foliant-yayinlari","10":"pa_yazar-ahmed-ihsan-genc","12":"first","13":"instock","14":"sale","15":"shipping-taxable","16":"purchasable","17":"product-type-simple"},"_links":{"self":[{"href":"https:\/\/roveyayinevi.com.tr\/index.php\/wp-json\/wp\/v2\/product\/768345","targetHints":{"allow":["GET"]}}],"collection":[{"href":"https:\/\/roveyayinevi.com.tr\/index.php\/wp-json\/wp\/v2\/product"}],"about":[{"href":"https:\/\/roveyayinevi.com.tr\/index.php\/wp-json\/wp\/v2\/types\/product"}],"wp:attachment":[{"href":"https:\/\/roveyayinevi.com.tr\/index.php\/wp-json\/wp\/v2\/media?parent=768345"}],"wp:term":[{"taxonomy":"product_brand","embeddable":true,"href":"https:\/\/roveyayinevi.com.tr\/index.php\/wp-json\/wp\/v2\/product_brand?post=768345"},{"taxonomy":"product_cat","embeddable":true,"href":"https:\/\/roveyayinevi.com.tr\/index.php\/wp-json\/wp\/v2\/product_cat?post=768345"},{"taxonomy":"product_tag","embeddable":true,"href":"https:\/\/roveyayinevi.com.tr\/index.php\/wp-json\/wp\/v2\/product_tag?post=768345"}],"curies":[{"name":"wp","href":"https:\/\/api.w.org\/{rel}","templated":true}]}}