{"id":768342,"date":"2025-08-28T13:17:27","date_gmt":"2025-08-28T10:17:27","guid":{"rendered":"https:\/\/roveyayinevi.com.tr\/index.php\/urun\/yarim-kalmasin\/"},"modified":"2026-04-15T03:34:06","modified_gmt":"2026-04-15T00:34:06","slug":"yarim-kalmasin","status":"publish","type":"product","link":"https:\/\/roveyayinevi.com.tr\/index.php\/urun\/yarim-kalmasin\/","title":{"rendered":"Yar\u0131m Kalmas\u0131n"},"content":{"rendered":"<p>u kitab\u0131n yaz\u0131l\u0131\u015f amac\u0131 \u015fimdiye kadar bilinmeyen, yanl\u0131\u015f bilinen, bir ailenin da\u011f\u0131lmas\u0131na neden olan toplumumuzun en temel eksiklerinden biri olan cinselli\u011fe, jinekolog g\u00f6z\u00fcyle bir nebze olsun \u0131\u015f\u0131k tutabilmektir.   Cinselli\u011fin sadece y\u00fczde yirmisi d\u00fcrt\u00fclerle ya\u015fan\u0131yor, geri kalan\u0131n\u0131n \u00f6\u011f- renilebilen, geli\u015ftirilebilen geni\u015f bir alan\u0131 var. \u00dcstelik \u00e7o\u011fu kad\u0131n kendi bedeninden, erojen b\u00f6lgelerinden bihaber. Evlendiklerinde e\u015fleri onlara \u00f6\u011fretecek san\u0131yorlar. Bilen kad\u0131nlar da s\u00f6ylemeye utan\u0131yor, \u00e7ekiniyorlar.   \u00c7\u00fcnk\u00fc e\u015fleri taraf\u0131ndan yanl\u0131\u015f alg\u0131lanaca\u011f\u0131n\u0131 d\u00fc\u015f\u00fcn\u00fcyorlar. \u0130\u015fte bu kitap her iki cinse de kar\u015f\u0131l\u0131kl\u0131 mutlulu\u011fun form\u00fcl\u00fcn\u00fc veriyor ve yanl\u0131\u015f bildi\u011fimiz do\u011frularla ve do\u011fru bildi\u011fimiz yanl\u0131\u015flarla bizi y\u00fczle\u015ftiriyor. Nelerle mi y\u00fczle\u015fece\u011fiz? \u0130\u015fte maddelerden baz\u0131lar\u0131&#8230;   \u00c7iftlerin birbirini \u00e7ok sevmesi, cinsel hayatlar\u0131n\u0131n mutlu olaca\u011f\u0131 anlam\u0131na gelmez.   Erkeklerin kad\u0131n cinselli\u011fine dair bildikleri \u015feylerin \u00e7o\u011fu yanl\u0131\u015f! Evlili\u011fin devam\u0131 ilk gecenin sabah\u0131ndan belli oluyor. Cinselli\u011fe \u00e7\u0131r\u0131l \u00e7\u0131plak ba\u015flamay\u0131n! Kavgadan sonra sevi\u015fmeyin! Herkes kendi orgazm\u0131ndan sorumludur! Du\u015f ve havuz seksi, gebeli\u011fe engel&#8230; T\u00fcrkiye\u2019de kad\u0131nlar\u0131n y\u00fczde k\u0131rk be\u015fi orgazm olam\u0131yor. Kad\u0131nlar\u0131n yakla\u015f\u0131k y\u00fczde ellisi, orgazm taklidi yaparlar. \u0130lk gece efsaneleri&#8230; \u0130lk gece kanamas\u0131n\u0131n nedeni k\u0131zl\u0131k zar\u0131 de\u011fildir. Cinsel istek menopozdan etkilenmez. Hard porno erke\u011fi olumsuz etkiliyor! Penise erkek de\u011fil bilin\u00e7alt\u0131 h\u00fckmeder.<\/p>\n","protected":false},"excerpt":{"rendered":"<p>u kitab\u0131n yaz\u0131l\u0131\u015f amac\u0131 \u015fimdiye kadar bilinmeyen, yanl\u0131\u015f bilinen, bir ailenin da\u011f\u0131lmas\u0131na neden olan toplumumuzun en temel eksiklerinden biri olan cinselli\u011fe, jinekolog g\u00f6z\u00fcyle bir nebze olsun<span class=\"excerpt-hellip\"> [\u2026]<\/span><\/p>\n","protected":false},"featured_media":0,"template":"","meta":{"_monsterinsights_skip_tracking":false,"_monsterinsights_sitenote_active":false,"_monsterinsights_sitenote_note":"","_monsterinsights_sitenote_category":0},"product_brand":[],"product_cat":[35288,13365],"product_tag":[],"class_list":{"0":"post-768342","1":"product","2":"type-product","3":"status-publish","5":"product_cat-cinsellik-saglik","6":"product_cat-saglik","7":"pa_cilt-ciltsiz","8":"pa_tur-kitap","9":"pa_yayinevi-nemesis-kitap","10":"pa_yazar-azer-aras-ulug","12":"first","13":"instock","14":"sale","15":"shipping-taxable","16":"purchasable","17":"product-type-simple"},"_links":{"self":[{"href":"https:\/\/roveyayinevi.com.tr\/index.php\/wp-json\/wp\/v2\/product\/768342","targetHints":{"allow":["GET"]}}],"collection":[{"href":"https:\/\/roveyayinevi.com.tr\/index.php\/wp-json\/wp\/v2\/product"}],"about":[{"href":"https:\/\/roveyayinevi.com.tr\/index.php\/wp-json\/wp\/v2\/types\/product"}],"wp:attachment":[{"href":"https:\/\/roveyayinevi.com.tr\/index.php\/wp-json\/wp\/v2\/media?parent=768342"}],"wp:term":[{"taxonomy":"product_brand","embeddable":true,"href":"https:\/\/roveyayinevi.com.tr\/index.php\/wp-json\/wp\/v2\/product_brand?post=768342"},{"taxonomy":"product_cat","embeddable":true,"href":"https:\/\/roveyayinevi.com.tr\/index.php\/wp-json\/wp\/v2\/product_cat?post=768342"},{"taxonomy":"product_tag","embeddable":true,"href":"https:\/\/roveyayinevi.com.tr\/index.php\/wp-json\/wp\/v2\/product_tag?post=768342"}],"curies":[{"name":"wp","href":"https:\/\/api.w.org\/{rel}","templated":true}]}}