{"id":768331,"date":"2025-08-28T13:17:09","date_gmt":"2025-08-28T10:17:09","guid":{"rendered":"https:\/\/roveyayinevi.com.tr\/index.php\/urun\/sefik-husnu-degmerden-isci-partisine-aydinlik-hareketi-1918-2000\/"},"modified":"2026-04-15T03:34:06","modified_gmt":"2026-04-15T00:34:06","slug":"sefik-husnu-degmerden-isci-partisine-aydinlik-hareketi-1918-2000","status":"publish","type":"product","link":"https:\/\/roveyayinevi.com.tr\/index.php\/urun\/sefik-husnu-degmerden-isci-partisine-aydinlik-hareketi-1918-2000\/","title":{"rendered":"\u015eefik H\u00fcsn\u00fc De\u011fmer\u2019den \u0130\u015f\u00e7i Partisi\u2019ne Ayd\u0131nl\u0131k Hareketi (1918 \u2013 2000)"},"content":{"rendered":"<p>B\u0130R\u0130NC\u0130 B\u00d6L\u00dcM: OSMANLI DEVLET\u0130\u2019NDE \u0130LK SOSYAL\u0130ST HAREKETLER   \u0130K\u0130NC\u0130 B\u00d6L\u00dcM: T\u00dcRK\u0130YE \u0130\u015e\u00c7\u0130 VE \u00c7\u0130FT\u00c7\u0130 SOSYAL\u0130ST FIRKASI VE AYDINLIK HAREKET\u0130   \u00dc\u00c7\u00dcNC\u00dc B\u00d6L\u00dcM: 27 MAYIS SONRASINDA AYDINLIK HAREKET\u0130   D\u00d6RD\u00dcNC\u00dc B\u00d6L\u00dcM: PDA\u2019CILARIN BA\u011eIMSIZ B\u0130R HAREKET OLARAK S\u0130YASALLA\u015eMASI S\u00dcREC\u0130 VE 12 MART SONRASI AYDINLIK HAREKET\u0130   BE\u015e\u0130NC\u0130 B\u00d6L\u00dcM: 12 EYL\u00dcL SONRASINDA AYDINLIK HAREKET\u0130 <\/p>\n","protected":false},"excerpt":{"rendered":"<p>B\u0130R\u0130NC\u0130 B\u00d6L\u00dcM: OSMANLI DEVLET\u0130\u2019NDE \u0130LK SOSYAL\u0130ST HAREKETLER \u0130K\u0130NC\u0130 B\u00d6L\u00dcM: T\u00dcRK\u0130YE \u0130\u015e\u00c7\u0130 VE \u00c7\u0130FT\u00c7\u0130 SOSYAL\u0130ST FIRKASI VE AYDINLIK HAREKET\u0130 \u00dc\u00c7\u00dcNC\u00dc B\u00d6L\u00dcM: 27 MAYIS SONRASINDA AYDINLIK HAREKET\u0130 D\u00d6RD\u00dcNC\u00dc<span class=\"excerpt-hellip\"> [\u2026]<\/span><\/p>\n","protected":false},"featured_media":0,"template":"","meta":{"_monsterinsights_skip_tracking":false,"_monsterinsights_sitenote_active":false,"_monsterinsights_sitenote_note":"","_monsterinsights_sitenote_category":0},"product_brand":[],"product_cat":[13590,12337],"product_tag":[],"class_list":{"0":"post-768331","1":"product","2":"type-product","3":"status-publish","5":"product_cat-arastirma-inceleme-politika-siyaset","6":"product_cat-politika-siyaset","7":"pa_cilt-ciltsiz","8":"pa_tur-kitap","9":"pa_yayinevi-gazi-kitabevi","10":"pa_yazar-enver-emre-ocal","12":"first","13":"instock","14":"sale","15":"shipping-taxable","16":"purchasable","17":"product-type-simple"},"_links":{"self":[{"href":"https:\/\/roveyayinevi.com.tr\/index.php\/wp-json\/wp\/v2\/product\/768331","targetHints":{"allow":["GET"]}}],"collection":[{"href":"https:\/\/roveyayinevi.com.tr\/index.php\/wp-json\/wp\/v2\/product"}],"about":[{"href":"https:\/\/roveyayinevi.com.tr\/index.php\/wp-json\/wp\/v2\/types\/product"}],"wp:attachment":[{"href":"https:\/\/roveyayinevi.com.tr\/index.php\/wp-json\/wp\/v2\/media?parent=768331"}],"wp:term":[{"taxonomy":"product_brand","embeddable":true,"href":"https:\/\/roveyayinevi.com.tr\/index.php\/wp-json\/wp\/v2\/product_brand?post=768331"},{"taxonomy":"product_cat","embeddable":true,"href":"https:\/\/roveyayinevi.com.tr\/index.php\/wp-json\/wp\/v2\/product_cat?post=768331"},{"taxonomy":"product_tag","embeddable":true,"href":"https:\/\/roveyayinevi.com.tr\/index.php\/wp-json\/wp\/v2\/product_tag?post=768331"}],"curies":[{"name":"wp","href":"https:\/\/api.w.org\/{rel}","templated":true}]}}

Şefik Hüsnü Değmer’den İşçi Partisi’ne Aydınlık Hareketi (1918 – 2000)

<p>BİRİNCİ BÖLÜM: OSMANLI DEVLETİ’NDE İLK SOSYALİST HAREKETLER   İKİNCİ BÖLÜM: TÜRKİYE İŞÇİ VE ÇİFTÇİ SOSYALİST FIRKASI VE AYDINLIK HAREKETİ   ÜÇÜNCÜ BÖLÜM: 27 MAYIS SONRASINDA AYDINLIK HAREKETİ   DÖRDÜNCÜ BÖLÜM: PDA’CILARIN BAĞIMSIZ BİR HAREKET OLARAK SİYASALLAŞMASI SÜRECİ VE 12 MART SONRASI AYDINLIK HAREKETİ   BEŞİNCİ BÖLÜM: 12 EYLÜL SONRASINDA AYDINLIK HAREKETİ </p>

<p>BİRİNCİ BÖLÜM: OSMANLI DEVLETİ’NDE İLK SOSYALİST HAREKETLER İKİNCİ BÖLÜM: TÜRKİYE İŞÇİ VE ÇİFTÇİ SOSYALİST FIRKASI VE AYDINLIK HAREKETİ ÜÇÜNCÜ BÖLÜM: 27 MAYIS SONRASINDA AYDINLIK HAREKETİ DÖRDÜNCÜ<span class="excerpt-hellip"> […]</span></p>
