{"id":768323,"date":"2025-08-28T13:16:52","date_gmt":"2025-08-28T10:16:52","guid":{"rendered":"https:\/\/roveyayinevi.com.tr\/index.php\/urun\/bir-muz-bazen-sadece-bir-muzdur\/"},"modified":"2026-04-15T03:34:06","modified_gmt":"2026-04-15T00:34:06","slug":"bir-muz-bazen-sadece-bir-muzdur","status":"publish","type":"product","link":"https:\/\/roveyayinevi.com.tr\/index.php\/urun\/bir-muz-bazen-sadece-bir-muzdur\/","title":{"rendered":"Bir Muz Bazen Sadece Bir Muzdur"},"content":{"rendered":"<p>Sanat\u0131 nas\u0131l tan\u0131mlad\u0131\u011f\u0131m\u0131z \u00e7ok\u00e7a soru konusu edilir ama bir sanat yap\u0131t\u0131na nas\u0131l yakla\u015fmam\u0131z gerekti\u011fi \u00fczerinde genellikle durulmaz. Sanki yap\u0131t kendini anlatma yetene\u011fine sahipmi\u015f ve b\u00fct\u00fcn \u00e7a\u011flar boyunca anlam\u0131 orada durup bizi beklemekteymi\u015f gibi davran\u0131l\u0131r. Oysa sanat tarihi bunun tersini s\u00f6yler bize; bir yap\u0131t\u0131n anlam\u0131 oldu\u011fu kadar, ad\u0131na sanat dedi\u011fimiz \u015fey de \u00e7a\u011flar boyunca de\u011fi\u015fir.  \u00c7a\u011fda\u015f sanat yap\u0131tlar\u0131 1960\u2019lardan bug\u00fcne dek s\u00fcrekli hedef tahtas\u0131ndayd\u0131lar. Ancak ne yaz\u0131k ki \u00fczerlerindeki ele\u015ftiri \u00e7o\u011funlukla sanat piyasas\u0131n\u0131n bu yap\u0131tlarla kurdu\u011fu ili\u015fkinin d\u0131\u015f\u0131na \u00e7\u0131kmad\u0131. \u0130\u015fin k\u00f6t\u00fcs\u00fc, sanat piyasas\u0131 ve onu olu\u015fturan kurumsal donan\u0131ma duyulan ku\u015fku, sonunda \u00e7a\u011fda\u015f sanat\u0131n ta\u015f\u0131d\u0131\u011f\u0131 avangard \u00e7ekirde\u011fe, sanat\u0131 ya\u015fam\u0131n kendisi haline getirme \u00f6zlemine y\u00f6nelerek sonuna dek muhafazak\u00e2r \u201cBu da sanat m\u0131?\u201d c\u00fcmlesinde son buldu.  Maurizio Cattelan\u2019\u0131n duvara bantlanm\u0131\u015f ger\u00e7ek bir muzdan ibaret olan Comedian i\u015fi \u00fczerine de benzer bir heyula has\u0131l oldu. \u00c7a\u011fda\u015f sanat ve sanat\u00e7\u0131, kara para aklayan bir doland\u0131r\u0131c\u0131dan kapitalizmin k\u00f6r u\u015fa\u011f\u0131 olmaya dek pek \u00e7ok itham alt\u0131nda kald\u0131. Bu kitap Comedian\u2019\u0131n sanat tarihi ve piyasas\u0131nda a\u00e7maya yeltendi\u011fi infiale kimi dipnotlar d\u00fc\u015fme ve avangard lehine bir h\u00fccum denemesidir. <\/p>\n","protected":false},"excerpt":{"rendered":"<p>Sanat\u0131 nas\u0131l tan\u0131mlad\u0131\u011f\u0131m\u0131z \u00e7ok\u00e7a soru konusu edilir ama bir sanat yap\u0131t\u0131na nas\u0131l yakla\u015fmam\u0131z gerekti\u011fi \u00fczerinde genellikle durulmaz. Sanki yap\u0131t kendini anlatma yetene\u011fine sahipmi\u015f ve b\u00fct\u00fcn \u00e7a\u011flar<span class=\"excerpt-hellip\"> [\u2026]<\/span><\/p>\n","protected":false},"featured_media":0,"template":"","meta":{"_monsterinsights_skip_tracking":false,"_monsterinsights_sitenote_active":false,"_monsterinsights_sitenote_note":"","_monsterinsights_sitenote_category":0},"product_brand":[],"product_cat":[13548,12408],"product_tag":[],"class_list":{"0":"post-768323","1":"product","2":"type-product","3":"status-publish","5":"product_cat-kuram","6":"product_cat-sanat","7":"pa_cilt-ciltsiz","8":"pa_tur-kitap","9":"pa_yayinevi-livera-yayinevi","10":"pa_yazar-kolektif","12":"first","13":"instock","14":"sale","15":"shipping-taxable","16":"purchasable","17":"product-type-simple"},"_links":{"self":[{"href":"https:\/\/roveyayinevi.com.tr\/index.php\/wp-json\/wp\/v2\/product\/768323","targetHints":{"allow":["GET"]}}],"collection":[{"href":"https:\/\/roveyayinevi.com.tr\/index.php\/wp-json\/wp\/v2\/product"}],"about":[{"href":"https:\/\/roveyayinevi.com.tr\/index.php\/wp-json\/wp\/v2\/types\/product"}],"wp:attachment":[{"href":"https:\/\/roveyayinevi.com.tr\/index.php\/wp-json\/wp\/v2\/media?parent=768323"}],"wp:term":[{"taxonomy":"product_brand","embeddable":true,"href":"https:\/\/roveyayinevi.com.tr\/index.php\/wp-json\/wp\/v2\/product_brand?post=768323"},{"taxonomy":"product_cat","embeddable":true,"href":"https:\/\/roveyayinevi.com.tr\/index.php\/wp-json\/wp\/v2\/product_cat?post=768323"},{"taxonomy":"product_tag","embeddable":true,"href":"https:\/\/roveyayinevi.com.tr\/index.php\/wp-json\/wp\/v2\/product_tag?post=768323"}],"curies":[{"name":"wp","href":"https:\/\/api.w.org\/{rel}","templated":true}]}}