{"id":768262,"date":"2025-08-28T13:14:44","date_gmt":"2025-08-28T10:14:44","guid":{"rendered":"https:\/\/roveyayinevi.com.tr\/index.php\/urun\/yedi-renk-bir-hayat\/"},"modified":"2026-04-15T03:34:04","modified_gmt":"2026-04-15T00:34:04","slug":"yedi-renk-bir-hayat","status":"publish","type":"product","link":"https:\/\/roveyayinevi.com.tr\/index.php\/urun\/yedi-renk-bir-hayat\/","title":{"rendered":"Yedi Renk Bir Hayat"},"content":{"rendered":"<p>\u0130\u00e7inde \u201chayat\u201d bar\u0131nd\u0131ran bir hik\u00e2ye\u2026 Belki \u00e7ok uzaktan, belki de \u00e7ok yak\u0131ndan tan\u0131d\u0131\u011f\u0131n\u0131z karakterlerin ge\u00e7mi\u015fleri, gelecekleri ve ya\u015famdan ald\u0131klar\u0131yla verdiklerini anlatan bir ser\u00fcven\u2026 Bir hayat ser\u00fcveni. Uzaklarda de\u011fil, yan\u0131 ba\u015f\u0131n\u0131zda hissetti\u011finiz renkler ve say\u0131lar\u2026 Fiziksel, zihinsel ve ruhsal \u015fifan\u0131n i\u00e7erilerde bir yerlerde sakl\u0131 oldu\u011funu ke\u015ffetmek\u2026 Bazen \u00e7akralar\u0131n ve renklerin \u015fifa oldu\u011fu, bazen yogan\u0131n ve felsefesinin rehberlik etti\u011fi, bazen de sadece kendi enerjisini fark ederek \u201cReiki\u201d ile gelen \u015fifan\u0131n hayat\u0131 g\u00fczelle\u015ftirdi\u011fi bir yolculuk. Kimi zaman da bo\u015flukta yok olan hik\u00e2yelerin b\u0131rakt\u0131\u011f\u0131 h\u00fcz\u00fcn\u2026 Hayat, \u00f6nce say\u0131lardan ve renklerden olu\u015ftu. Sonra renkler ve say\u0131lar aras\u0131nda s\u0131k\u0131\u015ft\u0131. Galibi yok hayat\u0131n, ne kadar \u00e7ok renk varsa say\u0131lar\u0131n i\u00e7inde, hayat o kadar de\u011ferli, hem ya\u015fayan i\u00e7in hem de ya\u015fatan i\u00e7in\u2026 Ya\u015fayan ve ya\u015fatan hayatlara\u2026 <\/p>\n","protected":false},"excerpt":{"rendered":"<p>\u0130\u00e7inde \u201chayat\u201d bar\u0131nd\u0131ran bir hik\u00e2ye\u2026 Belki \u00e7ok uzaktan, belki de \u00e7ok yak\u0131ndan tan\u0131d\u0131\u011f\u0131n\u0131z karakterlerin ge\u00e7mi\u015fleri, gelecekleri ve ya\u015famdan ald\u0131klar\u0131yla verdiklerini anlatan bir ser\u00fcven\u2026 Bir hayat ser\u00fcveni.<span class=\"excerpt-hellip\"> [\u2026]<\/span><\/p>\n","protected":false},"featured_media":0,"template":"","meta":{"_monsterinsights_skip_tracking":false,"_monsterinsights_sitenote_active":false,"_monsterinsights_sitenote_note":"","_monsterinsights_sitenote_category":0},"product_brand":[],"product_cat":[12364,12376],"product_tag":[],"class_list":{"0":"post-768262","1":"product","2":"type-product","3":"status-publish","5":"product_cat-genel-konular","6":"product_cat-kisisel-gelisim","7":"pa_cilt-ciltsiz","8":"pa_tur-kitap","9":"pa_yayinevi-sayfa6-yayinlari","10":"pa_yazar-tuba-tasangil-baybas","12":"first","13":"instock","14":"sale","15":"shipping-taxable","16":"purchasable","17":"product-type-simple"},"_links":{"self":[{"href":"https:\/\/roveyayinevi.com.tr\/index.php\/wp-json\/wp\/v2\/product\/768262","targetHints":{"allow":["GET"]}}],"collection":[{"href":"https:\/\/roveyayinevi.com.tr\/index.php\/wp-json\/wp\/v2\/product"}],"about":[{"href":"https:\/\/roveyayinevi.com.tr\/index.php\/wp-json\/wp\/v2\/types\/product"}],"wp:attachment":[{"href":"https:\/\/roveyayinevi.com.tr\/index.php\/wp-json\/wp\/v2\/media?parent=768262"}],"wp:term":[{"taxonomy":"product_brand","embeddable":true,"href":"https:\/\/roveyayinevi.com.tr\/index.php\/wp-json\/wp\/v2\/product_brand?post=768262"},{"taxonomy":"product_cat","embeddable":true,"href":"https:\/\/roveyayinevi.com.tr\/index.php\/wp-json\/wp\/v2\/product_cat?post=768262"},{"taxonomy":"product_tag","embeddable":true,"href":"https:\/\/roveyayinevi.com.tr\/index.php\/wp-json\/wp\/v2\/product_tag?post=768262"}],"curies":[{"name":"wp","href":"https:\/\/api.w.org\/{rel}","templated":true}]}}