{"id":768261,"date":"2025-08-28T13:14:42","date_gmt":"2025-08-28T10:14:42","guid":{"rendered":"https:\/\/roveyayinevi.com.tr\/index.php\/urun\/ilk-turk-kadin-hekim-safiye-ali\/"},"modified":"2026-04-15T03:34:04","modified_gmt":"2026-04-15T00:34:04","slug":"ilk-turk-kadin-hekim-safiye-ali","status":"publish","type":"product","link":"https:\/\/roveyayinevi.com.tr\/index.php\/urun\/ilk-turk-kadin-hekim-safiye-ali\/","title":{"rendered":"\u0130lk T\u00fcrk Kad\u0131n Hekim Safiye Ali"},"content":{"rendered":"<p>\u0130lk T\u00fcrk kad\u0131n doktor Safiye Ali\u2019nin hayat\u0131 bu biyografik romanda d\u00f6neminin t\u00fcm \u00f6zellikleriyle kronolojik bi\u00e7imde anlat\u0131l\u0131yor. Gen\u00e7 bir T\u00fcrk kad\u0131n\u0131n\u0131n \u00dcsk\u00fcdar\u2019dan W\u00fcrzburg\u2019a uzanan e\u011fitim ve doktorluk maceras\u0131n\u0131 konu alan kitapta Safiye Ali\u2019nin ya\u015fad\u0131\u011f\u0131 zorluklar, meslekte tutunma, halk sa\u011fl\u0131\u011f\u0131 ve halk\u0131 bilin\u00e7lendirme m\u00fccadelesi \u00f6ne \u00e7\u0131k\u0131yor. \u00dcsk\u00fcdar Amerikan K\u0131z Koleji\u2019nin ve buradan mezun olan Halide Edip gibi kad\u0131nlar\u0131n kurgunun merkezine yerle\u015fti\u011fi bu kitapta, Safiye Ali\u2019nin yolunun kesi\u015fti\u011fi \u00f6nemli isimler de bulunuyor. II. Abd\u00fclhamid d\u00f6nemi, Hareket Ordusu\u2019nun \u0130stanbul\u2019a y\u00fcr\u00fcy\u00fc\u015f\u00fc, \u0130ttihat ve Terakki\u2019nin g\u00fc\u00e7lenmesi, Balkan Sava\u015flar\u0131 ve ard\u0131ndan Birinci D\u00fcnya Sava\u015f\u0131 ile y\u00fckselen Kurtulu\u015f ve Cumhuriyet m\u00fccadelesinin etraf\u0131nda \u015fekillenen gen\u00e7 bir kad\u0131n\u0131n doktor olma kavgas\u0131 tarihsel arka planla veriliyor. Daha evvel onlarca kitapta imzas\u0131 bulunan eski milletvekili ve K\u00fclt\u00fcr Bakan\u0131 Suat \u00c7a\u011flayan, bu eserinde kad\u0131nlar\u0131n doktor olabilme hakk\u0131na y\u00f6nelik engelin nas\u0131l a\u015f\u0131ld\u0131\u011f\u0131n\u0131, Safiye Ali\u2019nin hayat\u0131 etraf\u0131nda aktar\u0131yor. Halide Edip Ad\u0131var\u2019dan Zaruhi Kavalc\u0131yan\u2019a, Tevfik Fikret\u2019ten Yahya Kemal\u2019e, Besim \u00d6mer\u2019den Adnan Ad\u0131var\u2019a, Amalia Frisch\u2019ten H\u00fcseyin Cahit\u2019e, \u0130smail Hakk\u0131\u2019dan R\u0131za Tevfik\u2019e kadar d\u00f6nemin \u00f6nemli karakterleri ger\u00e7ek ve kurgu i\u00e7 i\u00e7e ge\u00e7irilerek bir araya getiriliyor. D\u00f6nemin t\u00fcm \u00e7alkant\u0131lar\u0131, ilerleme kar\u015f\u0131t\u0131 gerici m\u00fcdahaleleri, istibdat ile h\u00fcrriyet aras\u0131nda gidi\u015f ve geli\u015fleri, emperyalizme kar\u015f\u0131 ba\u011f\u0131ms\u0131zl\u0131k m\u00fccadelesi, halk\u0131n ger\u00e7ek kahramanlar\u0131 ve bu kahramanlar\u0131n nas\u0131l zorluklarla kar\u015f\u0131la\u015ft\u0131klar\u0131 ak\u0131c\u0131 bir dille anlat\u0131l\u0131yor. Safiye Ali\u2019nin do\u011fumundan \u00f6l\u00fcm\u00fcne kadar aktar\u0131lan ya\u015fam\u0131; zaman\u0131n siyaseti, siyasetin toplumu nas\u0131l \u015fekillendirdi\u011fini, t\u00fcrl\u00fc yasaklar\u0131n ve engellerin nas\u0131l a\u015f\u0131ld\u0131\u011f\u0131n\u0131n da sahici bir anlat\u0131s\u0131\u2026 <\/p>\n","protected":false},"excerpt":{"rendered":"<p>\u0130lk T\u00fcrk kad\u0131n doktor Safiye Ali\u2019nin hayat\u0131 bu biyografik romanda d\u00f6neminin t\u00fcm \u00f6zellikleriyle kronolojik bi\u00e7imde anlat\u0131l\u0131yor. Gen\u00e7 bir T\u00fcrk kad\u0131n\u0131n\u0131n \u00dcsk\u00fcdar\u2019dan W\u00fcrzburg\u2019a uzanan e\u011fitim ve doktorluk<span class=\"excerpt-hellip\"> [\u2026]<\/span><\/p>\n","protected":false},"featured_media":0,"template":"","meta":{"_monsterinsights_skip_tracking":false,"_monsterinsights_sitenote_active":false,"_monsterinsights_sitenote_note":"","_monsterinsights_sitenote_category":0},"product_brand":[],"product_cat":[14009,12291],"product_tag":[],"class_list":{"0":"post-768261","1":"product","2":"type-product","3":"status-publish","5":"product_cat-biyografi-otobiyografi-edebiyat","6":"product_cat-edebiyat","7":"pa_cilt-ciltsiz","8":"pa_tur-kitap","9":"pa_yayinevi-inkilap-kitabevi","10":"pa_yazar-suat-caglayan","12":"first","13":"instock","14":"sale","15":"shipping-taxable","16":"purchasable","17":"product-type-simple"},"_links":{"self":[{"href":"https:\/\/roveyayinevi.com.tr\/index.php\/wp-json\/wp\/v2\/product\/768261","targetHints":{"allow":["GET"]}}],"collection":[{"href":"https:\/\/roveyayinevi.com.tr\/index.php\/wp-json\/wp\/v2\/product"}],"about":[{"href":"https:\/\/roveyayinevi.com.tr\/index.php\/wp-json\/wp\/v2\/types\/product"}],"wp:attachment":[{"href":"https:\/\/roveyayinevi.com.tr\/index.php\/wp-json\/wp\/v2\/media?parent=768261"}],"wp:term":[{"taxonomy":"product_brand","embeddable":true,"href":"https:\/\/roveyayinevi.com.tr\/index.php\/wp-json\/wp\/v2\/product_brand?post=768261"},{"taxonomy":"product_cat","embeddable":true,"href":"https:\/\/roveyayinevi.com.tr\/index.php\/wp-json\/wp\/v2\/product_cat?post=768261"},{"taxonomy":"product_tag","embeddable":true,"href":"https:\/\/roveyayinevi.com.tr\/index.php\/wp-json\/wp\/v2\/product_tag?post=768261"}],"curies":[{"name":"wp","href":"https:\/\/api.w.org\/{rel}","templated":true}]}}