{"id":768251,"date":"2025-08-28T13:14:21","date_gmt":"2025-08-28T10:14:21","guid":{"rendered":"https:\/\/roveyayinevi.com.tr\/index.php\/urun\/guney-firtinalari\/"},"modified":"2026-04-15T03:34:04","modified_gmt":"2026-04-15T00:34:04","slug":"guney-firtinalari","status":"publish","type":"product","link":"https:\/\/roveyayinevi.com.tr\/index.php\/urun\/guney-firtinalari\/","title":{"rendered":"G\u00fcney F\u0131rt\u0131nalar\u0131"},"content":{"rendered":"<p>Sevgisiz evlili\u011fimden kurtulmak i\u00e7in \u015fehir hayat\u0131n\u0131 geride b\u0131rakt\u0131ktan sonra, yeni bir ba\u015flang\u0131\u00e7 yapmak i\u00e7in Havenbarrow isimli k\u00fc\u00e7\u00fck bir kasabaya ta\u015f\u0131nm\u0131\u015ft\u0131m.   Burada kasaban\u0131n ayk\u0131r\u0131 adam\u0131na \u00e7ekilece\u011fimi hi\u00e7 tahmin etmezdim.   Sorunlu ve so\u011fuk biri oldu\u011fu s\u00f6yleniyordu. Ayr\u0131ca karanl\u0131k bir ge\u00e7mi\u015fi vard\u0131.   Ama insanlar Jax&#8217;in g\u00f6zlerindeki par\u0131lt\u0131lar\u0131 ve gizlice yapt\u0131\u011f\u0131 iyilikleri fark etmiyordu. Beni nas\u0131l mutlu etti\u011fini ve g\u00fcld\u00fcrd\u00fc\u011f\u00fcn\u00fc de\u2026   Jax ya\u015fad\u0131\u011f\u0131m ac\u0131lar\u0131 a\u015fmama yard\u0131m etmi\u015fti. Yaralar\u0131m kar\u015f\u0131s\u0131nda sab\u0131rl\u0131 ve anlay\u0131\u015fl\u0131 davranm\u0131\u015f, f\u0131rt\u0131nalar\u0131m s\u0131ras\u0131nda dinginli\u011fim olmu\u015ftu.   Ancak ge\u00e7mi\u015flerimiz bug\u00fcne musallat oldu\u011funda, a\u015fk hik\u00e2yelerinin her zaman umdu\u011fumuz gibi sonlanmayaca\u011f\u0131n\u0131 \u00e7abucak fark etmi\u015ftik.   Bazen geriye tek kalan \u015fey, f\u0131rt\u0131nan\u0131n verdi\u011fi hasar olurdu. <\/p>\n","protected":false},"excerpt":{"rendered":"<p>Sevgisiz evlili\u011fimden kurtulmak i\u00e7in \u015fehir hayat\u0131n\u0131 geride b\u0131rakt\u0131ktan sonra, yeni bir ba\u015flang\u0131\u00e7 yapmak i\u00e7in Havenbarrow isimli k\u00fc\u00e7\u00fck bir kasabaya ta\u015f\u0131nm\u0131\u015ft\u0131m. Burada kasaban\u0131n ayk\u0131r\u0131 adam\u0131na \u00e7ekilece\u011fimi hi\u00e7<span class=\"excerpt-hellip\"> [\u2026]<\/span><\/p>\n","protected":false},"featured_media":0,"template":"","meta":{"_monsterinsights_skip_tracking":false,"_monsterinsights_sitenote_active":false,"_monsterinsights_sitenote_note":"","_monsterinsights_sitenote_category":0},"product_brand":[],"product_cat":[12291,12711],"product_tag":[],"class_list":{"0":"post-768251","1":"product","2":"type-product","3":"status-publish","5":"product_cat-edebiyat","6":"product_cat-roman-oyku","7":"pa_cilt-ciltsiz","8":"pa_tur-kitap","9":"pa_yayinevi-marti-yayinlari","10":"pa_yazar-brittainy-cherry","12":"first","13":"instock","14":"sale","15":"shipping-taxable","16":"purchasable","17":"product-type-simple"},"_links":{"self":[{"href":"https:\/\/roveyayinevi.com.tr\/index.php\/wp-json\/wp\/v2\/product\/768251","targetHints":{"allow":["GET"]}}],"collection":[{"href":"https:\/\/roveyayinevi.com.tr\/index.php\/wp-json\/wp\/v2\/product"}],"about":[{"href":"https:\/\/roveyayinevi.com.tr\/index.php\/wp-json\/wp\/v2\/types\/product"}],"wp:attachment":[{"href":"https:\/\/roveyayinevi.com.tr\/index.php\/wp-json\/wp\/v2\/media?parent=768251"}],"wp:term":[{"taxonomy":"product_brand","embeddable":true,"href":"https:\/\/roveyayinevi.com.tr\/index.php\/wp-json\/wp\/v2\/product_brand?post=768251"},{"taxonomy":"product_cat","embeddable":true,"href":"https:\/\/roveyayinevi.com.tr\/index.php\/wp-json\/wp\/v2\/product_cat?post=768251"},{"taxonomy":"product_tag","embeddable":true,"href":"https:\/\/roveyayinevi.com.tr\/index.php\/wp-json\/wp\/v2\/product_tag?post=768251"}],"curies":[{"name":"wp","href":"https:\/\/api.w.org\/{rel}","templated":true}]}}