{"id":768242,"date":"2025-08-28T13:14:08","date_gmt":"2025-08-28T10:14:08","guid":{"rendered":"https:\/\/roveyayinevi.com.tr\/index.php\/urun\/kodex\/"},"modified":"2026-04-15T03:34:04","modified_gmt":"2026-04-15T00:34:04","slug":"kodex","status":"publish","type":"product","link":"https:\/\/roveyayinevi.com.tr\/index.php\/urun\/kodex\/","title":{"rendered":"Kodex"},"content":{"rendered":"<p>YA BA\u015eINA GELEN EN \u0130Y\u0130 \u015eEY HAFIZANI KAYBETMENSE?   Kazadan sonra teyzemin yan\u0131na ta\u015f\u0131n\u0131rken plan\u0131m \u00fcniversiteye devam etmek, ressam olmak ve ailemin an\u0131s\u0131n\u0131 onurland\u0131rmakt\u0131. Yani en az\u0131ndan her \u015fey mahvolana kadarki plan buydu. Ta ki \u2018o\u2019 gelene kadar. Ge\u00e7mi\u015fimden gelen gizemli bir yabanc\u0131 i\u015fleri kar\u0131\u015ft\u0131rana dek. \u015eimdi, her \u015fey de\u011fi\u015fti. M\u00fcthi\u015f g\u00fczel bir hayattan kopar\u0131l\u0131p zift kokan diyarlara s\u00fcr\u00fcld\u00fcm sanki.   S\u0131rlarla dolu Aram Alevhan, ger\u00e7ekleri f\u0131s\u0131ldarken kendi karanl\u0131\u011f\u0131na \u00e7ekti beni. Benim an\u0131lar\u0131m o karanl\u0131\u011f\u0131n dibinde zincirlere vurulmu\u015f, kilitli. Art\u0131k ne arkada\u015flar\u0131ma ne de teyzeme g\u00fcvenebilirim. Aynadaki aksime bile g\u00fcvenemiyorum \u00e7\u00fcnk\u00fc g\u00f6rd\u00fc\u011f\u00fcm ki\u015fiyi tan\u0131m\u0131yorum. Bu g\u00f6zler bir yabanc\u0131n\u0131n g\u00f6zleri sanki.   Ben ger\u00e7ekten sand\u0131\u011f\u0131m ki\u015fi miyim? Sahi en eski an\u0131m ne benim? Peki Aram, o benim neyim? D\u00fc\u015fman\u0131m m\u0131? Peki neden d\u00fc\u015fman oldu\u011funu hat\u0131rlam\u0131yorsam ona \u00e2\u015f\u0131k olabilir miyim?<\/p>\n","protected":false},"excerpt":{"rendered":"<p>YA BA\u015eINA GELEN EN \u0130Y\u0130 \u015eEY HAFIZANI KAYBETMENSE? Kazadan sonra teyzemin yan\u0131na ta\u015f\u0131n\u0131rken plan\u0131m \u00fcniversiteye devam etmek, ressam olmak ve ailemin an\u0131s\u0131n\u0131 onurland\u0131rmakt\u0131. Yani en az\u0131ndan<span class=\"excerpt-hellip\"> [\u2026]<\/span><\/p>\n","protected":false},"featured_media":0,"template":"","meta":{"_monsterinsights_skip_tracking":false,"_monsterinsights_sitenote_active":false,"_monsterinsights_sitenote_note":"","_monsterinsights_sitenote_category":0},"product_brand":[],"product_cat":[12291,12711],"product_tag":[],"class_list":{"0":"post-768242","1":"product","2":"type-product","3":"status-publish","5":"product_cat-edebiyat","6":"product_cat-roman-oyku","7":"pa_cilt-ciltsiz","8":"pa_tur-kitap","9":"pa_yayinevi-epsilon-yayinlari","10":"pa_yazar-r-gaye-onel","12":"first","13":"instock","14":"sale","15":"shipping-taxable","16":"purchasable","17":"product-type-simple"},"_links":{"self":[{"href":"https:\/\/roveyayinevi.com.tr\/index.php\/wp-json\/wp\/v2\/product\/768242","targetHints":{"allow":["GET"]}}],"collection":[{"href":"https:\/\/roveyayinevi.com.tr\/index.php\/wp-json\/wp\/v2\/product"}],"about":[{"href":"https:\/\/roveyayinevi.com.tr\/index.php\/wp-json\/wp\/v2\/types\/product"}],"wp:attachment":[{"href":"https:\/\/roveyayinevi.com.tr\/index.php\/wp-json\/wp\/v2\/media?parent=768242"}],"wp:term":[{"taxonomy":"product_brand","embeddable":true,"href":"https:\/\/roveyayinevi.com.tr\/index.php\/wp-json\/wp\/v2\/product_brand?post=768242"},{"taxonomy":"product_cat","embeddable":true,"href":"https:\/\/roveyayinevi.com.tr\/index.php\/wp-json\/wp\/v2\/product_cat?post=768242"},{"taxonomy":"product_tag","embeddable":true,"href":"https:\/\/roveyayinevi.com.tr\/index.php\/wp-json\/wp\/v2\/product_tag?post=768242"}],"curies":[{"name":"wp","href":"https:\/\/api.w.org\/{rel}","templated":true}]}}