{"id":768230,"date":"2025-08-28T13:13:43","date_gmt":"2025-08-28T10:13:43","guid":{"rendered":"https:\/\/roveyayinevi.com.tr\/index.php\/urun\/80-gunde-devr-i-alem\/"},"modified":"2026-04-15T03:34:03","modified_gmt":"2026-04-15T00:34:03","slug":"80-gunde-devr-i-alem","status":"publish","type":"product","link":"https:\/\/roveyayinevi.com.tr\/index.php\/urun\/80-gunde-devr-i-alem\/","title":{"rendered":"80 G\u00fcnde Devr-i Alem"},"content":{"rendered":"<p>80 G\u00fcnde Devr-i \u00c2lem, Jules Verne\u2019nin d\u00fcnya edebiyat\u0131na kazand\u0131rd\u0131\u011f\u0131 en \u00f6nemli eserlerinden biridir. Bu eserde Verne seyahat etti\u011fi \u00fclkelerin geleneklerini ve g\u00fczelliklerini de sergilemeyi es ge\u00e7miyor.<\/p>\n","protected":false},"excerpt":{"rendered":"<p>80 G\u00fcnde Devr-i \u00c2lem, Jules Verne\u2019nin d\u00fcnya edebiyat\u0131na kazand\u0131rd\u0131\u011f\u0131 en \u00f6nemli eserlerinden biridir. Bu eserde Verne seyahat etti\u011fi \u00fclkelerin geleneklerini ve g\u00fczelliklerini de sergilemeyi es ge\u00e7miyor.<\/p>\n","protected":false},"featured_media":0,"template":"","meta":{"_monsterinsights_skip_tracking":false,"_monsterinsights_sitenote_active":false,"_monsterinsights_sitenote_note":"","_monsterinsights_sitenote_category":0},"product_brand":[],"product_cat":[12274,12467],"product_tag":[],"class_list":{"0":"post-768230","1":"product","2":"type-product","3":"status-publish","5":"product_cat-cocuk-ve-genclik-kitaplari","6":"product_cat-dunya-klasikleri","7":"pa_cilt-ciltsiz","8":"pa_tur-kitap","9":"pa_yayinevi-tulu-kitap","10":"pa_yazar-jules-verne","12":"first","13":"instock","14":"sale","15":"shipping-taxable","16":"purchasable","17":"product-type-simple"},"_links":{"self":[{"href":"https:\/\/roveyayinevi.com.tr\/index.php\/wp-json\/wp\/v2\/product\/768230","targetHints":{"allow":["GET"]}}],"collection":[{"href":"https:\/\/roveyayinevi.com.tr\/index.php\/wp-json\/wp\/v2\/product"}],"about":[{"href":"https:\/\/roveyayinevi.com.tr\/index.php\/wp-json\/wp\/v2\/types\/product"}],"wp:attachment":[{"href":"https:\/\/roveyayinevi.com.tr\/index.php\/wp-json\/wp\/v2\/media?parent=768230"}],"wp:term":[{"taxonomy":"product_brand","embeddable":true,"href":"https:\/\/roveyayinevi.com.tr\/index.php\/wp-json\/wp\/v2\/product_brand?post=768230"},{"taxonomy":"product_cat","embeddable":true,"href":"https:\/\/roveyayinevi.com.tr\/index.php\/wp-json\/wp\/v2\/product_cat?post=768230"},{"taxonomy":"product_tag","embeddable":true,"href":"https:\/\/roveyayinevi.com.tr\/index.php\/wp-json\/wp\/v2\/product_tag?post=768230"}],"curies":[{"name":"wp","href":"https:\/\/api.w.org\/{rel}","templated":true}]}}