{"id":768195,"date":"2025-08-28T13:12:24","date_gmt":"2025-08-28T10:12:24","guid":{"rendered":"https:\/\/roveyayinevi.com.tr\/index.php\/urun\/gokten-dusen-sofra\/"},"modified":"2026-04-15T03:34:02","modified_gmt":"2026-04-15T00:34:02","slug":"gokten-dusen-sofra","status":"publish","type":"product","link":"https:\/\/roveyayinevi.com.tr\/index.php\/urun\/gokten-dusen-sofra\/","title":{"rendered":"G\u00f6kten D\u00fc\u015fen Sofra"},"content":{"rendered":"<p>G\u00f6kten inen ya\u011fmura, havada s\u00fcz\u00fclen ku\u015flara, oradan oraya savrulan yapraklara al\u0131\u015f\u0131\u011f\u0131z peki ya bir sofraya? G\u00f6kten d\u00fc\u015fen sofra; tela\u015fl\u0131, yorgun, aceleci \u015fehir halk\u0131na bir hat\u0131rlatma olabilir mi? \u0130nsanlar\u0131 durmaya, payla\u015fmaya, konu\u015fmaya ve tebess\u00fcm etmeye davet eden bir sofra var bu kitapta, \u00fcstelik g\u00f6klerden, bulutlar\u0131n aras\u0131ndan iniyor bu sofra. B\u00fcy\u00fcyen, k\u00fc\u00e7\u00fclen, ele avuca s\u0131\u011fmayan \u015fakac\u0131 sofra okurlar\u0131n\u0131 merakla bekliyor. Sen de bir yemek ismi s\u00f6yle, f\u0131rlats\u0131n onu g\u00f6\u011fe&#8230; <\/p>\n","protected":false},"excerpt":{"rendered":"<p>G\u00f6kten inen ya\u011fmura, havada s\u00fcz\u00fclen ku\u015flara, oradan oraya savrulan yapraklara al\u0131\u015f\u0131\u011f\u0131z peki ya bir sofraya? G\u00f6kten d\u00fc\u015fen sofra; tela\u015fl\u0131, yorgun, aceleci \u015fehir halk\u0131na bir hat\u0131rlatma olabilir<span class=\"excerpt-hellip\"> [\u2026]<\/span><\/p>\n","protected":false},"featured_media":0,"template":"","meta":{"_monsterinsights_skip_tracking":false,"_monsterinsights_sitenote_active":false,"_monsterinsights_sitenote_note":"","_monsterinsights_sitenote_category":0},"product_brand":[],"product_cat":[12274,12284],"product_tag":[],"class_list":{"0":"post-768195","1":"product","2":"type-product","3":"status-publish","5":"product_cat-cocuk-ve-genclik-kitaplari","6":"product_cat-hikayeler","7":"pa_cilt-ciltsiz","8":"pa_tur-kitap","9":"pa_yayinevi-tulu-kitap","10":"pa_yazar-gokten-dusen-sofra","12":"first","13":"instock","14":"sale","15":"shipping-taxable","16":"purchasable","17":"product-type-simple"},"_links":{"self":[{"href":"https:\/\/roveyayinevi.com.tr\/index.php\/wp-json\/wp\/v2\/product\/768195","targetHints":{"allow":["GET"]}}],"collection":[{"href":"https:\/\/roveyayinevi.com.tr\/index.php\/wp-json\/wp\/v2\/product"}],"about":[{"href":"https:\/\/roveyayinevi.com.tr\/index.php\/wp-json\/wp\/v2\/types\/product"}],"wp:attachment":[{"href":"https:\/\/roveyayinevi.com.tr\/index.php\/wp-json\/wp\/v2\/media?parent=768195"}],"wp:term":[{"taxonomy":"product_brand","embeddable":true,"href":"https:\/\/roveyayinevi.com.tr\/index.php\/wp-json\/wp\/v2\/product_brand?post=768195"},{"taxonomy":"product_cat","embeddable":true,"href":"https:\/\/roveyayinevi.com.tr\/index.php\/wp-json\/wp\/v2\/product_cat?post=768195"},{"taxonomy":"product_tag","embeddable":true,"href":"https:\/\/roveyayinevi.com.tr\/index.php\/wp-json\/wp\/v2\/product_tag?post=768195"}],"curies":[{"name":"wp","href":"https:\/\/api.w.org\/{rel}","templated":true}]}}