{"id":768192,"date":"2025-08-28T13:12:18","date_gmt":"2025-08-28T10:12:18","guid":{"rendered":"https:\/\/roveyayinevi.com.tr\/index.php\/urun\/ejderha-evecen-ve-ufleme-dersleri\/"},"modified":"2026-04-15T03:34:02","modified_gmt":"2026-04-15T00:34:02","slug":"ejderha-evecen-ve-ufleme-dersleri","status":"publish","type":"product","link":"https:\/\/roveyayinevi.com.tr\/index.php\/urun\/ejderha-evecen-ve-ufleme-dersleri\/","title":{"rendered":"Ejderha Evecen  ve \u00dcfleme dersleri"},"content":{"rendered":"<p>Yumurtalar\u0131n\u0131 g\u00f6z\u00fc gibi koruyan bir anne&#8230; Yavrular\u0131n\u0131 g\u00f6rmek i\u00e7in sab\u0131rs\u0131zlanan bir baba&#8230; Vee erkenden yumurtas\u0131n\u0131 \u00e7atlatan sevimli Evecen&#8230; Aceleci Evecen de di\u011fer ejderhalar gibi ate\u015f p\u00fcsk\u00fcrtebilecek mi? Pes etmeden \u00e7al\u0131\u015fmak ve kendine inanmak \u00fczerine sevimli bir \u00f6yk\u00fc. <\/p>\n","protected":false},"excerpt":{"rendered":"<p>Yumurtalar\u0131n\u0131 g\u00f6z\u00fc gibi koruyan bir anne&#8230; Yavrular\u0131n\u0131 g\u00f6rmek i\u00e7in sab\u0131rs\u0131zlanan bir baba&#8230; Vee erkenden yumurtas\u0131n\u0131 \u00e7atlatan sevimli Evecen&#8230; Aceleci Evecen de di\u011fer ejderhalar gibi ate\u015f p\u00fcsk\u00fcrtebilecek<span class=\"excerpt-hellip\"> [\u2026]<\/span><\/p>\n","protected":false},"featured_media":0,"template":"","meta":{"_monsterinsights_skip_tracking":false,"_monsterinsights_sitenote_active":false,"_monsterinsights_sitenote_note":"","_monsterinsights_sitenote_category":0},"product_brand":[],"product_cat":[12274,12284],"product_tag":[],"class_list":{"0":"post-768192","1":"product","2":"type-product","3":"status-publish","5":"product_cat-cocuk-ve-genclik-kitaplari","6":"product_cat-hikayeler","7":"pa_cilt-ciltsiz","8":"pa_tur-kitap","9":"pa_yayinevi-tulu-kitap","10":"pa_yazar-aysegul-sozen-dag","12":"first","13":"instock","14":"sale","15":"shipping-taxable","16":"purchasable","17":"product-type-simple"},"_links":{"self":[{"href":"https:\/\/roveyayinevi.com.tr\/index.php\/wp-json\/wp\/v2\/product\/768192","targetHints":{"allow":["GET"]}}],"collection":[{"href":"https:\/\/roveyayinevi.com.tr\/index.php\/wp-json\/wp\/v2\/product"}],"about":[{"href":"https:\/\/roveyayinevi.com.tr\/index.php\/wp-json\/wp\/v2\/types\/product"}],"wp:attachment":[{"href":"https:\/\/roveyayinevi.com.tr\/index.php\/wp-json\/wp\/v2\/media?parent=768192"}],"wp:term":[{"taxonomy":"product_brand","embeddable":true,"href":"https:\/\/roveyayinevi.com.tr\/index.php\/wp-json\/wp\/v2\/product_brand?post=768192"},{"taxonomy":"product_cat","embeddable":true,"href":"https:\/\/roveyayinevi.com.tr\/index.php\/wp-json\/wp\/v2\/product_cat?post=768192"},{"taxonomy":"product_tag","embeddable":true,"href":"https:\/\/roveyayinevi.com.tr\/index.php\/wp-json\/wp\/v2\/product_tag?post=768192"}],"curies":[{"name":"wp","href":"https:\/\/api.w.org\/{rel}","templated":true}]}}