{"id":768186,"date":"2025-08-28T13:12:06","date_gmt":"2025-08-28T10:12:06","guid":{"rendered":"https:\/\/roveyayinevi.com.tr\/index.php\/urun\/beyaz-dis-27\/"},"modified":"2026-04-15T03:34:02","modified_gmt":"2026-04-15T00:34:02","slug":"beyaz-dis-27","status":"publish","type":"product","link":"https:\/\/roveyayinevi.com.tr\/index.php\/urun\/beyaz-dis-27\/","title":{"rendered":"Beyaz Di\u015f"},"content":{"rendered":"<p>Beyaz di\u015f. G\u00f6r\u00fcnt\u00fcs\u00fcn\u00fc babas\u0131ndan d\u00fcrt\u00fclerini annesinden alan, Damarlar\u0131nda hem kurt hem de k\u00f6pek kan\u0131 ta\u015f\u0131yan bir kurt k\u0131r\u0131lmas\u0131d\u0131r. Bu vah\u015fi do\u011fas\u0131nda. Korunakl\u0131 ma\u011faras\u0131nda ya\u015farken bir g\u00fcn yolunun insana rastlamak as\u0131yla hayat\u0131 de\u011fi\u015fecek ve uzun y\u0131llar boyunca birbirinden tehlikeli ve zor maceralara at\u0131lacakt\u0131r.Sayfalar\u0131 \u00e7evirdik\u00e7e vah\u015fi bir kurdun zamanla evcille\u015f\u00e7mesine, ko\u015fullar de\u011fi\u015ftik\u00e7e insanlar gibi hayvanlar\u0131n da nas\u0131l de\u011fi\u015fti\u011fine tan\u0131kl\u0131k edeceksiniz. <\/p>\n","protected":false},"excerpt":{"rendered":"<p>Beyaz di\u015f. G\u00f6r\u00fcnt\u00fcs\u00fcn\u00fc babas\u0131ndan d\u00fcrt\u00fclerini annesinden alan, Damarlar\u0131nda hem kurt hem de k\u00f6pek kan\u0131 ta\u015f\u0131yan bir kurt k\u0131r\u0131lmas\u0131d\u0131r. Bu vah\u015fi do\u011fas\u0131nda. Korunakl\u0131 ma\u011faras\u0131nda ya\u015farken bir g\u00fcn<span class=\"excerpt-hellip\"> [\u2026]<\/span><\/p>\n","protected":false},"featured_media":0,"template":"","meta":{"_monsterinsights_skip_tracking":false,"_monsterinsights_sitenote_active":false,"_monsterinsights_sitenote_note":"","_monsterinsights_sitenote_category":0},"product_brand":[],"product_cat":[12274,12284],"product_tag":[],"class_list":{"0":"post-768186","1":"product","2":"type-product","3":"status-publish","5":"product_cat-cocuk-ve-genclik-kitaplari","6":"product_cat-hikayeler","7":"pa_cilt-ciltsiz","8":"pa_tur-kitap","9":"pa_yayinevi-tulu-kitap","10":"pa_yazar-jack-london","12":"first","13":"instock","14":"sale","15":"shipping-taxable","16":"purchasable","17":"product-type-simple"},"_links":{"self":[{"href":"https:\/\/roveyayinevi.com.tr\/index.php\/wp-json\/wp\/v2\/product\/768186","targetHints":{"allow":["GET"]}}],"collection":[{"href":"https:\/\/roveyayinevi.com.tr\/index.php\/wp-json\/wp\/v2\/product"}],"about":[{"href":"https:\/\/roveyayinevi.com.tr\/index.php\/wp-json\/wp\/v2\/types\/product"}],"wp:attachment":[{"href":"https:\/\/roveyayinevi.com.tr\/index.php\/wp-json\/wp\/v2\/media?parent=768186"}],"wp:term":[{"taxonomy":"product_brand","embeddable":true,"href":"https:\/\/roveyayinevi.com.tr\/index.php\/wp-json\/wp\/v2\/product_brand?post=768186"},{"taxonomy":"product_cat","embeddable":true,"href":"https:\/\/roveyayinevi.com.tr\/index.php\/wp-json\/wp\/v2\/product_cat?post=768186"},{"taxonomy":"product_tag","embeddable":true,"href":"https:\/\/roveyayinevi.com.tr\/index.php\/wp-json\/wp\/v2\/product_tag?post=768186"}],"curies":[{"name":"wp","href":"https:\/\/api.w.org\/{rel}","templated":true}]}}