{"id":768185,"date":"2025-08-28T13:12:04","date_gmt":"2025-08-28T10:12:04","guid":{"rendered":"https:\/\/roveyayinevi.com.tr\/index.php\/urun\/balik-ruyalari\/"},"modified":"2026-04-15T03:34:02","modified_gmt":"2026-04-15T00:34:02","slug":"balik-ruyalari","status":"publish","type":"product","link":"https:\/\/roveyayinevi.com.tr\/index.php\/urun\/balik-ruyalari\/","title":{"rendered":"Bal\u0131k R\u00fcyalar\u0131"},"content":{"rendered":"<p>R\u00fcya gibi \u015fiirler! Fakat ger\u00e7e\u011fin ta kendisi dertlerden hareketle kaleme al\u0131nm\u0131\u015f. \u00c7ocuklara yeni bir renk katacak, duyu\u015f ve hayallerinde yeni tatlar b\u0131rakacak Bal\u0131k R\u00fcyalar\u0131 kitab\u0131. Ay\u015fe Alt\u0131nta\u015f\u2019\u0131n \u00e7ok sevilen kalemi \u015fimdi \u00e7ocuklar\u0131n d\u00fcnyas\u0131nda! <\/p>\n","protected":false},"excerpt":{"rendered":"<p>R\u00fcya gibi \u015fiirler! Fakat ger\u00e7e\u011fin ta kendisi dertlerden hareketle kaleme al\u0131nm\u0131\u015f. \u00c7ocuklara yeni bir renk katacak, duyu\u015f ve hayallerinde yeni tatlar b\u0131rakacak Bal\u0131k R\u00fcyalar\u0131 kitab\u0131. Ay\u015fe<span class=\"excerpt-hellip\"> [\u2026]<\/span><\/p>\n","protected":false},"featured_media":0,"template":"","meta":{"_monsterinsights_skip_tracking":false,"_monsterinsights_sitenote_active":false,"_monsterinsights_sitenote_note":"","_monsterinsights_sitenote_category":0},"product_brand":[],"product_cat":[12274,12284],"product_tag":[],"class_list":{"0":"post-768185","1":"product","2":"type-product","3":"status-publish","5":"product_cat-cocuk-ve-genclik-kitaplari","6":"product_cat-hikayeler","7":"pa_cilt-ciltsiz","8":"pa_tur-kitap","9":"pa_yayinevi-tulu-kitap","10":"pa_yazar-ayse-altintas","12":"first","13":"instock","14":"sale","15":"shipping-taxable","16":"purchasable","17":"product-type-simple"},"_links":{"self":[{"href":"https:\/\/roveyayinevi.com.tr\/index.php\/wp-json\/wp\/v2\/product\/768185","targetHints":{"allow":["GET"]}}],"collection":[{"href":"https:\/\/roveyayinevi.com.tr\/index.php\/wp-json\/wp\/v2\/product"}],"about":[{"href":"https:\/\/roveyayinevi.com.tr\/index.php\/wp-json\/wp\/v2\/types\/product"}],"wp:attachment":[{"href":"https:\/\/roveyayinevi.com.tr\/index.php\/wp-json\/wp\/v2\/media?parent=768185"}],"wp:term":[{"taxonomy":"product_brand","embeddable":true,"href":"https:\/\/roveyayinevi.com.tr\/index.php\/wp-json\/wp\/v2\/product_brand?post=768185"},{"taxonomy":"product_cat","embeddable":true,"href":"https:\/\/roveyayinevi.com.tr\/index.php\/wp-json\/wp\/v2\/product_cat?post=768185"},{"taxonomy":"product_tag","embeddable":true,"href":"https:\/\/roveyayinevi.com.tr\/index.php\/wp-json\/wp\/v2\/product_tag?post=768185"}],"curies":[{"name":"wp","href":"https:\/\/api.w.org\/{rel}","templated":true}]}}