{"id":768173,"date":"2025-08-28T13:11:38","date_gmt":"2025-08-28T10:11:38","guid":{"rendered":"https:\/\/roveyayinevi.com.tr\/index.php\/urun\/mucit-fil-ile-eglenceli-deneyler\/"},"modified":"2026-04-15T03:34:02","modified_gmt":"2026-04-15T00:34:02","slug":"mucit-fil-ile-eglenceli-deneyler","status":"publish","type":"product","link":"https:\/\/roveyayinevi.com.tr\/index.php\/urun\/mucit-fil-ile-eglenceli-deneyler\/","title":{"rendered":"Mucit Fil \u0130le E\u011flenceli Deneyler"},"content":{"rendered":"<p>Ya\u011fmur nas\u0131l olu\u015fur? Yumurta batar m\u0131? Gece-g\u00fcnd\u00fcz nas\u0131l ger\u00e7ekle\u015fir? Mucit Fil \u00e7ok merak ediyor, birlikte deneyler yapmak istiyor! Mucit Fil ile E\u011flenceli Deneyler; \u00e7ocuklar\u0131n, duyular\u0131n\u0131 kullanarak g\u00f6zlem yapma, tahminde bulunma, tahminlerini ara\u015ft\u0131rma ya da test etme \u00e7al\u0131\u015fmalar\u0131n\u0131 yapmas\u0131 i\u00e7in haz\u0131rland\u0131. \u00c7ocuklar\u0131n bu kitapla temel ya\u015fam becerileriyle tan\u0131\u015farak bu becerileri edinmesi hedeflendi. Bilimsel ve ba\u011f\u0131ms\u0131z d\u00fc\u015f\u00fcnme becerilerini geli\u015ftirerek \u00e7evrelerindeki olaylara kar\u015f\u0131 duyarl\u0131l\u0131k kazanmas\u0131 ama\u00e7land\u0131. \u00c7ocuklar\u0131n g\u00f6zlem ve deney yeteneklerini geli\u015ftirme, \u00e7e\u015fitli problem durumlar\u0131na kar\u015f\u0131 \u00e7\u00f6z\u00fcm \u00fcretebilme becerilerine katk\u0131 sa\u011flamak i\u00e7in haz\u0131rlanan bu kitapla deneyler \u00e7ok e\u011flenceli!<\/p>\n","protected":false},"excerpt":{"rendered":"<p>Ya\u011fmur nas\u0131l olu\u015fur? Yumurta batar m\u0131? Gece-g\u00fcnd\u00fcz nas\u0131l ger\u00e7ekle\u015fir? Mucit Fil \u00e7ok merak ediyor, birlikte deneyler yapmak istiyor! Mucit Fil ile E\u011flenceli Deneyler; \u00e7ocuklar\u0131n, duyular\u0131n\u0131 kullanarak<span class=\"excerpt-hellip\"> [\u2026]<\/span><\/p>\n","protected":false},"featured_media":0,"template":"","meta":{"_monsterinsights_skip_tracking":false,"_monsterinsights_sitenote_active":false,"_monsterinsights_sitenote_note":"","_monsterinsights_sitenote_category":0},"product_brand":[],"product_cat":[13829,12274],"product_tag":[],"class_list":{"0":"post-768173","1":"product","2":"type-product","3":"status-publish","5":"product_cat-bilimsel-kitaplar","6":"product_cat-cocuk-ve-genclik-kitaplari","7":"pa_cilt-ciltsiz","8":"pa_tur-kitap","9":"pa_yayinevi-is-bankasi-kultur-yayinlari","10":"pa_yazar-bahar-karaca","12":"first","13":"instock","14":"sale","15":"shipping-taxable","16":"purchasable","17":"product-type-simple"},"_links":{"self":[{"href":"https:\/\/roveyayinevi.com.tr\/index.php\/wp-json\/wp\/v2\/product\/768173","targetHints":{"allow":["GET"]}}],"collection":[{"href":"https:\/\/roveyayinevi.com.tr\/index.php\/wp-json\/wp\/v2\/product"}],"about":[{"href":"https:\/\/roveyayinevi.com.tr\/index.php\/wp-json\/wp\/v2\/types\/product"}],"wp:attachment":[{"href":"https:\/\/roveyayinevi.com.tr\/index.php\/wp-json\/wp\/v2\/media?parent=768173"}],"wp:term":[{"taxonomy":"product_brand","embeddable":true,"href":"https:\/\/roveyayinevi.com.tr\/index.php\/wp-json\/wp\/v2\/product_brand?post=768173"},{"taxonomy":"product_cat","embeddable":true,"href":"https:\/\/roveyayinevi.com.tr\/index.php\/wp-json\/wp\/v2\/product_cat?post=768173"},{"taxonomy":"product_tag","embeddable":true,"href":"https:\/\/roveyayinevi.com.tr\/index.php\/wp-json\/wp\/v2\/product_tag?post=768173"}],"curies":[{"name":"wp","href":"https:\/\/api.w.org\/{rel}","templated":true}]}}