{"id":768164,"date":"2025-08-28T13:11:19","date_gmt":"2025-08-28T10:11:19","guid":{"rendered":"https:\/\/roveyayinevi.com.tr\/index.php\/urun\/marco-polo\/"},"modified":"2026-04-15T03:34:02","modified_gmt":"2026-04-15T00:34:02","slug":"marco-polo","status":"publish","type":"product","link":"https:\/\/roveyayinevi.com.tr\/index.php\/urun\/marco-polo\/","title":{"rendered":"Marco Polo"},"content":{"rendered":"<p>Venedikli Marco Polo (1254-1324), t\u00fcccar babas\u0131 ve amcas\u0131yla birlikte \u0130ran\u2019dan T\u00fcrkmenistan\u2019a, Afganistan\u2019dan \u00c7in\u2019e kadar t\u00fcm Asya k\u0131tas\u0131na h\u00fckmeden Mo\u011fol h\u00fck\u00fcmdar\u0131 Kubilay Han\u2019\u0131n huzuruna \u00e7\u0131kt\u0131\u011f\u0131nda hen\u00fcz gencecik bir delikanl\u0131yd\u0131. Yan\u0131na gelene kadar ge\u00e7ti\u011fi yerlerde kimsenin g\u00f6remedi\u011fini g\u00f6r\u00fcp kimsenin anlatamad\u0131\u011f\u0131 gibi anlatan bu gen\u00e7ten ho\u015flanan Ulu Ka\u011fan, devletinin vergilerini tahsil etmekle ve imparatorlu\u011funu gezip izlenimlerini anlatmakla g\u00f6revlendirerek onu y\u0131llarca yan\u0131nda tuttu. Bak\u0131\u015f a\u00e7\u0131s\u0131 s\u0131n\u0131rl\u0131 bir yeniyetme olarak yola \u00e7\u0131kan Marco Polo, gezdi\u011fi yerlerde t\u00fcrl\u00fc t\u00fcrl\u00fc co\u011frafya ve iklimlerle, \u00e7e\u015fit \u00e7e\u015fit kavim ve dillerle, \u00e7o\u011fu kendisine tuhaf gelen farkl\u0131 iman ve ibadetlerle, garipsedi\u011fi gelenek ve g\u00f6reneklerle kar\u015f\u0131la\u015ft\u0131. D\u00fcnyan\u0131n en geli\u015fkin toplumunu yaratan incelikli \u00c7inlilerle; ba\u015flar\u0131n\u0131n \u00fcst\u00fcndeki mavi g\u00f6ky\u00fcz\u00fcne, ayaklar\u0131n\u0131n alt\u0131ndaki kara topra\u011fa tapan iyimser ve sava\u015f\u00e7\u0131 Mo\u011follarla tan\u0131\u015ft\u0131k\u00e7a; en \u00e7ok da t\u00fcm dinlerin, dillerin ve hayat tarzlar\u0131n\u0131n egemeni olarak hepsini ho\u015f tutmaya \u00e7al\u0131\u015fan, y\u00f6netiminde hepsine g\u00f6rev veren Kubilay Han\u2019la te\u015frikimesai ettik\u00e7e olgunla\u015ft\u0131, zenginle\u015fti. Olgun ve zengin bir adam olarak yirmi d\u00f6rt y\u0131l sonra memleketine d\u00f6nd\u00fc\u011f\u00fcnde kar\u015f\u0131la\u015ft\u0131\u011f\u0131 macera romanlar\u0131 yazar\u0131 Pisal\u0131 Rustichello\u2019ya ya\u015fad\u0131klar\u0131n\u0131 ve g\u00f6rd\u00fcklerini anlatt\u0131. Kar\u015f\u0131s\u0131ndaki malzemenin b\u00fcy\u00fckl\u00fc\u011f\u00fcn\u00fc hemen kavrayan Rustichello, Marco Polo\u2019nun anlatt\u0131klar\u0131n\u0131 kaleme ald\u0131. Ortaya \u00e7\u0131kan kitap, orta\u00e7a\u011f\u0131n son demlerini s\u00fcren Avrupal\u0131lar i\u00e7in o kadar inan\u0131lmazd\u0131 ki uydurma say\u0131ld\u0131, g\u00f6rmezden gelindi. Ancak tarih, eninde sonunda onu hat\u0131rlayacak ve Marco Polo, y\u00fczy\u0131llar i\u00e7inde Bat\u0131l\u0131lar\u0131n Asya ve \u00c7in\u2019le ilgili yarg\u0131lar\u0131n\u0131n de\u011fi\u015fmesine en b\u00fcy\u00fck katk\u0131y\u0131 yapacakt\u0131. Nitekim modern \u00e7a\u011fda yap\u0131lan bilimsel ara\u015ft\u0131rmalar, kitab\u0131n uydurma olmad\u0131\u011f\u0131n\u0131 kan\u0131tlad\u0131. Hayat dolu bu macerac\u0131n\u0131n, d\u00fcnyan\u0131n harikalar\u0131n\u0131 hik\u00e2ye edi\u015findeki co\u015fkuya ve ayr\u0131nt\u0131 zenginli\u011fine denk d\u00fc\u015fen bir k\u0131vrakl\u0131kla yazan ABD\u2019li tan\u0131nm\u0131\u015f yazar Laurence Bergreen, elinizdeki biyografide Marco Polo\u2019nun ve kitab\u0131n\u0131n serencam\u0131n\u0131 hakk\u0131yla anlat\u0131yor.<\/p>\n","protected":false},"excerpt":{"rendered":"<p>Venedikli Marco Polo (1254-1324), t\u00fcccar babas\u0131 ve amcas\u0131yla birlikte \u0130ran\u2019dan T\u00fcrkmenistan\u2019a, Afganistan\u2019dan \u00c7in\u2019e kadar t\u00fcm Asya k\u0131tas\u0131na h\u00fckmeden Mo\u011fol h\u00fck\u00fcmdar\u0131 Kubilay Han\u2019\u0131n huzuruna \u00e7\u0131kt\u0131\u011f\u0131nda hen\u00fcz gencecik<span class=\"excerpt-hellip\"> [\u2026]<\/span><\/p>\n","protected":false},"featured_media":0,"template":"","meta":{"_monsterinsights_skip_tracking":false,"_monsterinsights_sitenote_active":false,"_monsterinsights_sitenote_note":"","_monsterinsights_sitenote_category":0},"product_brand":[],"product_cat":[13701,12291],"product_tag":[],"class_list":{"0":"post-768164","1":"product","2":"type-product","3":"status-publish","5":"product_cat-ani-mektup-gunluk","6":"product_cat-edebiyat","7":"pa_cilt-ciltsiz","8":"pa_tur-kitap","9":"pa_yayinevi-is-bankasi-kultur-yayinlari","10":"pa_yazar-laurence-bergreen","12":"first","13":"instock","14":"sale","15":"shipping-taxable","16":"purchasable","17":"product-type-simple"},"_links":{"self":[{"href":"https:\/\/roveyayinevi.com.tr\/index.php\/wp-json\/wp\/v2\/product\/768164","targetHints":{"allow":["GET"]}}],"collection":[{"href":"https:\/\/roveyayinevi.com.tr\/index.php\/wp-json\/wp\/v2\/product"}],"about":[{"href":"https:\/\/roveyayinevi.com.tr\/index.php\/wp-json\/wp\/v2\/types\/product"}],"wp:attachment":[{"href":"https:\/\/roveyayinevi.com.tr\/index.php\/wp-json\/wp\/v2\/media?parent=768164"}],"wp:term":[{"taxonomy":"product_brand","embeddable":true,"href":"https:\/\/roveyayinevi.com.tr\/index.php\/wp-json\/wp\/v2\/product_brand?post=768164"},{"taxonomy":"product_cat","embeddable":true,"href":"https:\/\/roveyayinevi.com.tr\/index.php\/wp-json\/wp\/v2\/product_cat?post=768164"},{"taxonomy":"product_tag","embeddable":true,"href":"https:\/\/roveyayinevi.com.tr\/index.php\/wp-json\/wp\/v2\/product_tag?post=768164"}],"curies":[{"name":"wp","href":"https:\/\/api.w.org\/{rel}","templated":true}]}}