{"id":768162,"date":"2025-08-28T13:11:16","date_gmt":"2025-08-28T10:11:16","guid":{"rendered":"https:\/\/roveyayinevi.com.tr\/index.php\/urun\/efendi-kaptan-kurtar-bizi-mesudiye-zirhlisinin-kirk-yili\/"},"modified":"2026-04-15T03:34:02","modified_gmt":"2026-04-15T00:34:02","slug":"efendi-kaptan-kurtar-bizi-mesudiye-zirhlisinin-kirk-yili","status":"publish","type":"product","link":"https:\/\/roveyayinevi.com.tr\/index.php\/urun\/efendi-kaptan-kurtar-bizi-mesudiye-zirhlisinin-kirk-yili\/","title":{"rendered":"Efendi Kaptan Kurtar Bizi! Mesudiye Z\u0131rhl\u0131s\u0131n\u0131n K\u0131rk Y\u0131l\u0131"},"content":{"rendered":"<p>\u201c13 Aral\u0131k 1914. Mesudiye z\u0131rhl\u0131s\u0131 \u00c7anakkale Bo\u011faz\u0131\u2019nda demirli. Karakol g\u00f6revi yap\u0131yoruz. Beklemekten s\u0131k\u0131lm\u0131\u015f durumda, g\u00fcvertedeyiz. Karadenizli bir grup asker, kemen\u00e7e \u00e7al\u0131p horon tepiyor. Birden, suyu yara yara bize do\u011fru gelen bir cisim g\u00f6rd\u00fcm. \u2018Torpil geliyor kumandan\u0131m\u2019 diye \u00f6yle bir ba\u011f\u0131rd\u0131m ki an\u0131nda kemen\u00e7eler sustu. \u2018Top ba\u015f\u0131na, top ba\u015f\u0131na\u2019 diye ba\u011f\u0131ran kumandan\u0131n sesini duydum. Gemi m\u00fcthi\u015f bir patlama ve g\u00fcr\u00fclt\u00fcyle sars\u0131ld\u0131. Herkes ba\u011f\u0131r\u0131yor, emirler ya\u011fd\u0131r\u0131yor, tam bir panik ya\u015fan\u0131yordu. Biri \u2018Gemi bat\u0131yor, herkes can\u0131n\u0131 kurtars\u0131n\u2019 diye ba\u011f\u0131rd\u0131. \u00c7o\u011fu ki\u015fi kendini denize att\u0131 ama ben dahil bir\u00e7ok asker y\u00fczme bilmiyor. Lombozdan bakt\u0131m, denizin \u00fcst\u00fc k\u0131pk\u0131rm\u0131z\u0131 silme fes, su g\u00f6r\u00fcnm\u00fcyor adeta!\u201d Mesudiye z\u0131rhl\u0131s\u0131 \u0130ngiliz tersanelerinde in\u015fa edilerek 1874 y\u0131l\u0131nda Osmanl\u0131 donanmas\u0131na kat\u0131ld\u0131. 1914 y\u0131l\u0131nda yine bir \u0130ngiliz denizalt\u0131s\u0131 taraf\u0131ndan bat\u0131r\u0131l\u0131ncaya dek ge\u00e7en k\u0131rk y\u0131l boyunca, Sultan Abd\u00fclaziz\u2019in tahttan indirilmesi, 93 Muharebeleri, \u00c7\u0131ra\u011fan bask\u0131n\u0131, Osmanl\u0131 Yunan Harbi, 31 Mart Vakas\u0131, Balkan Sava\u015flar\u0131 gibi pek \u00e7ok siyasi ve toplumsal olayda rol oynad\u0131. Birinci D\u00fcnya Sava\u015f\u0131\u2019n\u0131n ba\u015f\u0131nda \u00c7anakkale cephesinde kaybedilen ilk gemi oldu. Mesudiye batarken i\u00e7eride mahsur kalanlar\u0131n \u201cEfendi kaptan kurtar bizi!\u201d sesleri, imparatorlu\u011fun \u00e7aresizlik i\u00e7inde yok olu\u015funu simgeliyordu. O\u011fuz Otay, Mesudiye z\u0131rhl\u0131s\u0131n\u0131n \u00f6yk\u00fcs\u00fcn\u00fc, ar\u015fiv belgeleri, foto\u011fraflar ve gemide g\u00f6rev yapan komutanlarla m\u00fcrettebat\u0131n hat\u0131ralar\u0131 e\u015fli\u011finde okura aktar\u0131yor.<\/p>\n","protected":false},"excerpt":{"rendered":"<p>\u201c13 Aral\u0131k 1914. Mesudiye z\u0131rhl\u0131s\u0131 \u00c7anakkale Bo\u011faz\u0131\u2019nda demirli. Karakol g\u00f6revi yap\u0131yoruz. Beklemekten s\u0131k\u0131lm\u0131\u015f durumda, g\u00fcvertedeyiz. Karadenizli bir grup asker, kemen\u00e7e \u00e7al\u0131p horon tepiyor. Birden, suyu yara<span class=\"excerpt-hellip\"> [\u2026]<\/span><\/p>\n","protected":false},"featured_media":0,"template":"","meta":{"_monsterinsights_skip_tracking":false,"_monsterinsights_sitenote_active":false,"_monsterinsights_sitenote_note":"","_monsterinsights_sitenote_category":0},"product_brand":[],"product_cat":[13701,12291],"product_tag":[],"class_list":{"0":"post-768162","1":"product","2":"type-product","3":"status-publish","5":"product_cat-ani-mektup-gunluk","6":"product_cat-edebiyat","7":"pa_cilt-ciltsiz","8":"pa_tur-kitap","9":"pa_yayinevi-is-bankasi-kultur-yayinlari","10":"pa_yazar-oguz-otay","12":"first","13":"instock","14":"sale","15":"shipping-taxable","16":"purchasable","17":"product-type-simple"},"_links":{"self":[{"href":"https:\/\/roveyayinevi.com.tr\/index.php\/wp-json\/wp\/v2\/product\/768162","targetHints":{"allow":["GET"]}}],"collection":[{"href":"https:\/\/roveyayinevi.com.tr\/index.php\/wp-json\/wp\/v2\/product"}],"about":[{"href":"https:\/\/roveyayinevi.com.tr\/index.php\/wp-json\/wp\/v2\/types\/product"}],"wp:attachment":[{"href":"https:\/\/roveyayinevi.com.tr\/index.php\/wp-json\/wp\/v2\/media?parent=768162"}],"wp:term":[{"taxonomy":"product_brand","embeddable":true,"href":"https:\/\/roveyayinevi.com.tr\/index.php\/wp-json\/wp\/v2\/product_brand?post=768162"},{"taxonomy":"product_cat","embeddable":true,"href":"https:\/\/roveyayinevi.com.tr\/index.php\/wp-json\/wp\/v2\/product_cat?post=768162"},{"taxonomy":"product_tag","embeddable":true,"href":"https:\/\/roveyayinevi.com.tr\/index.php\/wp-json\/wp\/v2\/product_tag?post=768162"}],"curies":[{"name":"wp","href":"https:\/\/api.w.org\/{rel}","templated":true}]}}