{"id":768150,"date":"2025-08-28T13:10:57","date_gmt":"2025-08-28T10:10:57","guid":{"rendered":"https:\/\/roveyayinevi.com.tr\/index.php\/urun\/gece-yarisi-mavisi\/"},"modified":"2026-04-15T03:34:01","modified_gmt":"2026-04-15T00:34:01","slug":"gece-yarisi-mavisi","status":"publish","type":"product","link":"https:\/\/roveyayinevi.com.tr\/index.php\/urun\/gece-yarisi-mavisi\/","title":{"rendered":"Gece Yar\u0131s\u0131 Mavisi"},"content":{"rendered":"<p>Gece Yar\u0131s\u0131 Mavisi F\u00fcruzan\u2019\u0131n Paras\u0131z Yat\u0131l\u0131 (1971) kitab\u0131ndakilerden \u00f6nce dergilerde yay\u0131mlanm\u0131\u015f ilk \u00f6yk\u00fclerini kaps\u0131yor. 1956-1962 y\u0131llar\u0131 aras\u0131nda d\u00f6nemin belli ba\u015fl\u0131 edebiyat dergilerinde (Se\u00e7ilmi\u015f Hik\u00e2yeler, Yenilik, T\u00fcrk Dili, Pazar Postas\u0131, Yeditepe, Dost) yer alm\u0131\u015f on alt\u0131 \u00f6yk\u00fcden olu\u015fan kitab\u0131 Olcay Aky\u0131ld\u0131z ve Bilge Ulusman haz\u0131rlad\u0131.   2023 y\u0131l\u0131nda son \u00f6yk\u00fc kitab\u0131 Akim Sevgilim ile aram\u0131zdan ayr\u0131lan F\u00fcruzan Gece Yar\u0131s\u0131 Mavisi ad\u0131 alt\u0131nda ilk kez kitapla\u015fan \u00f6yk\u00fcleriyle edebiyat\u0131m\u0131zda yaratt\u0131\u011f\u0131 \u201cF\u00fcruzan olay\u0131\u201dn\u0131 tamaml\u0131yor.   \u201cBu \u00e7al\u0131\u015fmayla ilk kez bir araya gelen on alt\u0131 \u00f6yk\u00fcn\u00fcn, daha \u00f6nce s\u00fcreli yay\u0131nlara girmi\u015f ve edebiyat kamusuyla bulu\u015fmu\u015f olmas\u0131, etik bir s\u0131n\u0131r ihlali endi\u015fesini pe\u015finen la\u011fvediyordu; ancak bu \u00f6yk\u00fclerin bir kitap oylumunda yay\u0131mlanmas\u0131n\u0131n elzem oldu\u011funu, metinlerin bi\u00e7im, dil ve i\u00e7erik \u00f6zelliklerinin yan\u0131 s\u0131ra, feminist edebiyat ele\u015ftirisi perspektifinden de tart\u0131\u015f\u0131lmaz bir hakikat olarak de\u011ferlendirmeliyiz. F\u00fcruzan\u2019\u0131n ilk \u00f6yk\u00fcleri, yaln\u0131zca 1950 ku\u015fa\u011f\u0131 \u00f6yk\u00fcc\u00fcl\u00fc\u011f\u00fc ile kurdu\u011fu s\u0131k\u0131 ba\u011flar a\u00e7\u0131s\u0131ndan de\u011fil, ayn\u0131 d\u00f6nemde edebi metin \u00fcreten di\u011fer kad\u0131n yazarlarla diyalo\u011fu a\u00e7\u0131s\u0131ndan jino-ele\u015ftirel bir okumayla da ele al\u0131nmal\u0131d\u0131r. Bu \u00e7al\u0131\u015fmalar\u0131n ilk ad\u0131m\u0131 ise elbette bu \u00f6yk\u00fclerin ula\u015f\u0131labilir bir b\u00fct\u00fcn halinde ortaya konmas\u0131d\u0131r.\u201d <\/p>\n","protected":false},"excerpt":{"rendered":"<p>Gece Yar\u0131s\u0131 Mavisi F\u00fcruzan\u2019\u0131n Paras\u0131z Yat\u0131l\u0131 (1971) kitab\u0131ndakilerden \u00f6nce dergilerde yay\u0131mlanm\u0131\u015f ilk \u00f6yk\u00fclerini kaps\u0131yor. 1956-1962 y\u0131llar\u0131 aras\u0131nda d\u00f6nemin belli ba\u015fl\u0131 edebiyat dergilerinde (Se\u00e7ilmi\u015f Hik\u00e2yeler, Yenilik, T\u00fcrk<span class=\"excerpt-hellip\"> [\u2026]<\/span><\/p>\n","protected":false},"featured_media":0,"template":"","meta":{"_monsterinsights_skip_tracking":false,"_monsterinsights_sitenote_active":false,"_monsterinsights_sitenote_note":"","_monsterinsights_sitenote_category":0},"product_brand":[],"product_cat":[12291,12711],"product_tag":[],"class_list":{"0":"post-768150","1":"product","2":"type-product","3":"status-publish","5":"product_cat-edebiyat","6":"product_cat-roman-oyku","7":"pa_cilt-ciltsiz","8":"pa_tur-kitap","9":"pa_yayinevi-yapi-kredi-yayinlari","10":"pa_yazar-furuzan","12":"first","13":"instock","14":"sale","15":"shipping-taxable","16":"purchasable","17":"product-type-simple"},"_links":{"self":[{"href":"https:\/\/roveyayinevi.com.tr\/index.php\/wp-json\/wp\/v2\/product\/768150","targetHints":{"allow":["GET"]}}],"collection":[{"href":"https:\/\/roveyayinevi.com.tr\/index.php\/wp-json\/wp\/v2\/product"}],"about":[{"href":"https:\/\/roveyayinevi.com.tr\/index.php\/wp-json\/wp\/v2\/types\/product"}],"wp:attachment":[{"href":"https:\/\/roveyayinevi.com.tr\/index.php\/wp-json\/wp\/v2\/media?parent=768150"}],"wp:term":[{"taxonomy":"product_brand","embeddable":true,"href":"https:\/\/roveyayinevi.com.tr\/index.php\/wp-json\/wp\/v2\/product_brand?post=768150"},{"taxonomy":"product_cat","embeddable":true,"href":"https:\/\/roveyayinevi.com.tr\/index.php\/wp-json\/wp\/v2\/product_cat?post=768150"},{"taxonomy":"product_tag","embeddable":true,"href":"https:\/\/roveyayinevi.com.tr\/index.php\/wp-json\/wp\/v2\/product_tag?post=768150"}],"curies":[{"name":"wp","href":"https:\/\/api.w.org\/{rel}","templated":true}]}}