{"id":768149,"date":"2025-08-28T13:10:55","date_gmt":"2025-08-28T10:10:55","guid":{"rendered":"https:\/\/roveyayinevi.com.tr\/index.php\/urun\/lorinin-masali\/"},"modified":"2026-04-15T03:34:01","modified_gmt":"2026-04-15T00:34:01","slug":"lorinin-masali","status":"publish","type":"product","link":"https:\/\/roveyayinevi.com.tr\/index.php\/urun\/lorinin-masali\/","title":{"rendered":"Lori\u2019nin Masal\u0131"},"content":{"rendered":"<p>Lori okula gitmek istemiyordu. Sevdi\u011fi ve yapabildi\u011fi her \u015fey birden yok olmu\u015ftu. Neden kediler, ku\u015flar ve elleri ekmek kokan nineler de okula gitmiyordu? Neden?   Z\u00fcleyha Ersing\u00fcn\u2019\u00fcn yazd\u0131\u011f\u0131, M\u00fcjde Ba\u015fkale\u2019nin resimledi\u011fi Lori\u2019nin Masal\u0131 hayaller, d\u00fc\u015f k\u0131r\u0131kl\u0131klar\u0131, ne\u015feli anlar, \u00fcz\u00fcnt\u00fcler, umutlar ve hayat \u00fcst\u00fcne bir hik\u00e2ye\u2026 Bu kitap r\u00fcya kent Mardin\u2019in sokaklar\u0131nda, g\u00f6klerinde harika bir gezintiye \u00e7\u0131kar\u0131yor bizi. <\/p>\n","protected":false},"excerpt":{"rendered":"<p>Lori okula gitmek istemiyordu. Sevdi\u011fi ve yapabildi\u011fi her \u015fey birden yok olmu\u015ftu. Neden kediler, ku\u015flar ve elleri ekmek kokan nineler de okula gitmiyordu? Neden? Z\u00fcleyha Ersing\u00fcn\u2019\u00fcn<span class=\"excerpt-hellip\"> [\u2026]<\/span><\/p>\n","protected":false},"featured_media":0,"template":"","meta":{"_monsterinsights_skip_tracking":false,"_monsterinsights_sitenote_active":false,"_monsterinsights_sitenote_note":"","_monsterinsights_sitenote_category":0},"product_brand":[],"product_cat":[12274,12518],"product_tag":[],"class_list":{"0":"post-768149","1":"product","2":"type-product","3":"status-publish","5":"product_cat-cocuk-ve-genclik-kitaplari","6":"product_cat-okul-oncesi-kitaplar","7":"pa_cilt-ciltsiz","8":"pa_tur-kitap","9":"pa_yayinevi-yapi-kredi-yayinlari","10":"pa_yazar-zuleyha-ersingun","12":"first","13":"instock","14":"sale","15":"shipping-taxable","16":"purchasable","17":"product-type-simple"},"_links":{"self":[{"href":"https:\/\/roveyayinevi.com.tr\/index.php\/wp-json\/wp\/v2\/product\/768149","targetHints":{"allow":["GET"]}}],"collection":[{"href":"https:\/\/roveyayinevi.com.tr\/index.php\/wp-json\/wp\/v2\/product"}],"about":[{"href":"https:\/\/roveyayinevi.com.tr\/index.php\/wp-json\/wp\/v2\/types\/product"}],"wp:attachment":[{"href":"https:\/\/roveyayinevi.com.tr\/index.php\/wp-json\/wp\/v2\/media?parent=768149"}],"wp:term":[{"taxonomy":"product_brand","embeddable":true,"href":"https:\/\/roveyayinevi.com.tr\/index.php\/wp-json\/wp\/v2\/product_brand?post=768149"},{"taxonomy":"product_cat","embeddable":true,"href":"https:\/\/roveyayinevi.com.tr\/index.php\/wp-json\/wp\/v2\/product_cat?post=768149"},{"taxonomy":"product_tag","embeddable":true,"href":"https:\/\/roveyayinevi.com.tr\/index.php\/wp-json\/wp\/v2\/product_tag?post=768149"}],"curies":[{"name":"wp","href":"https:\/\/api.w.org\/{rel}","templated":true}]}}