{"id":768117,"date":"2025-08-28T13:09:51","date_gmt":"2025-08-28T10:09:51","guid":{"rendered":"https:\/\/roveyayinevi.com.tr\/index.php\/urun\/cok-seyden-habersizdim\/"},"modified":"2026-04-03T03:25:11","modified_gmt":"2026-04-03T00:25:11","slug":"cok-seyden-habersizdim","status":"publish","type":"product","link":"https:\/\/roveyayinevi.com.tr\/index.php\/urun\/cok-seyden-habersizdim\/","title":{"rendered":"\u00c7ok \u015eeyden Habersizdim"},"content":{"rendered":"<p>Herkes bir kalbi oldu\u011funu iddia eder, ama d\u00fc\u015f\u00fcnmeden kalp k\u0131ran o kadar \u00e7ok insan var ki\u2026 Hayat yolunda, yaralar\u0131n\u0131z\u0131 anlayan ve sizi siz oldu\u011funuz i\u00e7in seven insanlarla yollar\u0131n\u0131z kesi\u015fsin. De\u011fi\u015ftirme \u00e7abas\u0131na girmeyen insanlar i\u00e7in \u00e7aba g\u00f6sterin; de\u011ferinizi bilenlere kalbinizi a\u00e7\u0131n. Her defas\u0131nda kendini hakl\u0131 g\u00f6renlere asla hakl\u0131 \u00e7\u0131kamazs\u0131n\u0131z. Ya ge\u00e7mi\u015finizden vururlar ya da iyile\u015fmeyen yaralar\u0131n\u0131zdan. Kalplerindeki k\u00f6t\u00fcl\u00fck, g\u00fcl\u00fc\u015flerinden s\u00fcz\u00fcl\u00fcr. Siz ise g\u00fcl\u00fc\u015f\u00fcnde \u00e7i\u00e7ekler a\u00e7an insanlara ko\u015fun. Zor olsun, g\u00fczel olsun diyerek sizi yoran insanlarla zaman kaybetmeyin. Bunun ad\u0131 a\u015fk de\u011fil; bunun ad\u0131 kendinize de\u011fer vermemek. Siz kendinize de\u011fer vermezken, bir ba\u015fkas\u0131 size nas\u0131l de\u011fer versin? Unutmay\u0131n, her \u015fey g\u00fczel olacak. Belki biraz daha can\u0131n\u0131z yanacak, ama bir s\u00fcre sonra \u201cbo\u015funa \u00fcz\u00fcld\u00fcm\u201d diyeceksiniz. Hayat, sizi ummad\u0131\u011f\u0131n\u0131z anda \u00e7i\u00e7eklendirecek. \u015eu an d\u00f6kt\u00fc\u011f\u00fcn\u00fcz her g\u00f6zya\u015f\u0131, g\u00f6n\u00fcl topra\u011f\u0131n\u0131zdaki tohumlara ya\u011fmur olacak.<\/p>\n","protected":false},"excerpt":{"rendered":"<p>Herkes bir kalbi oldu\u011funu iddia eder, ama d\u00fc\u015f\u00fcnmeden kalp k\u0131ran o kadar \u00e7ok insan var ki\u2026 Hayat yolunda, yaralar\u0131n\u0131z\u0131 anlayan ve sizi siz oldu\u011funuz i\u00e7in seven<span class=\"excerpt-hellip\"> [\u2026]<\/span><\/p>\n","protected":false},"featured_media":0,"template":"","meta":{"_monsterinsights_skip_tracking":false,"_monsterinsights_sitenote_active":false,"_monsterinsights_sitenote_note":"","_monsterinsights_sitenote_category":0},"product_brand":[],"product_cat":[12291,12711],"product_tag":[],"class_list":{"0":"post-768117","1":"product","2":"type-product","3":"status-publish","5":"product_cat-edebiyat","6":"product_cat-roman-oyku","7":"pa_cilt-ciltsiz","8":"pa_tur-kitap","9":"pa_yayinevi-epsilon-yayinlari","10":"pa_yazar-songul-unsal","12":"first","13":"instock","14":"sale","15":"shipping-taxable","16":"purchasable","17":"product-type-simple"},"_links":{"self":[{"href":"https:\/\/roveyayinevi.com.tr\/index.php\/wp-json\/wp\/v2\/product\/768117","targetHints":{"allow":["GET"]}}],"collection":[{"href":"https:\/\/roveyayinevi.com.tr\/index.php\/wp-json\/wp\/v2\/product"}],"about":[{"href":"https:\/\/roveyayinevi.com.tr\/index.php\/wp-json\/wp\/v2\/types\/product"}],"wp:attachment":[{"href":"https:\/\/roveyayinevi.com.tr\/index.php\/wp-json\/wp\/v2\/media?parent=768117"}],"wp:term":[{"taxonomy":"product_brand","embeddable":true,"href":"https:\/\/roveyayinevi.com.tr\/index.php\/wp-json\/wp\/v2\/product_brand?post=768117"},{"taxonomy":"product_cat","embeddable":true,"href":"https:\/\/roveyayinevi.com.tr\/index.php\/wp-json\/wp\/v2\/product_cat?post=768117"},{"taxonomy":"product_tag","embeddable":true,"href":"https:\/\/roveyayinevi.com.tr\/index.php\/wp-json\/wp\/v2\/product_tag?post=768117"}],"curies":[{"name":"wp","href":"https:\/\/api.w.org\/{rel}","templated":true}]}}