{"id":768113,"date":"2025-08-28T13:09:43","date_gmt":"2025-08-28T10:09:43","guid":{"rendered":"https:\/\/roveyayinevi.com.tr\/index.php\/urun\/zaman-sizim\/"},"modified":"2026-04-15T03:34:01","modified_gmt":"2026-04-15T00:34:01","slug":"zaman-sizim","status":"publish","type":"product","link":"https:\/\/roveyayinevi.com.tr\/index.php\/urun\/zaman-sizim\/","title":{"rendered":"Zaman\/S\u0131z\u0131m"},"content":{"rendered":"<p>M\u00fcjgan Emino\u011flu, 1970 y\u0131l\u0131nda Ardahan\u2019da do\u011fdu. \u0130ktisat, Uluslararas\u0131 \u0130li\u015fkiler, Bilgisayar Programc\u0131l\u0131\u011f\u0131 ve Grafik Tasar\u0131m alanlar\u0131nda e\u011fitim ald\u0131. Uzun y\u0131llar Ege \u00dcniversitesi&#8217;nde \u00f6\u011fretim g\u00f6revlisi olarak g\u00f6rev yapt\u0131 ve kurucusu oldu\u011fu M2 E\u011fitim ve Kariyer Dan\u0131\u015fmanl\u0131k \u015firketinde \u00e7e\u015fitli e\u011fitimler verdi. 2021 y\u0131l\u0131nda emekli olan Emino\u011flu, uzun s\u00fcredir yazd\u0131\u011f\u0131 \u015fiirlerini Ocak 2025\u2019te kitapla\u015ft\u0131rd\u0131.Gen\u00e7 ya\u015flarda \u015fiir yazmaya ba\u015flayan ve yerel gazetelerde k\u00f6\u015fe yazarl\u0131\u011f\u0131 yapan M\u00fcjgan Emino\u011flu, zamanla toplumsal meseleleri ele alan derinlikli ve d\u00fc\u015f\u00fcnd\u00fcr\u00fcc\u00fc eserleriyle edebiyat d\u00fcnyas\u0131nda kendine \u00f6zg\u00fc bir yer edindi. \u015eiirlerinde bireyin i\u00e7sel yolculu\u011funu ve toplumla olan \u00e7at\u0131\u015fmalar\u0131n\u0131 etkileyici bir dil ve \u00fcslupla i\u015fleyen Emino\u011flu, 2025 y\u0131l\u0131nda yay\u0131mlanan Zaman\/s\u0131z\u0131m adl\u0131 \u015fiir kitab\u0131nda zaman\u0131n ve mek\u00e2n\u0131n \u00f6tesinde insan ruhunun aray\u0131\u015flar\u0131n\u0131 ele ald\u0131.Eserlerinde zamana meydan okuyan ve evrensel temalar\u0131 i\u015fleyen Emino\u011flu, okurlar\u0131n\u0131 i\u00e7sel bir sorgulamaya davet etmektedir. \u015eiirlerinde bireyin yaln\u0131zl\u0131\u011f\u0131, toplumsal adaletsizlikler ve insan olman\u0131n a\u011f\u0131rl\u0131\u011f\u0131 gibi konular\u0131 ustaca harmanlayan Emino\u011flu, Zaman\/s\u0131z\u0131m adl\u0131 eseriyle bu bak\u0131\u015f a\u00e7\u0131s\u0131n\u0131 ve \u015fair kimli\u011fini g\u00fc\u00e7l\u00fc bir \u015fekilde yans\u0131tmaktad\u0131r.Not: Bu kitab\u0131n t\u00fcm geliri ihtiya\u00e7 sahibi k\u0131z \u00f6\u011frencilere burs sa\u011flamak amac\u0131yla kullan\u0131lacakt\u0131r. <\/p>\n","protected":false},"excerpt":{"rendered":"<p>M\u00fcjgan Emino\u011flu, 1970 y\u0131l\u0131nda Ardahan\u2019da do\u011fdu. \u0130ktisat, Uluslararas\u0131 \u0130li\u015fkiler, Bilgisayar Programc\u0131l\u0131\u011f\u0131 ve Grafik Tasar\u0131m alanlar\u0131nda e\u011fitim ald\u0131. Uzun y\u0131llar Ege \u00dcniversitesi&#8217;nde \u00f6\u011fretim g\u00f6revlisi olarak g\u00f6rev yapt\u0131<span class=\"excerpt-hellip\"> [\u2026]<\/span><\/p>\n","protected":false},"featured_media":0,"template":"","meta":{"_monsterinsights_skip_tracking":false,"_monsterinsights_sitenote_active":false,"_monsterinsights_sitenote_note":"","_monsterinsights_sitenote_category":0},"product_brand":[],"product_cat":[12291,12509],"product_tag":[],"class_list":{"0":"post-768113","1":"product","2":"type-product","3":"status-publish","5":"product_cat-edebiyat","6":"product_cat-siir","7":"pa_cilt-ciltsiz","8":"pa_tur-kitap","9":"pa_yayinevi-soncag","10":"pa_yazar-mujgan-eminoglu","12":"first","13":"instock","14":"sale","15":"shipping-taxable","16":"purchasable","17":"product-type-simple"},"_links":{"self":[{"href":"https:\/\/roveyayinevi.com.tr\/index.php\/wp-json\/wp\/v2\/product\/768113","targetHints":{"allow":["GET"]}}],"collection":[{"href":"https:\/\/roveyayinevi.com.tr\/index.php\/wp-json\/wp\/v2\/product"}],"about":[{"href":"https:\/\/roveyayinevi.com.tr\/index.php\/wp-json\/wp\/v2\/types\/product"}],"wp:attachment":[{"href":"https:\/\/roveyayinevi.com.tr\/index.php\/wp-json\/wp\/v2\/media?parent=768113"}],"wp:term":[{"taxonomy":"product_brand","embeddable":true,"href":"https:\/\/roveyayinevi.com.tr\/index.php\/wp-json\/wp\/v2\/product_brand?post=768113"},{"taxonomy":"product_cat","embeddable":true,"href":"https:\/\/roveyayinevi.com.tr\/index.php\/wp-json\/wp\/v2\/product_cat?post=768113"},{"taxonomy":"product_tag","embeddable":true,"href":"https:\/\/roveyayinevi.com.tr\/index.php\/wp-json\/wp\/v2\/product_tag?post=768113"}],"curies":[{"name":"wp","href":"https:\/\/api.w.org\/{rel}","templated":true}]}}