{"id":768110,"date":"2025-08-28T13:09:37","date_gmt":"2025-08-28T10:09:37","guid":{"rendered":"https:\/\/roveyayinevi.com.tr\/index.php\/urun\/minik-ayiciga-kocaman-bir-kucak\/"},"modified":"2026-04-15T03:34:00","modified_gmt":"2026-04-15T00:34:00","slug":"minik-ayiciga-kocaman-bir-kucak","status":"publish","type":"product","link":"https:\/\/roveyayinevi.com.tr\/index.php\/urun\/minik-ayiciga-kocaman-bir-kucak\/","title":{"rendered":"Minik Ay\u0131c\u0131\u011fa Kocaman Bir Kucak"},"content":{"rendered":"<p>\u201cBazen yumu\u015fac\u0131k k\u00fcrkler dolan\u0131r birbirine\u2026 \u2026bazen sipsivri dikenler! Sanma ki her sar\u0131lma birbirine benzer. Minik Ay\u0131&#8217;n\u0131n t\u00fcm arkada\u015flar\u0131 anne babalar\u0131 taraf\u0131ndan kucaklanarak, \u00f6p\u00fcc\u00fcklerle yata\u011fa yat\u0131r\u0131l\u0131yor. Hatta t\u00fcm akrabalar yavrular\u0131 kucaklamak i\u00e7in s\u0131raya giriyor. Bunlar\u0131 g\u00f6ren Minik Ay\u0131 da kucaklanmak istiyor! Onu kim kucaklayacak peki? Uyku saatinde okunmaya \u00e7ok uygun sevgi dolu, tatl\u0131 bir \u00f6yk\u00fc.<\/p>\n","protected":false},"excerpt":{"rendered":"<p>\u201cBazen yumu\u015fac\u0131k k\u00fcrkler dolan\u0131r birbirine\u2026 \u2026bazen sipsivri dikenler! Sanma ki her sar\u0131lma birbirine benzer. Minik Ay\u0131&#8217;n\u0131n t\u00fcm arkada\u015flar\u0131 anne babalar\u0131 taraf\u0131ndan kucaklanarak, \u00f6p\u00fcc\u00fcklerle yata\u011fa yat\u0131r\u0131l\u0131yor. Hatta<span class=\"excerpt-hellip\"> [\u2026]<\/span><\/p>\n","protected":false},"featured_media":0,"template":"","meta":{"_monsterinsights_skip_tracking":false,"_monsterinsights_sitenote_active":false,"_monsterinsights_sitenote_note":"","_monsterinsights_sitenote_category":0},"product_brand":[],"product_cat":[12274,12518],"product_tag":[],"class_list":{"0":"post-768110","1":"product","2":"type-product","3":"status-publish","5":"product_cat-cocuk-ve-genclik-kitaplari","6":"product_cat-okul-oncesi-kitaplar","7":"pa_cilt-ciltsiz","8":"pa_tur-kitap","9":"pa_yayinevi-koc-universitesi-yayinlari","10":"pa_yazar-stephanie-moss","12":"first","13":"instock","14":"sale","15":"shipping-taxable","16":"purchasable","17":"product-type-simple"},"_links":{"self":[{"href":"https:\/\/roveyayinevi.com.tr\/index.php\/wp-json\/wp\/v2\/product\/768110","targetHints":{"allow":["GET"]}}],"collection":[{"href":"https:\/\/roveyayinevi.com.tr\/index.php\/wp-json\/wp\/v2\/product"}],"about":[{"href":"https:\/\/roveyayinevi.com.tr\/index.php\/wp-json\/wp\/v2\/types\/product"}],"wp:attachment":[{"href":"https:\/\/roveyayinevi.com.tr\/index.php\/wp-json\/wp\/v2\/media?parent=768110"}],"wp:term":[{"taxonomy":"product_brand","embeddable":true,"href":"https:\/\/roveyayinevi.com.tr\/index.php\/wp-json\/wp\/v2\/product_brand?post=768110"},{"taxonomy":"product_cat","embeddable":true,"href":"https:\/\/roveyayinevi.com.tr\/index.php\/wp-json\/wp\/v2\/product_cat?post=768110"},{"taxonomy":"product_tag","embeddable":true,"href":"https:\/\/roveyayinevi.com.tr\/index.php\/wp-json\/wp\/v2\/product_tag?post=768110"}],"curies":[{"name":"wp","href":"https:\/\/api.w.org\/{rel}","templated":true}]}}