{"id":768096,"date":"2025-08-28T13:09:16","date_gmt":"2025-08-28T10:09:16","guid":{"rendered":"https:\/\/roveyayinevi.com.tr\/index.php\/urun\/arkadia-yunanistanin-tasviri-8-kitap\/"},"modified":"2026-04-15T03:34:00","modified_gmt":"2026-04-15T00:34:00","slug":"arkadia-yunanistanin-tasviri-8-kitap","status":"publish","type":"product","link":"https:\/\/roveyayinevi.com.tr\/index.php\/urun\/arkadia-yunanistanin-tasviri-8-kitap\/","title":{"rendered":"Arkadia &#8211; Yunanistan\u2019\u0131n Tasviri 8. Kitap"},"content":{"rendered":"<p>Pausanias\u2019\u0131n Yunanistan\u2019\u0131n Tasviri, Antik Yunan d\u00fcnyas\u0131n\u0131n zengin k\u00fclt\u00fcrel ve mitolojik miras\u0131n\u0131 ke\u015ffe \u00e7\u0131kan bir gezginin g\u00f6z\u00fcnden Yunanistan\u2019\u0131 anlatan e\u015fsiz bir eserdir. M.\u00d6. 2. y\u00fczy\u0131lda yaz\u0131lm\u0131\u015f bu eser, Yunan \u015fehirleri, tap\u0131naklar, sanat eserleri ve dini rit\u00fceller hakk\u0131nda derinlemesine bilgiler sunmaktad\u0131r. Pausanias, her b\u00f6lgeyi yaln\u0131zca co\u011frafi de\u011fil, ayn\u0131 zamanda mitolojik ve k\u00fclt\u00fcrel ba\u011flamda da ele alarak d\u00f6nemin zengin miras\u0131n\u0131 g\u00f6zler \u00f6n\u00fcne seriyor. Bu kitap hem mitolojiye ilgi duyanlar hem de Antik Yunan k\u00fclt\u00fcr\u00fcn\u00fc ke\u015ffetmek isteyenler i\u00e7in e\u015fsiz bir ba\u015fvuru kayna\u011f\u0131d\u0131r. Yunanistan\u2019\u0131n Tasviri\u2019ni T\u00fcrkiye\u2019de ilk defa ve Yunanca orijinal metinleriyle beraber 10 kitapl\u0131k bir seri olarak okuyucular\u0131m\u0131za sunmaktan mutluluk duyuyoruz. <\/p>\n","protected":false},"excerpt":{"rendered":"<p>Pausanias\u2019\u0131n Yunanistan\u2019\u0131n Tasviri, Antik Yunan d\u00fcnyas\u0131n\u0131n zengin k\u00fclt\u00fcrel ve mitolojik miras\u0131n\u0131 ke\u015ffe \u00e7\u0131kan bir gezginin g\u00f6z\u00fcnden Yunanistan\u2019\u0131 anlatan e\u015fsiz bir eserdir. M.\u00d6. 2. y\u00fczy\u0131lda yaz\u0131lm\u0131\u015f bu<span class=\"excerpt-hellip\"> [\u2026]<\/span><\/p>\n","protected":false},"featured_media":0,"template":"","meta":{"_monsterinsights_skip_tracking":false,"_monsterinsights_sitenote_active":false,"_monsterinsights_sitenote_note":"","_monsterinsights_sitenote_category":0},"product_brand":[],"product_cat":[12304],"product_tag":[],"class_list":{"0":"post-768096","1":"product","2":"type-product","3":"status-publish","5":"product_cat-tarih","6":"pa_cilt-ciltsiz","7":"pa_tur-kitap","8":"pa_yayinevi-toz-yayinlari","9":"pa_yazar-pausanias","11":"first","12":"instock","13":"sale","14":"shipping-taxable","15":"purchasable","16":"product-type-simple"},"_links":{"self":[{"href":"https:\/\/roveyayinevi.com.tr\/index.php\/wp-json\/wp\/v2\/product\/768096","targetHints":{"allow":["GET"]}}],"collection":[{"href":"https:\/\/roveyayinevi.com.tr\/index.php\/wp-json\/wp\/v2\/product"}],"about":[{"href":"https:\/\/roveyayinevi.com.tr\/index.php\/wp-json\/wp\/v2\/types\/product"}],"wp:attachment":[{"href":"https:\/\/roveyayinevi.com.tr\/index.php\/wp-json\/wp\/v2\/media?parent=768096"}],"wp:term":[{"taxonomy":"product_brand","embeddable":true,"href":"https:\/\/roveyayinevi.com.tr\/index.php\/wp-json\/wp\/v2\/product_brand?post=768096"},{"taxonomy":"product_cat","embeddable":true,"href":"https:\/\/roveyayinevi.com.tr\/index.php\/wp-json\/wp\/v2\/product_cat?post=768096"},{"taxonomy":"product_tag","embeddable":true,"href":"https:\/\/roveyayinevi.com.tr\/index.php\/wp-json\/wp\/v2\/product_tag?post=768096"}],"curies":[{"name":"wp","href":"https:\/\/api.w.org\/{rel}","templated":true}]}}