{"id":768063,"date":"2025-08-28T13:08:20","date_gmt":"2025-08-28T10:08:20","guid":{"rendered":"https:\/\/roveyayinevi.com.tr\/index.php\/urun\/geri-verilen-kiz\/"},"modified":"2026-04-15T03:33:59","modified_gmt":"2026-04-15T00:33:59","slug":"geri-verilen-kiz","status":"publish","type":"product","link":"https:\/\/roveyayinevi.com.tr\/index.php\/urun\/geri-verilen-kiz\/","title":{"rendered":"Geri Verilen K\u0131z"},"content":{"rendered":"<p>\u201cBir yandan y\u00fcre\u011finizi burkacak, di\u011fer yandan i\u00e7inizi \u0131s\u0131tacak.\u201d \u2013Economist \u201cY\u0131l\u0131n en iyi \u0130talyan roman\u0131.\u201d \u2013Huffington Post 2017 PREMIO CAMPIELLO KAZANANI WASHINGTON POST ve KIRKUS REVIEWS\u2019ta YILIN K\u0130TABI Ben Arminuta&#8217;yd\u0131m, yani geri verilen. Konu\u015ftu\u011fum dil ba\u015fka bir dildi ve kime ait oldu\u011fumu bilmiyordum&#8230;  On \u00fc\u00e7 ya\u015f\u0131ndaki bir k\u0131z, sevgi dolu, kitaplarla \u00e7evrili g\u00fcvenli d\u00fcnyas\u0131ndan kopar\u0131l\u0131r ve hi\u00e7 tan\u0131mad\u0131\u011f\u0131 bir ger\u00e7ekli\u011fe, be\u015f \u00e7ocuklu \u00f6z ailesinin yan\u0131na b\u0131rak\u0131l\u0131r. Bu geri verili\u015fin nedenleri ondan s\u0131r gibi saklan\u0131r. Yoksullu\u011fun ve sertli\u011fin h\u00fck\u00fcm s\u00fcrd\u00fc\u011f\u00fc k\u0131rsal bir hayat\u0131n par\u00e7as\u0131d\u0131r art\u0131k. \u0130ki anne, iki farkl\u0131 hayat ve iki kimlik aras\u0131nda savrulurken, t\u00fcm bu zorluklar\u0131n i\u00e7inde, bir \u0131\u015f\u0131k par\u0131ldar: K\u00fc\u00e7\u00fck k\u0131z karde\u015fi Adriana&#8217;n\u0131n saf, sars\u0131lmaz sevgisi. Adriana, bu sert d\u00fcnyada ablas\u0131 i\u00e7in hem bir s\u0131\u011f\u0131nak hem de direni\u015fin simgesi olacakt\u0131r. Di Pietrantonio&#8217;nun \u00f6d\u00fcll\u00fc kitab\u0131 Geri Verilen K\u0131z, terk edili\u015fin ac\u0131s\u0131n\u0131, aidiyet aray\u0131\u015f\u0131n\u0131 ve ayakta kalman\u0131n k\u0131r\u0131lgan dengesini anlatan derin ve sars\u0131c\u0131 bir roman. &#8220;Donatella Di Pietrantonio, hassas ve g\u00fc\u00e7l\u00fc anlat\u0131m\u0131yla anneler ile k\u0131zlar\u0131n\u0131n, k\u0131z karde\u015fli\u011fin ve kendini ke\u015ffetmenin gelgitli hikayesini anlat\u0131yor.&#8221; \u2013World Literature Today  &#8220;Di Pietrantonio&#8217;nun anlatt\u0131klar\u0131 dokunabilece\u011finiz kadar ger\u00e7ek\u00e7i [ve] incelikli \u00f6r\u00fclm\u00fc\u015f.&#8221; \u2013 Washington Post  <\/p>\n","protected":false},"excerpt":{"rendered":"<p>\u201cBir yandan y\u00fcre\u011finizi burkacak, di\u011fer yandan i\u00e7inizi \u0131s\u0131tacak.\u201d \u2013Economist \u201cY\u0131l\u0131n en iyi \u0130talyan roman\u0131.\u201d \u2013Huffington Post 2017 PREMIO CAMPIELLO KAZANANI WASHINGTON POST ve KIRKUS REVIEWS\u2019ta YILIN<span class=\"excerpt-hellip\"> [\u2026]<\/span><\/p>\n","protected":false},"featured_media":0,"template":"","meta":{"_monsterinsights_skip_tracking":false,"_monsterinsights_sitenote_active":false,"_monsterinsights_sitenote_note":"","_monsterinsights_sitenote_category":0},"product_brand":[],"product_cat":[12291,12711],"product_tag":[],"class_list":{"0":"post-768063","1":"product","2":"type-product","3":"status-publish","5":"product_cat-edebiyat","6":"product_cat-roman-oyku","7":"pa_cilt-ciltsiz","8":"pa_tur-kitap","9":"pa_yayinevi-domingo-yayinevi","10":"pa_yazar-donatella-di-pietrantonio","12":"first","13":"instock","14":"sale","15":"shipping-taxable","16":"purchasable","17":"product-type-simple"},"_links":{"self":[{"href":"https:\/\/roveyayinevi.com.tr\/index.php\/wp-json\/wp\/v2\/product\/768063","targetHints":{"allow":["GET"]}}],"collection":[{"href":"https:\/\/roveyayinevi.com.tr\/index.php\/wp-json\/wp\/v2\/product"}],"about":[{"href":"https:\/\/roveyayinevi.com.tr\/index.php\/wp-json\/wp\/v2\/types\/product"}],"wp:attachment":[{"href":"https:\/\/roveyayinevi.com.tr\/index.php\/wp-json\/wp\/v2\/media?parent=768063"}],"wp:term":[{"taxonomy":"product_brand","embeddable":true,"href":"https:\/\/roveyayinevi.com.tr\/index.php\/wp-json\/wp\/v2\/product_brand?post=768063"},{"taxonomy":"product_cat","embeddable":true,"href":"https:\/\/roveyayinevi.com.tr\/index.php\/wp-json\/wp\/v2\/product_cat?post=768063"},{"taxonomy":"product_tag","embeddable":true,"href":"https:\/\/roveyayinevi.com.tr\/index.php\/wp-json\/wp\/v2\/product_tag?post=768063"}],"curies":[{"name":"wp","href":"https:\/\/api.w.org\/{rel}","templated":true}]}}