{"id":768051,"date":"2025-08-28T13:07:58","date_gmt":"2025-08-28T10:07:58","guid":{"rendered":"https:\/\/roveyayinevi.com.tr\/index.php\/urun\/minikler-akademisi-2-renkler\/"},"modified":"2026-04-15T03:33:59","modified_gmt":"2026-04-15T00:33:59","slug":"minikler-akademisi-2-renkler","status":"publish","type":"product","link":"https:\/\/roveyayinevi.com.tr\/index.php\/urun\/minikler-akademisi-2-renkler\/","title":{"rendered":"Minikler Akademisi 2 &#8211; Renkler"},"content":{"rendered":"<p>Sevgili anne babalar, \u00e7ocu\u011funuza bu kitab\u0131 verin ve masan\u0131n u\u0308stu\u0308ne k\u0131rm\u0131z\u0131, sar\u0131, mavi, ye\u015fil ve siyah kalemler koyun. Her sayfan\u0131n alt\u0131nda bulunan y\u00f6nergeleri okuyun. Bu y\u00f6nergeler, \u00e7ocu\u011funuza renkleri \u00f6\u011fretmenin en kolay yolunu bulman\u0131z i\u00e7in size yard\u0131m edecektir. \u00d6\u011frenme su\u0308reci boyunca, renklerin isimlerini mu\u0308mku\u0308n oldu\u011funca fazla tekrar edin ve \u00e7ocu\u011fa etraf\u0131n\u0131zda bulunan \u00e7e\u015fitli objelerin rengini sorun. \u0130yi \u015fanslar! <\/p>\n","protected":false},"excerpt":{"rendered":"<p>Sevgili anne babalar, \u00e7ocu\u011funuza bu kitab\u0131 verin ve masan\u0131n u\u0308stu\u0308ne k\u0131rm\u0131z\u0131, sar\u0131, mavi, ye\u015fil ve siyah kalemler koyun. Her sayfan\u0131n alt\u0131nda bulunan y\u00f6nergeleri okuyun. Bu y\u00f6nergeler,<span class=\"excerpt-hellip\"> [\u2026]<\/span><\/p>\n","protected":false},"featured_media":0,"template":"","meta":{"_monsterinsights_skip_tracking":false,"_monsterinsights_sitenote_active":false,"_monsterinsights_sitenote_note":"","_monsterinsights_sitenote_category":0},"product_brand":[],"product_cat":[12274,15842],"product_tag":[],"class_list":{"0":"post-768051","1":"product","2":"type-product","3":"status-publish","5":"product_cat-cocuk-ve-genclik-kitaplari","6":"product_cat-egitici-kitaplar","7":"pa_cilt-ciltsiz","8":"pa_tur-kitap","9":"pa_yayinevi-eksik-parca-yayinlari","10":"pa_yazar-ilona-bakse","12":"first","13":"instock","14":"sale","15":"shipping-taxable","16":"purchasable","17":"product-type-simple"},"_links":{"self":[{"href":"https:\/\/roveyayinevi.com.tr\/index.php\/wp-json\/wp\/v2\/product\/768051","targetHints":{"allow":["GET"]}}],"collection":[{"href":"https:\/\/roveyayinevi.com.tr\/index.php\/wp-json\/wp\/v2\/product"}],"about":[{"href":"https:\/\/roveyayinevi.com.tr\/index.php\/wp-json\/wp\/v2\/types\/product"}],"wp:attachment":[{"href":"https:\/\/roveyayinevi.com.tr\/index.php\/wp-json\/wp\/v2\/media?parent=768051"}],"wp:term":[{"taxonomy":"product_brand","embeddable":true,"href":"https:\/\/roveyayinevi.com.tr\/index.php\/wp-json\/wp\/v2\/product_brand?post=768051"},{"taxonomy":"product_cat","embeddable":true,"href":"https:\/\/roveyayinevi.com.tr\/index.php\/wp-json\/wp\/v2\/product_cat?post=768051"},{"taxonomy":"product_tag","embeddable":true,"href":"https:\/\/roveyayinevi.com.tr\/index.php\/wp-json\/wp\/v2\/product_tag?post=768051"}],"curies":[{"name":"wp","href":"https:\/\/api.w.org\/{rel}","templated":true}]}}