{"id":768044,"date":"2025-08-28T13:07:46","date_gmt":"2025-08-28T10:07:46","guid":{"rendered":"https:\/\/roveyayinevi.com.tr\/index.php\/urun\/icimdeki-lider\/"},"modified":"2026-04-08T03:30:35","modified_gmt":"2026-04-08T00:30:35","slug":"icimdeki-lider","status":"publish","type":"product","link":"https:\/\/roveyayinevi.com.tr\/index.php\/urun\/icimdeki-lider\/","title":{"rendered":"\u0130\u00e7imdeki Lider"},"content":{"rendered":"<p>Liderlik etkisini art\u0131rmak isteyen herkes \u00f6nce kendi cevherini ke\u015ffederek, sonra ba\u015fkalar\u0131yla olan ili\u015fkilerini geli\u015ftirerek fark yaratabilir. D\u00fcnyada bir iz b\u0131rakman\u0131n ve her ili\u015fkimizde b\u00fct\u00fcn\u00fcn iyili\u011fi y\u00f6n\u00fcnde pozitif de\u011fi\u015fimi tetiklemenin yolu, \u00f6zbenli\u011fimizi tam anlam\u0131yla yans\u0131tabilmekten ve ba\u015fkalar\u0131n\u0131 da kapsayan \u00e7\u00f6z\u00fcmler \u00fcretebilmekten ge\u00e7er.   Liderlik ve Tak\u0131m Ko\u00e7u Duygu Alptekin G\u00fcrsu\u2019nun uzun y\u0131llara yay\u0131lan deneyimleri \u0131\u015f\u0131\u011f\u0131nda kaleme ald\u0131\u011f\u0131 \u0130\u00e7imdeki Lider, ya\u015fam\u0131n her alan\u0131nda lider olman\u0131n, i\u015f ya\u015fam\u0131ndan \u00f6zel ve sosyal ya\u015fama kadar t\u00fcm \u00e7evremizde d\u00f6n\u00fc\u015f\u00fcm yaratacak ad\u0131mlar atman\u0131n alt\u0131n anahtar\u0131n\u0131 sunuyor.     \u201cLiderli\u011fin ABC\u2019si denebilecek bir \u00e7al\u0131\u015fmaya imza att\u0131\u011f\u0131 i\u00e7in Duygu Alptekin G\u00fcrsu&#8217;yu kutluyorum. Liderlik kavram\u0131n\u0131n ne oldu\u011funu, hayat\u0131n her alan\u0131nda liderli\u011fin en etkili ve verimli bi\u00e7imde nas\u0131l kullan\u0131labilece\u011fini her kesimden okurun ilgisini \u00e7ekecek bir \u00fcslupla anlat\u0131yor. Bu anlamda, \u0130\u00e7imdeki Lider kucaklay\u0131c\u0131 bir kitap.\u201d \u2013Dr. Cem Kozlu, Eski Ba\u015fkan ve CEO, Coca-Cola, T\u00fcrk Hava Yollar\u0131, Yazar   &#8220;Liderlik, bilin\u00e7li se\u00e7imler yapmakt\u0131r. Her ad\u0131mda ve her d\u00f6neme\u00e7te \u00f6\u011freten dinamik bir s\u00fcre\u00e7tir. Duygu Alptekin Gursu, \u0130\u00e7imdeki Lider kitab\u0131nda bu yolculukta her liderin faydalanabilece\u011fi taze bak\u0131\u015f a\u00e7\u0131lar\u0131 ve benzersiz hik\u00e2yeler sunuyor.&#8221;   \u2013Greg Zlevor, Westwood International Ba\u015fkan\u0131, HopeMakers Collective Kurucusu,8 X Amazon\u2019da En \u00c7ok Satan Yazar\u201cDuygu\u2019nun liderlik koc\u0327lug\u0306u yaklas\u0327\u0131m\u0131, yo\u0308neticilerin liderlik becerilerini en u\u0308st seviyeye c\u0327\u0131karmas\u0131 konusunda hep c\u0327ok etkili olmus\u0327tur. Art\u0131k bu kitapla, onunla bire bir c\u0327al\u0131s\u0327ma s\u0327ans\u0131 bulamam\u0131s\u0327 her yo\u0308netici, Duygu\u2019nun pratik, samimi ve gerc\u0327ekc\u0327i tarz\u0131n\u0131 deneyimleyip kendi liderlik yolculug\u0306una c\u0327\u0131kma imka\u0302n\u0131 bulacak.\u201d\u2013Levent Gemici, Vodafone M\u00fc\u015fteri Operasyonlar\u0131, Toptan Sat\u0131\u015f ve Stratejiden Sorumlu \u0130cra Kurulu Ba\u015fkan Yard\u0131mc\u0131s\u0131 \u201cHer s\u0327eyin h\u0131zla tu\u0308ketildig\u0306i gu\u0308nu\u0308mu\u0308zde hic\u0327 tu\u0308kenmeyecek, hem kariyerinizin hem hayat\u0131n\u0131z\u0131n farkl\u0131 do\u0308nemlerinde do\u0308nu\u0308p do\u0308nu\u0308p bakacag\u0306\u0131n\u0131z bir harita I\u0307c\u0327imdeki Lider. Liderlig\u0306in nerede bas\u0327lad\u0131g\u0306\u0131n\u0131, ne kadar size o\u0308zel oldug\u0306unu anlamak, sadece kariyerinize deg\u0306il hayat\u0131n\u0131za da \u0131s\u0327\u0131k tutacak.\u201d\u2013Birim Go\u0308nu\u0308ls\u0327en O\u0308zyu\u0308rekli, VISA Gu\u0308neydog\u0306u Avrupa Pazarlama Bas\u0327kan\u0131 <\/p>\n","protected":false},"excerpt":{"rendered":"<p>Liderlik etkisini art\u0131rmak isteyen herkes \u00f6nce kendi cevherini ke\u015ffederek, sonra ba\u015fkalar\u0131yla olan ili\u015fkilerini geli\u015ftirerek fark yaratabilir. D\u00fcnyada bir iz b\u0131rakman\u0131n ve her ili\u015fkimizde b\u00fct\u00fcn\u00fcn iyili\u011fi y\u00f6n\u00fcnde<span class=\"excerpt-hellip\"> [\u2026]<\/span><\/p>\n","protected":false},"featured_media":0,"template":"","meta":{"_monsterinsights_skip_tracking":false,"_monsterinsights_sitenote_active":false,"_monsterinsights_sitenote_note":"","_monsterinsights_sitenote_category":0},"product_brand":[],"product_cat":[12364,12376],"product_tag":[],"class_list":{"0":"post-768044","1":"product","2":"type-product","3":"status-publish","5":"product_cat-genel-konular","6":"product_cat-kisisel-gelisim","7":"pa_cilt-ciltsiz","8":"pa_tur-kitap","9":"pa_yayinevi-muptela-yayinevi","10":"pa_yazar-duygu-alptekin-gursu","12":"first","13":"instock","14":"sale","15":"shipping-taxable","16":"purchasable","17":"product-type-simple"},"_links":{"self":[{"href":"https:\/\/roveyayinevi.com.tr\/index.php\/wp-json\/wp\/v2\/product\/768044","targetHints":{"allow":["GET"]}}],"collection":[{"href":"https:\/\/roveyayinevi.com.tr\/index.php\/wp-json\/wp\/v2\/product"}],"about":[{"href":"https:\/\/roveyayinevi.com.tr\/index.php\/wp-json\/wp\/v2\/types\/product"}],"wp:attachment":[{"href":"https:\/\/roveyayinevi.com.tr\/index.php\/wp-json\/wp\/v2\/media?parent=768044"}],"wp:term":[{"taxonomy":"product_brand","embeddable":true,"href":"https:\/\/roveyayinevi.com.tr\/index.php\/wp-json\/wp\/v2\/product_brand?post=768044"},{"taxonomy":"product_cat","embeddable":true,"href":"https:\/\/roveyayinevi.com.tr\/index.php\/wp-json\/wp\/v2\/product_cat?post=768044"},{"taxonomy":"product_tag","embeddable":true,"href":"https:\/\/roveyayinevi.com.tr\/index.php\/wp-json\/wp\/v2\/product_tag?post=768044"}],"curies":[{"name":"wp","href":"https:\/\/api.w.org\/{rel}","templated":true}]}}