{"id":768033,"date":"2025-08-28T13:07:23","date_gmt":"2025-08-28T10:07:23","guid":{"rendered":"https:\/\/roveyayinevi.com.tr\/index.php\/urun\/insan-haklari-hikayelerim\/"},"modified":"2026-04-15T03:33:59","modified_gmt":"2026-04-15T00:33:59","slug":"insan-haklari-hikayelerim","status":"publish","type":"product","link":"https:\/\/roveyayinevi.com.tr\/index.php\/urun\/insan-haklari-hikayelerim\/","title":{"rendered":"\u0130nsan Haklar\u0131 Hikayelerim"},"content":{"rendered":"<p>Yalan r\u00fczg\u00e2r\u0131n\u0131 kimin \u00fcf\u00fcrd\u00fc\u011f\u00fc \u00e7ok ge\u00e7meden ortaya \u00e7\u0131kt\u0131. Zaman\u0131n Bursa Valisi O\u011fuz Kaan K\u00f6ksal ve Bursa Emniyet M\u00fcd\u00fcr\u00fc H\u00fcseyin \u00c7apk\u0131n sabah\u0131n k\u00f6r\u00fcnde b\u00fct\u00fcn ajanslara haber vererek EMN\u0130YET\u0130N \u00d6N\u00dcNDE bir bas\u0131n toplant\u0131s\u0131 yapm\u0131\u015flar, eylem haz\u0131rl\u0131\u011f\u0131ndaki Ensar El \u0130slam \u00d6rg\u00fct\u00fcn\u00fc (!) nas\u0131lda su\u00e7\u00fcst\u00fc yapt\u0131klar\u0131n\u0131 balland\u0131ra balland\u0131ra t\u00fcm d\u00fcnyaya anlatm\u0131\u015flar. D\u00fc\u015f\u00fcn\u00fcn i\u00e7lerinde Allah\u2019\u0131n gariban s\u00fct\u00e7\u00fcs\u00fc ve toplama bilgisayarlardan r\u0131zk\u0131n\u0131 \u00e7\u0131karmaya \u00e7al\u0131\u015fan eski b\u00fcy\u00fck birlik\u00e7i gariban delikanl\u0131lar kendilerinin bile haberi olmadan uluslararas\u0131 ter\u00f6rist olarak damgalanm\u0131\u015flar. Savc\u0131ya h\u00e2kime ne hacet vali ve emniyet m\u00fcd\u00fcr\u00fc hemen orac\u0131kta vermi\u015fler h\u00fckm\u00fc. \u0130\u015fte b\u00f6yleydi bu adamlar, bunlar asl\u0131nda devletin hukuk d\u00fczenine 15 Temmuzdan \u00e7ok \u00f6nce de b\u00f6yle defalarca tecav\u00fcz ettiler ama o zamanlar \u00e7\u0131karlar\u0131 iktidarla \u00f6rt\u00fc\u015ft\u00fc\u011f\u00fc i\u00e7in ya g\u00f6r\u00fclmedi, ya da g\u00f6sterilmedi. \u2026. K\u0131sa bir ikram ve tan\u0131\u015fma fasl\u0131ndan sonra konsolos han\u0131m insan haklar\u0131 konu\u015facak oldu, daha birka\u00e7 c\u00fcmle kurmu\u015ftu ki araya girip s\u00f6z\u00fcn\u00fc kestim ve kusura bakmay\u0131n efendim Guantanamo orada olduk\u00e7a ben Amerika ile insan haklar\u0131 konu\u015fmam. D\u00fcnyada insan haklar\u0131n\u0131 en fazla ihlal eden bir devletin diplomat\u0131 ile insan haklar\u0131 konu\u015fmay\u0131 kendime z\u00fcl addederim dedim ve ilave ettim zaten sizin buraya geli\u015finizin ba\u015fka bir sebebi olmal\u0131, neyse onu a\u00e7\u0131k\u00e7a s\u00f6yleyin l\u00fctfen biz de ona g\u00f6re cevap verelim. Bu defa Ankara\u2019dan gelen ve T\u00fcrk\u00e7eyi de iyi bilen melez k\u0131z benim a\u00e7\u0131kl\u0131k politikam\u0131 sevmi\u015f olmal\u0131 ki do\u011frudan konuya girdi; \u201cBa\u015fkan\u0131m biz asl\u0131nda bir ara\u015ft\u0131rma yap\u0131yoruz ve size bir soru soraca\u011f\u0131z\u201d dedi. Buyurun sorun tabi zaten onun i\u00e7in gelmi\u015fsiniz dedim ve sordu, soru aynen \u015f\u00f6yleydi; \u201cG\u00fclen cemaati bir parti kurarsa sizce y\u00fczde ka\u00e7 oy al\u0131r?\u201d Hah \u015f\u00f6yle dedim ve hi\u00e7 sektirmeden cevab\u0131 yap\u0131\u015ft\u0131rd\u0131m. <\/p>\n","protected":false},"excerpt":{"rendered":"<p>Yalan r\u00fczg\u00e2r\u0131n\u0131 kimin \u00fcf\u00fcrd\u00fc\u011f\u00fc \u00e7ok ge\u00e7meden ortaya \u00e7\u0131kt\u0131. Zaman\u0131n Bursa Valisi O\u011fuz Kaan K\u00f6ksal ve Bursa Emniyet M\u00fcd\u00fcr\u00fc H\u00fcseyin \u00c7apk\u0131n sabah\u0131n k\u00f6r\u00fcnde b\u00fct\u00fcn ajanslara haber vererek<span class=\"excerpt-hellip\"> [\u2026]<\/span><\/p>\n","protected":false},"featured_media":0,"template":"","meta":{"_monsterinsights_skip_tracking":false,"_monsterinsights_sitenote_active":false,"_monsterinsights_sitenote_note":"","_monsterinsights_sitenote_category":0},"product_brand":[],"product_cat":[13590,12337],"product_tag":[],"class_list":{"0":"post-768033","1":"product","2":"type-product","3":"status-publish","5":"product_cat-arastirma-inceleme-politika-siyaset","6":"product_cat-politika-siyaset","7":"pa_cilt-ciltsiz","8":"pa_tur-kitap","9":"pa_yayinevi-soncag","10":"pa_yazar-sakir-caliskan","12":"first","13":"instock","14":"sale","15":"shipping-taxable","16":"purchasable","17":"product-type-simple"},"_links":{"self":[{"href":"https:\/\/roveyayinevi.com.tr\/index.php\/wp-json\/wp\/v2\/product\/768033","targetHints":{"allow":["GET"]}}],"collection":[{"href":"https:\/\/roveyayinevi.com.tr\/index.php\/wp-json\/wp\/v2\/product"}],"about":[{"href":"https:\/\/roveyayinevi.com.tr\/index.php\/wp-json\/wp\/v2\/types\/product"}],"wp:attachment":[{"href":"https:\/\/roveyayinevi.com.tr\/index.php\/wp-json\/wp\/v2\/media?parent=768033"}],"wp:term":[{"taxonomy":"product_brand","embeddable":true,"href":"https:\/\/roveyayinevi.com.tr\/index.php\/wp-json\/wp\/v2\/product_brand?post=768033"},{"taxonomy":"product_cat","embeddable":true,"href":"https:\/\/roveyayinevi.com.tr\/index.php\/wp-json\/wp\/v2\/product_cat?post=768033"},{"taxonomy":"product_tag","embeddable":true,"href":"https:\/\/roveyayinevi.com.tr\/index.php\/wp-json\/wp\/v2\/product_tag?post=768033"}],"curies":[{"name":"wp","href":"https:\/\/api.w.org\/{rel}","templated":true}]}}