{"id":768027,"date":"2025-08-28T13:07:05","date_gmt":"2025-08-28T10:07:05","guid":{"rendered":"https:\/\/roveyayinevi.com.tr\/index.php\/urun\/tanrilarin-adalari\/"},"modified":"2026-04-15T03:33:58","modified_gmt":"2026-04-15T00:33:58","slug":"tanrilarin-adalari","status":"publish","type":"product","link":"https:\/\/roveyayinevi.com.tr\/index.php\/urun\/tanrilarin-adalari\/","title":{"rendered":"Tanr\u0131lar\u0131n Adalar\u0131"},"content":{"rendered":"<p>NEW YORK TIMES \u00c7OKSATAN YAZARIAMIE KAUFMAN\u2019IN ETK\u0130LEY\u0130C\u0130 KALEM\u0130NDENCESUR B\u0130R DEN\u0130ZC\u0130N\u0130N NEFES KESEN H\u0130K\u00c2YES\u0130\u2026  Selly, hayat\u0131n\u0131 a\u00e7\u0131k denizlerde ge\u00e7irmeye yemin etmi\u015f bir kaptand\u0131r. Ona evi gibi hissettiren ba\u015fka bir yer daha yoktur. Ta ki babas\u0131 onu terk edip yeni bir maceraya at\u0131lana dek\u2026 Babas\u0131n\u0131n yan\u0131na gitmenin yollar\u0131n\u0131 ararken, hi\u00e7 beklemedi\u011fi bir anda kendisini Alinor\u2019un \u00e7apk\u0131n prensi Leander\u2019la birlikte, Tanr\u0131lar\u0131n Adalar\u0131\u2019nda kadim bir rit\u00fceli tamamlamak \u00fczere \u00e7\u0131kt\u0131klar\u0131 bir yolculukta bulur. Leander\u2019\u0131n b\u00fcy\u00fcc\u00fc oldu\u011fu apa\u00e7\u0131k bellidir ama as\u0131l tehlike ta\u015f\u0131d\u0131\u011f\u0131 s\u0131rlarda gizlidir. \u00c7\u0131kt\u0131klar\u0131 bu yolculuk, iki \u00fclkenin kaderini de\u011fi\u015ftirecek bir sava\u015fa ve okyanuslar\u0131n derinliklerinde uyuyan tanr\u0131lar\u0131n uyan\u0131\u015f\u0131na sebep olacakt\u0131r. Selly, denizlerin g\u00fcc\u00fcyle ba\u015f edebilir ancak ayn\u0131 anda Leander\u2019\u0131n a\u015fk\u0131 ve kendi do\u011frular\u0131yla ba\u015f etmek, sand\u0131\u011f\u0131 kadar kolay olmayacakt\u0131r. Denizden gelen her dalga, beraberinde yeni bir s\u0131rr\u0131 da getirecektir.  \u201cKaufman\u2019\u0131n do\u011fal bir \u015fekilde i\u015fledi\u011fi mitolojik \u00f6geler, macera dolu olay \u00f6rg\u00fcs\u00fcne ya da karakterler aras\u0131ndaki derin ba\u011flara hi\u00e7bir \u015fekilde g\u00f6lge d\u00fc\u015f\u00fcrm\u00fcyor.\u201d-Publishers Weekly.<\/p>\n","protected":false},"excerpt":{"rendered":"<p>NEW YORK TIMES \u00c7OKSATAN YAZARIAMIE KAUFMAN\u2019IN ETK\u0130LEY\u0130C\u0130 KALEM\u0130NDENCESUR B\u0130R DEN\u0130ZC\u0130N\u0130N NEFES KESEN H\u0130K\u00c2YES\u0130\u2026 Selly, hayat\u0131n\u0131 a\u00e7\u0131k denizlerde ge\u00e7irmeye yemin etmi\u015f bir kaptand\u0131r. Ona evi gibi hissettiren<span class=\"excerpt-hellip\"> [\u2026]<\/span><\/p>\n","protected":false},"featured_media":0,"template":"","meta":{"_monsterinsights_skip_tracking":false,"_monsterinsights_sitenote_active":false,"_monsterinsights_sitenote_note":"","_monsterinsights_sitenote_category":0},"product_brand":[],"product_cat":[12291,14777],"product_tag":[],"class_list":{"0":"post-768027","1":"product","2":"type-product","3":"status-publish","5":"product_cat-edebiyat","6":"product_cat-fantastik","7":"pa_cilt-ciltsiz","8":"pa_tur-kitap","9":"pa_yayinevi-nemesis-kitap","10":"pa_yazar-amie-kaufman","12":"first","13":"instock","14":"sale","15":"shipping-taxable","16":"purchasable","17":"product-type-simple"},"_links":{"self":[{"href":"https:\/\/roveyayinevi.com.tr\/index.php\/wp-json\/wp\/v2\/product\/768027","targetHints":{"allow":["GET"]}}],"collection":[{"href":"https:\/\/roveyayinevi.com.tr\/index.php\/wp-json\/wp\/v2\/product"}],"about":[{"href":"https:\/\/roveyayinevi.com.tr\/index.php\/wp-json\/wp\/v2\/types\/product"}],"wp:attachment":[{"href":"https:\/\/roveyayinevi.com.tr\/index.php\/wp-json\/wp\/v2\/media?parent=768027"}],"wp:term":[{"taxonomy":"product_brand","embeddable":true,"href":"https:\/\/roveyayinevi.com.tr\/index.php\/wp-json\/wp\/v2\/product_brand?post=768027"},{"taxonomy":"product_cat","embeddable":true,"href":"https:\/\/roveyayinevi.com.tr\/index.php\/wp-json\/wp\/v2\/product_cat?post=768027"},{"taxonomy":"product_tag","embeddable":true,"href":"https:\/\/roveyayinevi.com.tr\/index.php\/wp-json\/wp\/v2\/product_tag?post=768027"}],"curies":[{"name":"wp","href":"https:\/\/api.w.org\/{rel}","templated":true}]}}