{"id":768025,"date":"2025-08-28T13:07:01","date_gmt":"2025-08-28T10:07:01","guid":{"rendered":"https:\/\/roveyayinevi.com.tr\/index.php\/urun\/arzunin-psikomitolojisi\/"},"modified":"2026-04-15T03:33:58","modified_gmt":"2026-04-15T00:33:58","slug":"arzunin-psikomitolojisi","status":"publish","type":"product","link":"https:\/\/roveyayinevi.com.tr\/index.php\/urun\/arzunin-psikomitolojisi\/","title":{"rendered":"Arzun\u0131n Psikomitolojisi"},"content":{"rendered":"<p>D\u00fc\u015f\u00fc\u015f ve kendine yaslanarak yeniden aya\u011fa kalk\u0131\u015f, insan olman\u0131n tarihi ser\u00fcvenidir.   \u0130nsan en temelde arzu varl\u0131\u011f\u0131d\u0131r. Arzu, insan\u0131n ba\u015fkas\u0131yla kar\u015f\u0131la\u015fmas\u0131n\u0131n, ba\u015fkaya a\u00e7\u0131lmas\u0131n\u0131n ve nihayetinde ba\u015fkala\u015fmas\u0131n\u0131n imk\u00e2n\u0131d\u0131r. \u0130nsan arzulad\u0131\u011f\u0131 i\u00e7indir ki ne ise o olmayand\u0131r. Arzunun her y\u00f6neli\u015fi daima bir kendilik g\u00f6r\u00fcn\u00fc\u015f\u00fc olarak kar\u015f\u0131m\u0131za \u00e7\u0131kar. Do\u011fal olan\u0131 arzulamaktan tinsel olan\u0131 arzulamaya ve giderek arzulayan\u0131 arzulamaya ge\u00e7i\u015f hem reel tarihi hem de buna d\u00f6n\u00fck edebiyat\u0131, sanat\u0131, mitleri anlat\u0131sal bir kimlik olarak \u00f6n\u00fcm\u00fcze koyar. Tarihteki t\u00fcm ili\u015fkiler, erosun oklar\u0131ndan yani arzunun y\u00f6neli\u015flerinden olu\u015fmu\u015f bir b\u00fct\u00fcn olarak boylu boyunca \u00f6n\u00fcm\u00fczde uzan\u0131r. K\u00f6le-efendi ili\u015fkisinden ko\u015fulsuz \u015fefkate, ilkel y\u00f6netim bi\u00e7imlerinden demokrasiye, yeme i\u00e7me bi\u00e7imlerinden estetik g\u00f6r\u00fcye, totaliterlikten dostluk sevgisine, cennetten d\u00fc\u015f\u00fc\u015ften ilahi sevgiye kadar t\u00fcm g\u00f6r\u00fcn\u00fc\u015flerde kendini a\u00e7\u0131\u011fa vuran arzudan ba\u015fkas\u0131 de\u011fildir. Bizler arzular\u0131z ve arzunun maceras\u0131 bir erginlenme s\u00fcreci olarak hepimizin kendilik maceras\u0131d\u0131r. <\/p>\n","protected":false},"excerpt":{"rendered":"<p>D\u00fc\u015f\u00fc\u015f ve kendine yaslanarak yeniden aya\u011fa kalk\u0131\u015f, insan olman\u0131n tarihi ser\u00fcvenidir. \u0130nsan en temelde arzu varl\u0131\u011f\u0131d\u0131r. Arzu, insan\u0131n ba\u015fkas\u0131yla kar\u015f\u0131la\u015fmas\u0131n\u0131n, ba\u015fkaya a\u00e7\u0131lmas\u0131n\u0131n ve nihayetinde ba\u015fkala\u015fmas\u0131n\u0131n imk\u00e2n\u0131d\u0131r.<span class=\"excerpt-hellip\"> [\u2026]<\/span><\/p>\n","protected":false},"featured_media":0,"template":"","meta":{"_monsterinsights_skip_tracking":false,"_monsterinsights_sitenote_active":false,"_monsterinsights_sitenote_note":"","_monsterinsights_sitenote_category":0},"product_brand":[],"product_cat":[12388],"product_tag":[],"class_list":{"0":"post-768025","1":"product","2":"type-product","3":"status-publish","5":"product_cat-felsefe","6":"pa_cilt-ciltsiz","7":"pa_tur-kitap","8":"pa_yayinevi-destek-yayinlari","9":"pa_yazar-sadik-acar","11":"first","12":"instock","13":"sale","14":"shipping-taxable","15":"purchasable","16":"product-type-simple"},"_links":{"self":[{"href":"https:\/\/roveyayinevi.com.tr\/index.php\/wp-json\/wp\/v2\/product\/768025","targetHints":{"allow":["GET"]}}],"collection":[{"href":"https:\/\/roveyayinevi.com.tr\/index.php\/wp-json\/wp\/v2\/product"}],"about":[{"href":"https:\/\/roveyayinevi.com.tr\/index.php\/wp-json\/wp\/v2\/types\/product"}],"wp:attachment":[{"href":"https:\/\/roveyayinevi.com.tr\/index.php\/wp-json\/wp\/v2\/media?parent=768025"}],"wp:term":[{"taxonomy":"product_brand","embeddable":true,"href":"https:\/\/roveyayinevi.com.tr\/index.php\/wp-json\/wp\/v2\/product_brand?post=768025"},{"taxonomy":"product_cat","embeddable":true,"href":"https:\/\/roveyayinevi.com.tr\/index.php\/wp-json\/wp\/v2\/product_cat?post=768025"},{"taxonomy":"product_tag","embeddable":true,"href":"https:\/\/roveyayinevi.com.tr\/index.php\/wp-json\/wp\/v2\/product_tag?post=768025"}],"curies":[{"name":"wp","href":"https:\/\/api.w.org\/{rel}","templated":true}]}}