{"id":768010,"date":"2025-08-28T13:06:28","date_gmt":"2025-08-28T10:06:28","guid":{"rendered":"https:\/\/roveyayinevi.com.tr\/index.php\/urun\/minikler-akademisi-orman-hayvanlari\/"},"modified":"2026-04-15T03:33:58","modified_gmt":"2026-04-15T00:33:58","slug":"minikler-akademisi-orman-hayvanlari","status":"publish","type":"product","link":"https:\/\/roveyayinevi.com.tr\/index.php\/urun\/minikler-akademisi-orman-hayvanlari\/","title":{"rendered":"Minikler Akademisi \u2013 Orman Hayvanlar\u0131"},"content":{"rendered":"<p>Orman, \u00e7ocuklar i\u00e7in gizemli bir yerdir. \u00c7e\u015fitli canl\u0131larla doludur. Masallardan tan\u0131d\u0131\u011f\u0131 vah\u015fi hayvanlar\u0131 \u00f6\u011frenmesi i\u00e7in \u00e7ocu\u011funuza yard\u0131mc\u0131 olun. Bu etkinlik kitab\u0131, \u00e7ocu\u011funuzun orman hayvanlar\u0131 ile ilgili bilgilerini derinle\u015ftirmek i\u00e7in tasarland\u0131. Bu kitapta \u00e7ocu\u011funuz hem vah\u015fi hayvanlar\u0131 tan\u0131yacak hem de e\u011fitici kitaplardan \u00f6\u011frenmi\u015f oldu\u011fu bilgileri peki\u015ftirecek. Sorular, \u00e7ocuklar\u0131 konu\u015fmalar\u0131 i\u00e7in cesaretlendirecek ve du\u0308\u015fu\u0308ncelerini s\u00f6ylemelerini sa\u011flayacak. <\/p>\n","protected":false},"excerpt":{"rendered":"<p>Orman, \u00e7ocuklar i\u00e7in gizemli bir yerdir. \u00c7e\u015fitli canl\u0131larla doludur. Masallardan tan\u0131d\u0131\u011f\u0131 vah\u015fi hayvanlar\u0131 \u00f6\u011frenmesi i\u00e7in \u00e7ocu\u011funuza yard\u0131mc\u0131 olun. Bu etkinlik kitab\u0131, \u00e7ocu\u011funuzun orman hayvanlar\u0131 ile ilgili<span class=\"excerpt-hellip\"> [\u2026]<\/span><\/p>\n","protected":false},"featured_media":0,"template":"","meta":{"_monsterinsights_skip_tracking":false,"_monsterinsights_sitenote_active":false,"_monsterinsights_sitenote_note":"","_monsterinsights_sitenote_category":0},"product_brand":[],"product_cat":[12554,12274],"product_tag":[],"class_list":{"0":"post-768010","1":"product","2":"type-product","3":"status-publish","5":"product_cat-cikartmali-kitaplar","6":"product_cat-cocuk-ve-genclik-kitaplari","7":"pa_cilt-ciltsiz","8":"pa_tur-kitap","9":"pa_yayinevi-eksik-parca-yayinlari","10":"pa_yazar-ilona-bakse","12":"first","13":"instock","14":"sale","15":"shipping-taxable","16":"purchasable","17":"product-type-simple"},"_links":{"self":[{"href":"https:\/\/roveyayinevi.com.tr\/index.php\/wp-json\/wp\/v2\/product\/768010","targetHints":{"allow":["GET"]}}],"collection":[{"href":"https:\/\/roveyayinevi.com.tr\/index.php\/wp-json\/wp\/v2\/product"}],"about":[{"href":"https:\/\/roveyayinevi.com.tr\/index.php\/wp-json\/wp\/v2\/types\/product"}],"wp:attachment":[{"href":"https:\/\/roveyayinevi.com.tr\/index.php\/wp-json\/wp\/v2\/media?parent=768010"}],"wp:term":[{"taxonomy":"product_brand","embeddable":true,"href":"https:\/\/roveyayinevi.com.tr\/index.php\/wp-json\/wp\/v2\/product_brand?post=768010"},{"taxonomy":"product_cat","embeddable":true,"href":"https:\/\/roveyayinevi.com.tr\/index.php\/wp-json\/wp\/v2\/product_cat?post=768010"},{"taxonomy":"product_tag","embeddable":true,"href":"https:\/\/roveyayinevi.com.tr\/index.php\/wp-json\/wp\/v2\/product_tag?post=768010"}],"curies":[{"name":"wp","href":"https:\/\/api.w.org\/{rel}","templated":true}]}}