{"id":768009,"date":"2025-08-28T13:06:27","date_gmt":"2025-08-28T10:06:27","guid":{"rendered":"https:\/\/roveyayinevi.com.tr\/index.php\/urun\/minikler-akademisi-meyveler-ve-sebzeler\/"},"modified":"2026-04-15T03:33:58","modified_gmt":"2026-04-15T00:33:58","slug":"minikler-akademisi-meyveler-ve-sebzeler","status":"publish","type":"product","link":"https:\/\/roveyayinevi.com.tr\/index.php\/urun\/minikler-akademisi-meyveler-ve-sebzeler\/","title":{"rendered":"Minikler Akademisi \u2013 Meyveler ve Sebzeler"},"content":{"rendered":"<p>\u00c7ocuklar tabaklar\u0131ndaki bu\u0308tu\u0308n meyve ve sebzeleri bitirselerdi ve kalan tek \u015fey taba\u011f\u0131 y\u0131kamak olsayd\u0131 harika olurdu. Belki \u00e7ocuklar meyve ve sebzeleri daha yak\u0131ndan tan\u0131d\u0131klar\u0131nda bu mu\u0308mku\u0308n olabilir. Bu etkinlik kitab\u0131nda, \u00e7ocu\u011funuz meyve-sebzelerin nerede ve nas\u0131l yeti\u015fti\u011fini \u00f6\u011frenirken hangi hayvan\u0131n hangi meyve-sebzeyi sevdi\u011fini de bilecek. \u00c7ocuklar e\u011fitici kitaplarda \u00f6\u011frendikleri bilgileri peki\u015ftirecek ve kalem tutma becerilerini geli\u015ftirecek. <\/p>\n","protected":false},"excerpt":{"rendered":"<p>\u00c7ocuklar tabaklar\u0131ndaki bu\u0308tu\u0308n meyve ve sebzeleri bitirselerdi ve kalan tek \u015fey taba\u011f\u0131 y\u0131kamak olsayd\u0131 harika olurdu. Belki \u00e7ocuklar meyve ve sebzeleri daha yak\u0131ndan tan\u0131d\u0131klar\u0131nda bu mu\u0308mku\u0308n<span class=\"excerpt-hellip\"> [\u2026]<\/span><\/p>\n","protected":false},"featured_media":0,"template":"","meta":{"_monsterinsights_skip_tracking":false,"_monsterinsights_sitenote_active":false,"_monsterinsights_sitenote_note":"","_monsterinsights_sitenote_category":0},"product_brand":[],"product_cat":[12554,12274],"product_tag":[],"class_list":{"0":"post-768009","1":"product","2":"type-product","3":"status-publish","5":"product_cat-cikartmali-kitaplar","6":"product_cat-cocuk-ve-genclik-kitaplari","7":"pa_cilt-ciltsiz","8":"pa_tur-kitap","9":"pa_yayinevi-eksik-parca-yayinlari","10":"pa_yazar-ilona-bakse","12":"first","13":"instock","14":"sale","15":"shipping-taxable","16":"purchasable","17":"product-type-simple"},"_links":{"self":[{"href":"https:\/\/roveyayinevi.com.tr\/index.php\/wp-json\/wp\/v2\/product\/768009","targetHints":{"allow":["GET"]}}],"collection":[{"href":"https:\/\/roveyayinevi.com.tr\/index.php\/wp-json\/wp\/v2\/product"}],"about":[{"href":"https:\/\/roveyayinevi.com.tr\/index.php\/wp-json\/wp\/v2\/types\/product"}],"wp:attachment":[{"href":"https:\/\/roveyayinevi.com.tr\/index.php\/wp-json\/wp\/v2\/media?parent=768009"}],"wp:term":[{"taxonomy":"product_brand","embeddable":true,"href":"https:\/\/roveyayinevi.com.tr\/index.php\/wp-json\/wp\/v2\/product_brand?post=768009"},{"taxonomy":"product_cat","embeddable":true,"href":"https:\/\/roveyayinevi.com.tr\/index.php\/wp-json\/wp\/v2\/product_cat?post=768009"},{"taxonomy":"product_tag","embeddable":true,"href":"https:\/\/roveyayinevi.com.tr\/index.php\/wp-json\/wp\/v2\/product_tag?post=768009"}],"curies":[{"name":"wp","href":"https:\/\/api.w.org\/{rel}","templated":true}]}}