{"id":768004,"date":"2025-08-28T13:06:16","date_gmt":"2025-08-28T10:06:16","guid":{"rendered":"https:\/\/roveyayinevi.com.tr\/index.php\/urun\/dostum-bir-katil\/"},"modified":"2026-04-12T03:25:33","modified_gmt":"2026-04-12T00:25:33","slug":"dostum-bir-katil","status":"publish","type":"product","link":"https:\/\/roveyayinevi.com.tr\/index.php\/urun\/dostum-bir-katil\/","title":{"rendered":"Dostum Bir Katil"},"content":{"rendered":"<p>Herkesin bir s\u0131rr\u0131 vard\u0131r. Ama baz\u0131 s\u0131rlar, hayatlar\u0131 sonsuza dek de\u011fi\u015ftirir.   \u00d6zg\u00fcr\u2019\u00fcn s\u0131radan bir okul \u00e7\u0131k\u0131\u015f\u0131, eski bir tren istasyonunda g\u00f6rd\u00fckleriyle kabusa d\u00f6ner. Hayat\u0131 bir daha asla eskisi gibi olmayacakt\u0131r. Babas\u0131 Hikmet ise, o\u011flunu korumaya \u00e7al\u0131\u015f\u0131rken, kendini karanl\u0131k bir d\u00fcnyan\u0131n ortas\u0131nda bulur.   Bir intikam hikayesi mi? Yoksa kurtulu\u015fun bir bedeli mi? G\u00f6lge, adaleti kendi y\u00f6ntemleriyle sa\u011flamaya kararl\u0131. Ancak, her adalet aray\u0131\u015f\u0131 su\u00e7suz bir dostlu\u011fu g\u00f6lgeler mi?   &#8220;Dostum Bir Katil&#8221;, adalet, intikam ve masumiyet aras\u0131nda s\u0131k\u0131\u015fm\u0131\u015f insanlar\u0131n nefes kesen \u00f6yk\u00fcs\u00fcn\u00fc anlat\u0131yor. Her sayfas\u0131nda gerilim dolu bu roman, okurlar\u0131n\u0131 sonuna kadar koltuklar\u0131na m\u0131hlayacak.   \u201cDA\u011e EV\u0130 C\u0130NAYETLER\u0130\u201d yazar\u0131ndan&#8230; <\/p>\n","protected":false},"excerpt":{"rendered":"<p>Herkesin bir s\u0131rr\u0131 vard\u0131r. Ama baz\u0131 s\u0131rlar, hayatlar\u0131 sonsuza dek de\u011fi\u015ftirir. \u00d6zg\u00fcr\u2019\u00fcn s\u0131radan bir okul \u00e7\u0131k\u0131\u015f\u0131, eski bir tren istasyonunda g\u00f6rd\u00fckleriyle kabusa d\u00f6ner. Hayat\u0131 bir daha<span class=\"excerpt-hellip\"> [\u2026]<\/span><\/p>\n","protected":false},"featured_media":0,"template":"","meta":{"_monsterinsights_skip_tracking":false,"_monsterinsights_sitenote_active":false,"_monsterinsights_sitenote_note":"","_monsterinsights_sitenote_category":0},"product_brand":[],"product_cat":[12291,12711],"product_tag":[],"class_list":{"0":"post-768004","1":"product","2":"type-product","3":"status-publish","5":"product_cat-edebiyat","6":"product_cat-roman-oyku","7":"pa_cilt-ciltsiz","8":"pa_tur-kitap","9":"pa_yayinevi-doksan-dokuz-yayinlari","10":"pa_yazar-sabit-uzunel","12":"first","13":"instock","14":"sale","15":"shipping-taxable","16":"purchasable","17":"product-type-simple"},"_links":{"self":[{"href":"https:\/\/roveyayinevi.com.tr\/index.php\/wp-json\/wp\/v2\/product\/768004","targetHints":{"allow":["GET"]}}],"collection":[{"href":"https:\/\/roveyayinevi.com.tr\/index.php\/wp-json\/wp\/v2\/product"}],"about":[{"href":"https:\/\/roveyayinevi.com.tr\/index.php\/wp-json\/wp\/v2\/types\/product"}],"wp:attachment":[{"href":"https:\/\/roveyayinevi.com.tr\/index.php\/wp-json\/wp\/v2\/media?parent=768004"}],"wp:term":[{"taxonomy":"product_brand","embeddable":true,"href":"https:\/\/roveyayinevi.com.tr\/index.php\/wp-json\/wp\/v2\/product_brand?post=768004"},{"taxonomy":"product_cat","embeddable":true,"href":"https:\/\/roveyayinevi.com.tr\/index.php\/wp-json\/wp\/v2\/product_cat?post=768004"},{"taxonomy":"product_tag","embeddable":true,"href":"https:\/\/roveyayinevi.com.tr\/index.php\/wp-json\/wp\/v2\/product_tag?post=768004"}],"curies":[{"name":"wp","href":"https:\/\/api.w.org\/{rel}","templated":true}]}}