{"id":768001,"date":"2025-08-28T13:06:11","date_gmt":"2025-08-28T10:06:11","guid":{"rendered":"https:\/\/roveyayinevi.com.tr\/index.php\/urun\/liderligin-kadim-bilgisi\/"},"modified":"2026-04-15T03:33:58","modified_gmt":"2026-04-15T00:33:58","slug":"liderligin-kadim-bilgisi","status":"publish","type":"product","link":"https:\/\/roveyayinevi.com.tr\/index.php\/urun\/liderligin-kadim-bilgisi\/","title":{"rendered":"Liderli\u011fin Kadim Bilgisi"},"content":{"rendered":"<p>Liderlik, bir bilme ve uygulama y\u00f6ntemidir. Kadim \u00e7a\u011flardan g\u00fcn\u00fcm\u00fcze insan ili\u015fkileri bu bilgi etraf\u0131nda \u015fekillenip durur.   Elinizdeki kitap, k\u00fclt\u00fcr\u00fcm\u00fczden g\u00fcn\u00fcm\u00fcze incelikle dam\u0131t\u0131lm\u0131\u015f bir liderlik k\u0131lavuzu say\u0131labilir.   Ge\u00e7mi\u015f siyasetnamelerden de ilhamla \u00e7a\u011fda\u015f d\u00fcnyada liderli\u011fin nas\u0131l olabilece\u011fi meselesine yo\u011funla\u015f\u0131rken bir yol haritas\u0131 da \u00e7iziyor.   Yepyeni bak\u0131\u015f a\u00e7\u0131lar\u0131yla \u015fahsi vas\u0131flardan y\u00f6netim ilkelerine, erdemli bir liderin sahip olmas\u0131 gereken nitelikleri eklektik bir perspektifle ilgilisine a\u00e7\u0131yor\u2026 <\/p>\n","protected":false},"excerpt":{"rendered":"<p>Liderlik, bir bilme ve uygulama y\u00f6ntemidir. Kadim \u00e7a\u011flardan g\u00fcn\u00fcm\u00fcze insan ili\u015fkileri bu bilgi etraf\u0131nda \u015fekillenip durur. Elinizdeki kitap, k\u00fclt\u00fcr\u00fcm\u00fczden g\u00fcn\u00fcm\u00fcze incelikle dam\u0131t\u0131lm\u0131\u015f bir liderlik k\u0131lavuzu say\u0131labilir.<span class=\"excerpt-hellip\"> [\u2026]<\/span><\/p>\n","protected":false},"featured_media":0,"template":"","meta":{"_monsterinsights_skip_tracking":false,"_monsterinsights_sitenote_active":false,"_monsterinsights_sitenote_note":"","_monsterinsights_sitenote_category":0},"product_brand":[],"product_cat":[13043,19008],"product_tag":[],"class_list":{"0":"post-768001","1":"product","2":"type-product","3":"status-publish","5":"product_cat-ekonomi","6":"product_cat-yonetim","7":"pa_cilt-ciltsiz","8":"pa_tur-kitap","9":"pa_yayinevi-kapi-yayinlari","10":"pa_yazar-ibrahim-zeyd-gercik","12":"first","13":"instock","14":"sale","15":"shipping-taxable","16":"purchasable","17":"product-type-simple"},"_links":{"self":[{"href":"https:\/\/roveyayinevi.com.tr\/index.php\/wp-json\/wp\/v2\/product\/768001","targetHints":{"allow":["GET"]}}],"collection":[{"href":"https:\/\/roveyayinevi.com.tr\/index.php\/wp-json\/wp\/v2\/product"}],"about":[{"href":"https:\/\/roveyayinevi.com.tr\/index.php\/wp-json\/wp\/v2\/types\/product"}],"wp:attachment":[{"href":"https:\/\/roveyayinevi.com.tr\/index.php\/wp-json\/wp\/v2\/media?parent=768001"}],"wp:term":[{"taxonomy":"product_brand","embeddable":true,"href":"https:\/\/roveyayinevi.com.tr\/index.php\/wp-json\/wp\/v2\/product_brand?post=768001"},{"taxonomy":"product_cat","embeddable":true,"href":"https:\/\/roveyayinevi.com.tr\/index.php\/wp-json\/wp\/v2\/product_cat?post=768001"},{"taxonomy":"product_tag","embeddable":true,"href":"https:\/\/roveyayinevi.com.tr\/index.php\/wp-json\/wp\/v2\/product_tag?post=768001"}],"curies":[{"name":"wp","href":"https:\/\/api.w.org\/{rel}","templated":true}]}}