{"id":767995,"date":"2025-08-28T13:05:59","date_gmt":"2025-08-28T10:05:59","guid":{"rendered":"https:\/\/roveyayinevi.com.tr\/index.php\/urun\/avrasyada-jeopolitik-hesaplasma\/"},"modified":"2026-04-15T03:33:58","modified_gmt":"2026-04-15T00:33:58","slug":"avrasyada-jeopolitik-hesaplasma","status":"publish","type":"product","link":"https:\/\/roveyayinevi.com.tr\/index.php\/urun\/avrasyada-jeopolitik-hesaplasma\/","title":{"rendered":"Avrasya\u2019da Jeopolitik Hesapla\u015fma"},"content":{"rendered":"<p>\u201cBu kitapta yer verdi\u011fim, Ekim 2022\u2019den sonra Veryans\u0131nTv  \u2018Mavi Vatan\u2019 k\u00f6\u015fesinde yay\u0131nlad\u0131\u011f\u0131m makaleler, genelde Avrasya\u2019daki jeopolitik hesapla\u015fmaya gidi\u015fin 26 May\u0131s 2024 tarihine kadar s\u00f6z konusu olan ana olay ve hatlar\u0131n\u0131 sunmaktad\u0131r. Bundan \u00f6nceki kitab\u0131m\u0131n ad\u0131n\u0131n Jeopolitik F\u0131rt\u0131na oldu\u011funu hat\u0131rlat\u0131rsam neden bu kitab\u0131n ad\u0131n\u0131 Avrasya\u2019da Jeopolitik Hesapla\u015fma olarak belirledi\u011fim ortaya \u00e7\u0131kar. F\u0131rt\u0131na art\u0131k hesapla\u015fma d\u00f6nemine girmi\u015ftir. Dilerim 100 y\u0131ld\u0131r sava\u015f g\u00f6rmeyen, II. D\u00fcnya Sava\u015f\u0131 gibi milyonlar\u0131 yok eden bir sava\u015f\u0131n d\u0131\u015f\u0131nda kalabilmeyi ba\u015faran Cumhuriyetimizin ya\u015fayan nesilleri olarak, co\u011frafyam\u0131z\u0131n ve tarihimizin g\u00fcc\u00fcn\u00fc kullanarak jeopolitik hesapla\u015fman\u0131n d\u0131\u015f\u0131nda kal\u0131r\u0131z. Ancak unutulmamal\u0131d\u0131r ki, Avrasya\u2019n\u0131n kilit \u00fclkesi olarak bu hesapla\u015fmada Atlantik g\u00fc\u00e7lerinin yan\u0131nda sava\u015fmam\u0131z i\u00e7in her t\u00fcrl\u00fc bask\u0131, sindirme, tehdit ve gerekirse silahl\u0131 g\u00fc\u00e7 ile tehdit metotlar\u0131 kullan\u0131lacakt\u0131r.\u201d Do\u011fu Avrupa\u2019da ya\u015fanan Rusya-Ukrayna Sava\u015f\u0131, Ordado\u011fu\u2019da Hamas-\u0130srail \u00e7at\u0131\u015fmas\u0131 sonras\u0131 b\u00f6lgede ger\u00e7ekle\u015fen katliamlar, y\u0131llard\u0131r Suriye\u2019de olanlar&#8230; Peki ya sonras\u0131? ABD, Rusya, \u00c7in gibi \u201cb\u00fcy\u00fck akt\u00f6rler\u201d ve T\u00fcrkiye\u2019nin \u00e7evresinde ya\u015fananlar kar\u015f\u0131s\u0131nda ne yapaca\u011f\u0131 sorunu ise apayr\u0131 bir ba\u015fl\u0131k. Cem G\u00fcrdeniz Avrasya\u2019da Jepolotik Hesapla\u015fma adl\u0131 kitab\u0131nda son y\u0131llarda ya\u015fanan bildi\u011fimiz geli\u015fmelerin haricinde bilmedi\u011fimiz detaylar\u0131 da de\u011ferlendirerek t\u00fcm s\u00fcreci analiz edip T\u00fcrkiye\u2019nin ne yapmas\u0131 gerekti\u011fini ele al\u0131yor. <\/p>\n","protected":false},"excerpt":{"rendered":"<p>\u201cBu kitapta yer verdi\u011fim, Ekim 2022\u2019den sonra Veryans\u0131nTv \u2018Mavi Vatan\u2019 k\u00f6\u015fesinde yay\u0131nlad\u0131\u011f\u0131m makaleler, genelde Avrasya\u2019daki jeopolitik hesapla\u015fmaya gidi\u015fin 26 May\u0131s 2024 tarihine kadar s\u00f6z konusu olan<span class=\"excerpt-hellip\"> [\u2026]<\/span><\/p>\n","protected":false},"featured_media":0,"template":"","meta":{"_monsterinsights_skip_tracking":false,"_monsterinsights_sitenote_active":false,"_monsterinsights_sitenote_note":"","_monsterinsights_sitenote_category":0},"product_brand":[],"product_cat":[13590,12337],"product_tag":[],"class_list":{"0":"post-767995","1":"product","2":"type-product","3":"status-publish","5":"product_cat-arastirma-inceleme-politika-siyaset","6":"product_cat-politika-siyaset","7":"pa_cilt-ciltsiz","8":"pa_tur-kitap","9":"pa_yayinevi-kirmizi-kedi-yayinevi","10":"pa_yazar-cem-gurdeniz","12":"first","13":"instock","14":"sale","15":"shipping-taxable","16":"purchasable","17":"product-type-simple"},"_links":{"self":[{"href":"https:\/\/roveyayinevi.com.tr\/index.php\/wp-json\/wp\/v2\/product\/767995","targetHints":{"allow":["GET"]}}],"collection":[{"href":"https:\/\/roveyayinevi.com.tr\/index.php\/wp-json\/wp\/v2\/product"}],"about":[{"href":"https:\/\/roveyayinevi.com.tr\/index.php\/wp-json\/wp\/v2\/types\/product"}],"wp:attachment":[{"href":"https:\/\/roveyayinevi.com.tr\/index.php\/wp-json\/wp\/v2\/media?parent=767995"}],"wp:term":[{"taxonomy":"product_brand","embeddable":true,"href":"https:\/\/roveyayinevi.com.tr\/index.php\/wp-json\/wp\/v2\/product_brand?post=767995"},{"taxonomy":"product_cat","embeddable":true,"href":"https:\/\/roveyayinevi.com.tr\/index.php\/wp-json\/wp\/v2\/product_cat?post=767995"},{"taxonomy":"product_tag","embeddable":true,"href":"https:\/\/roveyayinevi.com.tr\/index.php\/wp-json\/wp\/v2\/product_tag?post=767995"}],"curies":[{"name":"wp","href":"https:\/\/api.w.org\/{rel}","templated":true}]}}