{"id":767993,"date":"2025-08-28T13:05:57","date_gmt":"2025-08-28T10:05:57","guid":{"rendered":"https:\/\/roveyayinevi.com.tr\/index.php\/urun\/futbol-yuvarlaktir\/"},"modified":"2026-04-15T03:33:58","modified_gmt":"2026-04-15T00:33:58","slug":"futbol-yuvarlaktir","status":"publish","type":"product","link":"https:\/\/roveyayinevi.com.tr\/index.php\/urun\/futbol-yuvarlaktir\/","title":{"rendered":"Futbol Yuvarlakt\u0131r"},"content":{"rendered":"<p>\u201cFutbol asla sadece futbol de\u011fildir\u201d, \u201ctop bir d\u00fcnyad\u0131r\u201d, \u201chayat futbola fena halde benzer\u201d ve daha nice uzun s\u00f6zlerin giri\u015f c\u00fcmleleri, futbolun ye\u015fil sahalarla s\u0131n\u0131rl\u0131 kalmad\u0131\u011f\u0131n\u0131n \u00f6zeti gibidir. \u0130\u015fin sosyolojik, ekonomik, sosyal boyutlar\u0131 bir kenara, futbola ili\u015fkin \u201cedebiyat\u201d metinleri, niteli\u011fi de g\u00f6z \u00f6n\u00fcnde bulunduruldu\u011funda parmakla say\u0131lacak kadard\u0131r. \u00c7a\u011fda\u015f sanat\u0131n ise bu k\u00fcresel spor dal\u0131n\u0131 ihmal etmedi\u011fini \u00e7ok iyi biliyoruz\u2026 Nihat \u00d6zdal, Futbol Yuvarlakt\u0131r kitab\u0131nda antik \u00e7a\u011flardan g\u00fcn\u00fcm\u00fcze futbolun k\u00fclt\u00fcrel yans\u0131malar\u0131n\u0131 oda\u011f\u0131na al\u0131yor. Rit\u00fcelden oyuna, \u00e7amurlu sahalardan son teknolojiyle donat\u0131lm\u0131\u015f arenalara, edebiyattan plastik sanatlara futboldan bahsetti\u011fimizde asl\u0131nda ne anlatt\u0131\u011f\u0131m\u0131z\u0131 kendi taktiksel dizili\u015fiyle ortaya koyuyor. \u201cBizim edebiyat\u0131m\u0131zda Orhan Kemal\u2019den Haldun Taner\u2019e ve \u00dclk\u00fc Tamer\u2019e s\u0131k\u0131f\u0131k\u0131 olmu\u015f \u00f6rneklere \u015fimdi yeni ku\u015fa\u011f\u0131n \u00f6nde gelen \u015fairi Nihat \u00d6zdal kat\u0131l\u0131yor Futbol Yuvarlakt\u0131r ile \u2013 g\u00fc\u00e7l\u00fc bir serbest vuru\u015f!\u201d Enis Batur <\/p>\n","protected":false},"excerpt":{"rendered":"<p>\u201cFutbol asla sadece futbol de\u011fildir\u201d, \u201ctop bir d\u00fcnyad\u0131r\u201d, \u201chayat futbola fena halde benzer\u201d ve daha nice uzun s\u00f6zlerin giri\u015f c\u00fcmleleri, futbolun ye\u015fil sahalarla s\u0131n\u0131rl\u0131 kalmad\u0131\u011f\u0131n\u0131n \u00f6zeti<span class=\"excerpt-hellip\"> [\u2026]<\/span><\/p>\n","protected":false},"featured_media":0,"template":"","meta":{"_monsterinsights_skip_tracking":false,"_monsterinsights_sitenote_active":false,"_monsterinsights_sitenote_note":"","_monsterinsights_sitenote_category":0},"product_brand":[],"product_cat":[15563,15564],"product_tag":[],"class_list":{"0":"post-767993","1":"product","2":"type-product","3":"status-publish","5":"product_cat-hobi","6":"product_cat-spor","7":"pa_cilt-ciltsiz","8":"pa_tur-kitap","9":"pa_yayinevi-kirmizi-kedi-yayinevi","10":"pa_yazar-nihat-ozdal","12":"first","13":"instock","14":"sale","15":"shipping-taxable","16":"purchasable","17":"product-type-simple"},"_links":{"self":[{"href":"https:\/\/roveyayinevi.com.tr\/index.php\/wp-json\/wp\/v2\/product\/767993","targetHints":{"allow":["GET"]}}],"collection":[{"href":"https:\/\/roveyayinevi.com.tr\/index.php\/wp-json\/wp\/v2\/product"}],"about":[{"href":"https:\/\/roveyayinevi.com.tr\/index.php\/wp-json\/wp\/v2\/types\/product"}],"wp:attachment":[{"href":"https:\/\/roveyayinevi.com.tr\/index.php\/wp-json\/wp\/v2\/media?parent=767993"}],"wp:term":[{"taxonomy":"product_brand","embeddable":true,"href":"https:\/\/roveyayinevi.com.tr\/index.php\/wp-json\/wp\/v2\/product_brand?post=767993"},{"taxonomy":"product_cat","embeddable":true,"href":"https:\/\/roveyayinevi.com.tr\/index.php\/wp-json\/wp\/v2\/product_cat?post=767993"},{"taxonomy":"product_tag","embeddable":true,"href":"https:\/\/roveyayinevi.com.tr\/index.php\/wp-json\/wp\/v2\/product_tag?post=767993"}],"curies":[{"name":"wp","href":"https:\/\/api.w.org\/{rel}","templated":true}]}}