{"id":767992,"date":"2025-08-28T13:05:55","date_gmt":"2025-08-28T10:05:55","guid":{"rendered":"https:\/\/roveyayinevi.com.tr\/index.php\/urun\/ikiz-divan\/"},"modified":"2026-04-15T03:33:58","modified_gmt":"2026-04-15T00:33:58","slug":"ikiz-divan","status":"publish","type":"product","link":"https:\/\/roveyayinevi.com.tr\/index.php\/urun\/ikiz-divan\/","title":{"rendered":"\u0130kiz Divan"},"content":{"rendered":"<p>S\u00f6yle, m\u00fcrekkepten kan kokusu gelmiyorsa neye yarar harfler, sesler, derin susmalar, Hayat bir bi\u00e7imde \u00f6z\u00fcn\u00fc vermeli k\u00e2\u011f\u0131da, hemen arkamda \u0131sl\u0131k \u00e7alsa mele\u011fin t\u0131rpan\u0131 d\u00f6ner dimdik bakar\u0131m, bilmesin korkar\u0131m. Bu \u015fiirler bu yaz\u0131lar ondand\u0131r k\u0131pk\u0131rm\u0131z\u0131, Paracelsus\u2019tan \u00f6\u011frendim imbik kullanmay\u0131, Agrippa\u2019dan uykusuz ocak ate\u015fini korumay\u0131, \u00f6yle damlatt\u0131m hokkama kalemin can suyunu tan\u0131r\u0131m kum saat\u0131ndan inen her taneyi \u2014 kendime i\u00e7inden ge\u00e7meye derin su se\u00e7tim. <\/p>\n","protected":false},"excerpt":{"rendered":"<p>S\u00f6yle, m\u00fcrekkepten kan kokusu gelmiyorsa neye yarar harfler, sesler, derin susmalar, Hayat bir bi\u00e7imde \u00f6z\u00fcn\u00fc vermeli k\u00e2\u011f\u0131da, hemen arkamda \u0131sl\u0131k \u00e7alsa mele\u011fin t\u0131rpan\u0131 d\u00f6ner dimdik bakar\u0131m,<span class=\"excerpt-hellip\"> [\u2026]<\/span><\/p>\n","protected":false},"featured_media":0,"template":"","meta":{"_monsterinsights_skip_tracking":false,"_monsterinsights_sitenote_active":false,"_monsterinsights_sitenote_note":"","_monsterinsights_sitenote_category":0},"product_brand":[],"product_cat":[12291,12509],"product_tag":[],"class_list":{"0":"post-767992","1":"product","2":"type-product","3":"status-publish","5":"product_cat-edebiyat","6":"product_cat-siir","7":"pa_cilt-ciltsiz","8":"pa_tur-kitap","9":"pa_yayinevi-kirmizi-kedi-yayinevi","10":"pa_yazar-enis-batur","12":"first","13":"instock","14":"sale","15":"shipping-taxable","16":"purchasable","17":"product-type-simple"},"_links":{"self":[{"href":"https:\/\/roveyayinevi.com.tr\/index.php\/wp-json\/wp\/v2\/product\/767992","targetHints":{"allow":["GET"]}}],"collection":[{"href":"https:\/\/roveyayinevi.com.tr\/index.php\/wp-json\/wp\/v2\/product"}],"about":[{"href":"https:\/\/roveyayinevi.com.tr\/index.php\/wp-json\/wp\/v2\/types\/product"}],"wp:attachment":[{"href":"https:\/\/roveyayinevi.com.tr\/index.php\/wp-json\/wp\/v2\/media?parent=767992"}],"wp:term":[{"taxonomy":"product_brand","embeddable":true,"href":"https:\/\/roveyayinevi.com.tr\/index.php\/wp-json\/wp\/v2\/product_brand?post=767992"},{"taxonomy":"product_cat","embeddable":true,"href":"https:\/\/roveyayinevi.com.tr\/index.php\/wp-json\/wp\/v2\/product_cat?post=767992"},{"taxonomy":"product_tag","embeddable":true,"href":"https:\/\/roveyayinevi.com.tr\/index.php\/wp-json\/wp\/v2\/product_tag?post=767992"}],"curies":[{"name":"wp","href":"https:\/\/api.w.org\/{rel}","templated":true}]}}