{"id":767984,"date":"2025-08-28T13:05:42","date_gmt":"2025-08-28T10:05:42","guid":{"rendered":"https:\/\/roveyayinevi.com.tr\/index.php\/urun\/english-phrasal-verbs\/"},"modified":"2026-04-15T03:33:57","modified_gmt":"2026-04-15T00:33:57","slug":"english-phrasal-verbs","status":"publish","type":"product","link":"https:\/\/roveyayinevi.com.tr\/index.php\/urun\/english-phrasal-verbs\/","title":{"rendered":"English Phrasal Verbs"},"content":{"rendered":"<p>Phrasal Verbs, \u0130ngilizce dilbilgisinde tek bir anlam\u0131 ifade eden bir veya daha fazla kelimeye (edatlar veya zarflar) sahip fiillerdir. Tek tek kelimeler ger\u00e7ek anlamlar\u0131ndan farkl\u0131 anlamlara sahip olarak kar\u015f\u0131m\u0131za \u00e7\u0131kar. Hatta \u00f6bek olu\u015fturduklar\u0131nda birka\u00e7 farkl\u0131 anlama da gelebilirler. Bu nedenle \u0130ngilizceyi yeni \u00f6\u011frenenler i\u00e7in kafa kar\u0131\u015ft\u0131r\u0131c\u0131 olsa da g\u00fcnl\u00fck konu\u015fmada \u00f6nemli bir yeri olan phrasal verbs konusu \u00f6nemsenmeli ve \u00f6\u011frenilmelidir; \u00e7\u00fcnk\u00fc baz\u0131 durumlarda eylemleri phrasal verb olmadan a\u00e7\u0131klaman\u0131z m\u00fcmk\u00fcn de\u011fildir. T\u00fcrk\u00e7ede genel olarak \u201cdeyimsel fiil\u201d olarak tan\u0131mlad\u0131\u011f\u0131m\u0131z, s\u00f6zc\u00fck \u00f6be\u011fi halindeki bu fiiller as\u0131l anlam\u0131ndan uzakla\u015f\u0131r veya mecazile\u015fir. Elinizdeki kitap, phrasal verb \u00f6\u011frenmenin zorlu\u011funu azaltmak i\u00e7in g\u00f6rsellerle desteklenerek haz\u0131rland\u0131. En s\u0131k kullan\u0131lan phrasal verbler en s\u0131k kullan\u0131lan anlamlar\u0131na g\u00f6re g\u00f6rselle\u015ftirildi. \u0130ngilizce \u00f6\u011frenmeye \u00e7al\u0131\u015fanlara a\u015fa\u011f\u0131daki konularda faydal\u0131 olaca\u011f\u0131n\u0131 umuyoruz. \u2022 Konu\u015furken ak\u0131c\u0131l\u0131\u011f\u0131 art\u0131rma \u2022 \u0130fadelerinize derinlik katma \u2022 Anadili \u0130ngilizce olanlar\u0131 anlamaya katk\u0131 sa\u011flama \u2022 Yazma becerilerini geli\u015ftirme Avusturyal\u0131 filozof Ludwig Wittgenstein, \u201cDilimin s\u0131n\u0131rlar\u0131 d\u00fcnyam\u0131n s\u0131n\u0131rlar\u0131d\u0131r.\u201d demi\u015f. D\u00fcnyan\u0131z\u0131n s\u0131n\u0131rlar\u0131n\u0131 geni\u015fletmeye katk\u0131s\u0131 olmas\u0131 dile\u011fi ile bu kitab\u0131 size sunuyoruz.<\/p>\n","protected":false},"excerpt":{"rendered":"<p>Phrasal Verbs, \u0130ngilizce dilbilgisinde tek bir anlam\u0131 ifade eden bir veya daha fazla kelimeye (edatlar veya zarflar) sahip fiillerdir. Tek tek kelimeler ger\u00e7ek anlamlar\u0131ndan farkl\u0131 anlamlara<span class=\"excerpt-hellip\"> [\u2026]<\/span><\/p>\n","protected":false},"featured_media":0,"template":"","meta":{"_monsterinsights_skip_tracking":false,"_monsterinsights_sitenote_active":false,"_monsterinsights_sitenote_note":"","_monsterinsights_sitenote_category":0},"product_brand":[],"product_cat":[14597,12566,14702],"product_tag":[],"class_list":{"0":"post-767984","1":"product","2":"type-product","3":"status-publish","5":"product_cat-dil-ogrenimi","6":"product_cat-egitim","7":"product_cat-ingilizce","8":"pa_cilt-ciltsiz","9":"pa_tur-kitap","10":"pa_yayinevi-yade-yayinlari","11":"pa_yazar-neslihan-demirbas","13":"first","14":"instock","15":"sale","16":"shipping-taxable","17":"purchasable","18":"product-type-simple"},"_links":{"self":[{"href":"https:\/\/roveyayinevi.com.tr\/index.php\/wp-json\/wp\/v2\/product\/767984","targetHints":{"allow":["GET"]}}],"collection":[{"href":"https:\/\/roveyayinevi.com.tr\/index.php\/wp-json\/wp\/v2\/product"}],"about":[{"href":"https:\/\/roveyayinevi.com.tr\/index.php\/wp-json\/wp\/v2\/types\/product"}],"wp:attachment":[{"href":"https:\/\/roveyayinevi.com.tr\/index.php\/wp-json\/wp\/v2\/media?parent=767984"}],"wp:term":[{"taxonomy":"product_brand","embeddable":true,"href":"https:\/\/roveyayinevi.com.tr\/index.php\/wp-json\/wp\/v2\/product_brand?post=767984"},{"taxonomy":"product_cat","embeddable":true,"href":"https:\/\/roveyayinevi.com.tr\/index.php\/wp-json\/wp\/v2\/product_cat?post=767984"},{"taxonomy":"product_tag","embeddable":true,"href":"https:\/\/roveyayinevi.com.tr\/index.php\/wp-json\/wp\/v2\/product_tag?post=767984"}],"curies":[{"name":"wp","href":"https:\/\/api.w.org\/{rel}","templated":true}]}}