{"id":767977,"date":"2025-08-28T13:05:28","date_gmt":"2025-08-28T10:05:28","guid":{"rendered":"https:\/\/roveyayinevi.com.tr\/index.php\/urun\/gecmisin-izi\/"},"modified":"2026-04-15T03:33:57","modified_gmt":"2026-04-15T00:33:57","slug":"gecmisin-izi","status":"publish","type":"product","link":"https:\/\/roveyayinevi.com.tr\/index.php\/urun\/gecmisin-izi\/","title":{"rendered":"Ge\u00e7mi\u015fin \u0130zi"},"content":{"rendered":"<p>Bir y\u0131la yak\u0131n, kendi \u00e7ap\u0131mda bir \u015feyler yaz\u0131yordum\u2026 Bir g\u00fcn anneme dan\u0131\u015fmaya karar verdim\u2026 \u2018\u2019Anne ben bir \u015feyler yazmak, hatta ortaya g\u00fczel \u015feyler \u00e7\u0131karsa kitap bast\u0131rmak, iyi bir yazar olmak istiyorum. Ama ba\u015farabilir miyim? Yazd\u0131klar\u0131m kayda de\u011fer \u015feyler olur mu? \u0130nsanlar okur mu?\u2019\u2019 Annem bana aynen \u015f\u00f6yle dedi: \u201cNeden ba\u015faramayacaks\u0131n ki? Yazanlar nas\u0131l yazd\u0131? Bence kesinlikle yazabilirsin. Hatta kitap bile \u00e7\u0131karabilirsin. \u015eu an sana ne laz\u0131m biliyor musun? \u00d6nce cesaret, sonra da bir kalem bir k\u00e2\u011f\u0131t\u2026\u201d Galiba annem hakl\u0131yd\u0131. Demek ki yaz\u0131labilir dedim ve daha istekle yazmaya ba\u015flad\u0131m. Bazen yoruldum, bazen ara verdim. Olmayacak, yazamayaca\u011f\u0131m diye korktu\u011fum zamanlar da oldu. Tam da o an Murat hocam \u00e7\u0131kt\u0131 kar\u015f\u0131ma\u2026 Sonra ne mi oldu? \u2018\u2019 Ge\u00e7mi\u015fin \u0130zi\u2019\u2019 \u00e7\u0131kt\u0131 ortaya\u2026 Uzun bir zaman sonra fark ettim ki: Yaz\u0131labilirmi\u015f, bazen istedi\u011finiz gibi olmasa da, her \u015fey yolunda gitmese de hayatta, Kurdu\u011funuz hayaller hep orada!.. Bir yerlerde sizi bekliyor, asla vazge\u00e7meyin. Unutmay\u0131n ki: Engeller ya fizikte ya da zihindedir sadece\u2026 Yazman\u0131za, hayal kurman\u0131za ve kurdu\u011funuz hayallerin pe\u015finde ko\u015fman\u0131za hi\u00e7 bir \u2018\u2019engel\u2019\u2019 yoktur\u2026 <\/p>\n","protected":false},"excerpt":{"rendered":"<p>Bir y\u0131la yak\u0131n, kendi \u00e7ap\u0131mda bir \u015feyler yaz\u0131yordum\u2026 Bir g\u00fcn anneme dan\u0131\u015fmaya karar verdim\u2026 \u2018\u2019Anne ben bir \u015feyler yazmak, hatta ortaya g\u00fczel \u015feyler \u00e7\u0131karsa kitap bast\u0131rmak,<span class=\"excerpt-hellip\"> [\u2026]<\/span><\/p>\n","protected":false},"featured_media":0,"template":"","meta":{"_monsterinsights_skip_tracking":false,"_monsterinsights_sitenote_active":false,"_monsterinsights_sitenote_note":"","_monsterinsights_sitenote_category":0},"product_brand":[],"product_cat":[12777,12291],"product_tag":[],"class_list":{"0":"post-767977","1":"product","2":"type-product","3":"status-publish","5":"product_cat-deneme","6":"product_cat-edebiyat","7":"pa_cilt-ciltsiz","8":"pa_tur-kitap","9":"pa_yayinevi-soncag","10":"pa_yazar-rojin-fatma-antil","12":"first","13":"instock","14":"sale","15":"shipping-taxable","16":"purchasable","17":"product-type-simple"},"_links":{"self":[{"href":"https:\/\/roveyayinevi.com.tr\/index.php\/wp-json\/wp\/v2\/product\/767977","targetHints":{"allow":["GET"]}}],"collection":[{"href":"https:\/\/roveyayinevi.com.tr\/index.php\/wp-json\/wp\/v2\/product"}],"about":[{"href":"https:\/\/roveyayinevi.com.tr\/index.php\/wp-json\/wp\/v2\/types\/product"}],"wp:attachment":[{"href":"https:\/\/roveyayinevi.com.tr\/index.php\/wp-json\/wp\/v2\/media?parent=767977"}],"wp:term":[{"taxonomy":"product_brand","embeddable":true,"href":"https:\/\/roveyayinevi.com.tr\/index.php\/wp-json\/wp\/v2\/product_brand?post=767977"},{"taxonomy":"product_cat","embeddable":true,"href":"https:\/\/roveyayinevi.com.tr\/index.php\/wp-json\/wp\/v2\/product_cat?post=767977"},{"taxonomy":"product_tag","embeddable":true,"href":"https:\/\/roveyayinevi.com.tr\/index.php\/wp-json\/wp\/v2\/product_tag?post=767977"}],"curies":[{"name":"wp","href":"https:\/\/api.w.org\/{rel}","templated":true}]}}