{"id":767972,"date":"2025-08-28T13:05:17","date_gmt":"2025-08-28T10:05:17","guid":{"rendered":"https:\/\/roveyayinevi.com.tr\/index.php\/urun\/son-dans-2\/"},"modified":"2026-04-15T03:33:57","modified_gmt":"2026-04-15T00:33:57","slug":"son-dans-2","status":"publish","type":"product","link":"https:\/\/roveyayinevi.com.tr\/index.php\/urun\/son-dans-2\/","title":{"rendered":"Son Dans"},"content":{"rendered":"<p>&#8220;Son Dans; Bir metafor, bazen de hayat\u0131n bir \u00e7eli\u015fkisi. Her bir dans\u0131n ba\u015flang\u0131c\u0131 ve bir sonu vard\u0131r. Her bir dans ki\u015fiye \u00f6zg\u00fcd\u00fcr ve her dans\u0131n farkl\u0131 bir yorumlamas\u0131 vard\u0131r. Bu kitab\u0131 elinde tutuyorsan; h\u00fczn\u00fcn, a\u015fk\u0131n, \u00e7aresizli\u011fin ve i\u00e7inde s\u00f6yleyemedi\u011fin duygular\u0131n d\u0131\u015fa vurumunun ac\u0131 ve bir o kadar da tatl\u0131 dans\u0131n\u0131 sen de yorumlayabilirsin. Bazen Son Dans&#8217;\u0131n ufak ad\u0131mlarla ba\u015flamas\u0131 gerekir, bu kitap bir ad\u0131md\u0131r. De\u011ferli okur, benimle \u015fiirler i\u00e7inde dans etme \u015ferefinde bulunur musun?\u201d<\/p>\n","protected":false},"excerpt":{"rendered":"<p>&#8220;Son Dans; Bir metafor, bazen de hayat\u0131n bir \u00e7eli\u015fkisi. Her bir dans\u0131n ba\u015flang\u0131c\u0131 ve bir sonu vard\u0131r. Her bir dans ki\u015fiye \u00f6zg\u00fcd\u00fcr ve her dans\u0131n farkl\u0131<span class=\"excerpt-hellip\"> [\u2026]<\/span><\/p>\n","protected":false},"featured_media":0,"template":"","meta":{"_monsterinsights_skip_tracking":false,"_monsterinsights_sitenote_active":false,"_monsterinsights_sitenote_note":"","_monsterinsights_sitenote_category":0},"product_brand":[],"product_cat":[12291,12509],"product_tag":[],"class_list":{"0":"post-767972","1":"product","2":"type-product","3":"status-publish","5":"product_cat-edebiyat","6":"product_cat-siir","7":"pa_cilt-ciltsiz","8":"pa_tur-kitap","9":"pa_yayinevi-elpis-yayinlari","10":"pa_yazar-tolga-berk-dokuyucu","12":"first","13":"instock","14":"sale","15":"shipping-taxable","16":"purchasable","17":"product-type-simple"},"_links":{"self":[{"href":"https:\/\/roveyayinevi.com.tr\/index.php\/wp-json\/wp\/v2\/product\/767972","targetHints":{"allow":["GET"]}}],"collection":[{"href":"https:\/\/roveyayinevi.com.tr\/index.php\/wp-json\/wp\/v2\/product"}],"about":[{"href":"https:\/\/roveyayinevi.com.tr\/index.php\/wp-json\/wp\/v2\/types\/product"}],"wp:attachment":[{"href":"https:\/\/roveyayinevi.com.tr\/index.php\/wp-json\/wp\/v2\/media?parent=767972"}],"wp:term":[{"taxonomy":"product_brand","embeddable":true,"href":"https:\/\/roveyayinevi.com.tr\/index.php\/wp-json\/wp\/v2\/product_brand?post=767972"},{"taxonomy":"product_cat","embeddable":true,"href":"https:\/\/roveyayinevi.com.tr\/index.php\/wp-json\/wp\/v2\/product_cat?post=767972"},{"taxonomy":"product_tag","embeddable":true,"href":"https:\/\/roveyayinevi.com.tr\/index.php\/wp-json\/wp\/v2\/product_tag?post=767972"}],"curies":[{"name":"wp","href":"https:\/\/api.w.org\/{rel}","templated":true}]}}