{"id":767956,"date":"2025-08-28T13:04:48","date_gmt":"2025-08-28T10:04:48","guid":{"rendered":"https:\/\/roveyayinevi.com.tr\/index.php\/urun\/fbi-tarihi-1908-2023\/"},"modified":"2026-04-15T03:33:57","modified_gmt":"2026-04-15T00:33:57","slug":"fbi-tarihi-1908-2023","status":"publish","type":"product","link":"https:\/\/roveyayinevi.com.tr\/index.php\/urun\/fbi-tarihi-1908-2023\/","title":{"rendered":"FBI Tarihi 1908-2023"},"content":{"rendered":"<p>AMER\u0130KAN \u0130\u00c7 \u0130ST\u0130HBARAT SERV\u0130S\u0130N\u0130N KURULU\u015eUNDAN G\u00dcN\u00dcM\u00dcZE KAPSAMLI TAR\u0130H\u0130 Daha \u00f6nce CIA\u2019ye dair ustal\u0131kl\u0131 eseriyle T\u00fcrk okuruyla bulu\u015fan Rhodri Jeffreys-Jones bu kez Amerika Birle\u015fik Devletleri\u2019nin i\u00e7 istihbarat birimi Federal Soru\u015fturma B\u00fcrosu, k\u0131saca FBI\u2019\u0131n dengeli ve eksiksiz bir portresini sunuyor. ABD istihbarat te\u015fkilatlar\u0131 konusunda tan\u0131nm\u0131\u015f bir uzman olan Rhodri Jeffreys-Jones, federal b\u00fcronun hik\u00e2yesini Amerikan tarihi ba\u011flam\u0131nda ele al\u0131yor. Anlat\u0131m\u0131nda al\u0131\u015f\u0131lagelmi\u015f kal\u0131plar\u0131 y\u0131k\u0131yor ve bir istihbarat kurumu olarak FBI&#8217;\u0131n g\u00fc\u00e7l\u00fc ve zay\u0131f y\u00f6nlerini de\u011ferlendirerek \u201c\u015faibeli\u201d ge\u00e7mi\u015fini k\u0131sa ve \u00f6z bir \u015fekilde anlat\u0131yor. Jeffreys-Jones FBI\u2019\u0131n kurulu\u015funu, resmi tarih olan 1908\u2019den \u00f6ncesine, 1870&#8217;lerde Ku Klux Klan&#8217;\u0131n ter\u00f6r eylemlerine kar\u015f\u0131 y\u00fcr\u00fct\u00fclen operasyonlara dayand\u0131r\u0131yor. FBI&#8217;\u0131n karakteri ve \u00f6neminin bu olaylara kar\u015f\u0131 y\u00fcr\u00fct\u00fclen faaliyetlerin ruhundan temel ald\u0131\u011f\u0131n\u0131 ileri s\u00fcrerek g\u00fcn\u00fcm\u00fcze kadar ge\u00e7irdi\u011fi a\u015famalar\u0131 ustal\u0131kla ele al\u0131yor. H\u00e2l\u00e2 kemikle\u015fmi\u015f bir b\u00fcrokrasinin y\u00f6netti\u011fi ve istedi\u011fi takdirde yetkisini k\u00f6t\u00fcye kullanabilece\u011fi ruhsat ve yetkiye sahip olan FBI\u2019\u0131n g\u00fcn\u00fcm\u00fcze uzanan tarihinin olumlu ve olumsuz y\u00f6nlerini g\u00f6zler \u00f6n\u00fcne seriyor. T\u00fcrk\u00e7ede Federal Soru\u015fturma B\u00fcrosu\u2019na ili\u015fkin ilk ve en g\u00fcncel eser olan elinizdeki kitab\u0131n bir di\u011fer \u00f6zelli\u011fi ise yazar\u0131n T\u00fcrk okurlar\u0131 i\u00e7in \u00f6zel olarak kaleme ald\u0131\u011f\u0131 2005-2023 aras\u0131 d\u00f6nem. T\u00fcrk\u00e7e bask\u0131 i\u00e7in yaz\u0131lan bu b\u00f6l\u00fcm, \u00f6zellikle 11 Eyl\u00fcl ve sonras\u0131nda ABD\u2019deki g\u00f6\u00e7menlere ve yabanc\u0131lara kar\u015f\u0131 resmi olarak nas\u0131l bak\u0131ld\u0131\u011f\u0131n\u0131 anlamak i\u00e7in mutlaka okunmas\u0131 gereken en g\u00fcncel bilgileri bar\u0131nd\u0131r\u0131yor. Rhodri Jeffreys-Jones&#8217;un bu kitab\u0131, Amerika&#8217;n\u0131n i\u00e7 hukukun uygulanmas\u0131, kar\u015f\u0131 istihbarat ve ter\u00f6rle m\u00fccadele konular\u0131nda en \u00f6nemli kurumu olan FBI \u00fczerine yap\u0131lan ola\u011fan\u00fcst\u00fc bir \u00e7al\u0131\u015fma<\/p>\n","protected":false},"excerpt":{"rendered":"<p>AMER\u0130KAN \u0130\u00c7 \u0130ST\u0130HBARAT SERV\u0130S\u0130N\u0130N KURULU\u015eUNDAN G\u00dcN\u00dcM\u00dcZE KAPSAMLI TAR\u0130H\u0130 Daha \u00f6nce CIA\u2019ye dair ustal\u0131kl\u0131 eseriyle T\u00fcrk okuruyla bulu\u015fan Rhodri Jeffreys-Jones bu kez Amerika Birle\u015fik Devletleri\u2019nin i\u00e7 istihbarat<span class=\"excerpt-hellip\"> [\u2026]<\/span><\/p>\n","protected":false},"featured_media":0,"template":"","meta":{"_monsterinsights_skip_tracking":false,"_monsterinsights_sitenote_active":false,"_monsterinsights_sitenote_note":"","_monsterinsights_sitenote_category":0},"product_brand":[],"product_cat":[13590,12337],"product_tag":[],"class_list":{"0":"post-767956","1":"product","2":"type-product","3":"status-publish","5":"product_cat-arastirma-inceleme-politika-siyaset","6":"product_cat-politika-siyaset","7":"pa_cilt-ciltsiz","8":"pa_tur-kitap","9":"pa_yayinevi-kronik-kitap","10":"pa_yazar-rhodri-jeffreys-jones","12":"first","13":"instock","14":"sale","15":"shipping-taxable","16":"purchasable","17":"product-type-simple"},"_links":{"self":[{"href":"https:\/\/roveyayinevi.com.tr\/index.php\/wp-json\/wp\/v2\/product\/767956","targetHints":{"allow":["GET"]}}],"collection":[{"href":"https:\/\/roveyayinevi.com.tr\/index.php\/wp-json\/wp\/v2\/product"}],"about":[{"href":"https:\/\/roveyayinevi.com.tr\/index.php\/wp-json\/wp\/v2\/types\/product"}],"wp:attachment":[{"href":"https:\/\/roveyayinevi.com.tr\/index.php\/wp-json\/wp\/v2\/media?parent=767956"}],"wp:term":[{"taxonomy":"product_brand","embeddable":true,"href":"https:\/\/roveyayinevi.com.tr\/index.php\/wp-json\/wp\/v2\/product_brand?post=767956"},{"taxonomy":"product_cat","embeddable":true,"href":"https:\/\/roveyayinevi.com.tr\/index.php\/wp-json\/wp\/v2\/product_cat?post=767956"},{"taxonomy":"product_tag","embeddable":true,"href":"https:\/\/roveyayinevi.com.tr\/index.php\/wp-json\/wp\/v2\/product_tag?post=767956"}],"curies":[{"name":"wp","href":"https:\/\/api.w.org\/{rel}","templated":true}]}}