{"id":767954,"date":"2025-08-28T13:04:45","date_gmt":"2025-08-28T10:04:45","guid":{"rendered":"https:\/\/roveyayinevi.com.tr\/index.php\/urun\/yunan-mitolojisi-2\/"},"modified":"2026-04-15T03:33:57","modified_gmt":"2026-04-15T00:33:57","slug":"yunan-mitolojisi-2","status":"publish","type":"product","link":"https:\/\/roveyayinevi.com.tr\/index.php\/urun\/yunan-mitolojisi-2\/","title":{"rendered":"Yunan Mitolojisi"},"content":{"rendered":"<p>\u00b7         Titanlar\u0131n Lideri ve Zaman\u0131n Tanr\u0131s\u0131; Kronos \u00b7         Tanr\u0131lar\u0131n Kral\u0131 ve Y\u0131ld\u0131r\u0131mlar\u0131n Tanr\u0131s\u0131; Zeus \u00b7         Denizlerin ve Depremlerin Tanr\u0131s\u0131; Poseidon \u00b7         \u00d6l\u00fcm\u00fcn ve Yeralt\u0131 D\u00fcnyas\u0131n\u0131n Tanr\u0131s\u0131; Hades \u00b7         Bilgeli\u011fin ve Sava\u015f\u0131n Tanr\u0131s\u0131; Athena \u00b7         G\u00fcne\u015fin ve T\u0131bb\u0131n Tanr\u0131s\u0131; Apollon \u00b7         Do\u011fan\u0131n ve Ay\u0131n Tanr\u0131s\u0131; Artemis \u00b7         Medusa\u2019y\u0131 alt eden Kahraman; Perseus \u00b7         Truva Sava\u015f\u0131\u2019n\u0131n ve Yunanlar\u0131n en \u00fcnl\u00fc kahraman\u0131; Achilles *** \u00b7         Tanr\u0131lar \u00b7         Titanlar \u00b7         Kahramanlar \u00b7         Canavarlar \u00b7         Sava\u015flar \u00b7         Rit\u00fceller \u00b7         Destans\u0131 Hikayeler \u00b7         Mistik Objeler \u00b7         Kehanetler \u00b7         Kutsal T\u00f6renler   Kronik Kitap\u2019\u0131n Mitoloji Serisi\u2019nin ilk kitab\u0131 Yunan Mitolojisi, 180\u2019den fazla g\u00f6rseliyle sizi mitolojik d\u00fcnyalar\u0131n b\u00fcy\u00fcleyici atmosferine davet ediyor. Antik \u00e7a\u011flardan g\u00fcn\u00fcm\u00fcze ula\u015fan bu zamans\u0131z hikayelerde, tanr\u0131lar\u0131n ve kahramanlar\u0131n inan\u0131lmaz ser\u00fcvenlerine tan\u0131kl\u0131k edeceksiniz. Herakles\u2019in destans\u0131 maceralar\u0131ndan Zeus\u2019un g\u00fcc\u00fc ve Athena\u2019n\u0131n bilgelik dolu hikayelerine kadar, Yunan mitolojisinin en \u00e7arp\u0131c\u0131 anlar\u0131n\u0131 ad\u0131m ad\u0131m ke\u015ffedeceksiniz. Yeralt\u0131 d\u00fcnyas\u0131n\u0131n karanl\u0131k dehlizlerinden Olympos Da\u011f\u0131\u2019n\u0131n zirvesine, Alt\u0131n Elma\u2019n\u0131n pe\u015findeki nefes kesen yolculuklardan denizlerin engin derinliklerine kadar sizi mitolojik bir zaman t\u00fcneline ta\u015f\u0131yan bu eser, g\u00f6rselleriyle de etkileyici bir deneyim sunuyor. Her bir g\u00f6rsel, hikayelerin b\u00fcy\u00fcleyici ruhunu yakalayarak sizi olaylar\u0131n tam merkezine yerle\u015ftiriyor. Mitolojinin b\u00fcy\u00fcl\u00fc d\u00fcnyas\u0131n\u0131 anlamak ve antik \u00e7a\u011flar\u0131n kadim bilgeli\u011fini ke\u015ffetmek isteyenler i\u00e7in Yunan Mitolojisi, yaln\u0131zca bir rehber de\u011fil, ayn\u0131 zamanda bir yol arkada\u015f\u0131. Hayal g\u00fcc\u00fcn\u00fcz\u00fc harekete ge\u00e7irecek, sizi bamba\u015fka diyarlara g\u00f6t\u00fcrecek ve mitolojiyi hissederek ya\u015faman\u0131za olanak tan\u0131yacak bu eser, herkesin k\u00fct\u00fcphanesinde yer almas\u0131 gereken bir ba\u015fyap\u0131t.<\/p>\n","protected":false},"excerpt":{"rendered":"<p>\u00b7 Titanlar\u0131n Lideri ve Zaman\u0131n Tanr\u0131s\u0131; Kronos \u00b7 Tanr\u0131lar\u0131n Kral\u0131 ve Y\u0131ld\u0131r\u0131mlar\u0131n Tanr\u0131s\u0131; Zeus \u00b7 Denizlerin ve Depremlerin Tanr\u0131s\u0131; Poseidon \u00b7 \u00d6l\u00fcm\u00fcn ve Yeralt\u0131 D\u00fcnyas\u0131n\u0131n Tanr\u0131s\u0131;<span class=\"excerpt-hellip\"> [\u2026]<\/span><\/p>\n","protected":false},"featured_media":0,"template":"","meta":{"_monsterinsights_skip_tracking":false,"_monsterinsights_sitenote_active":false,"_monsterinsights_sitenote_note":"","_monsterinsights_sitenote_category":0},"product_brand":[],"product_cat":[12718,12858],"product_tag":[],"class_list":{"0":"post-767954","1":"product","2":"type-product","3":"status-publish","5":"product_cat-din","6":"product_cat-mitolojiler","7":"pa_cilt-ciltsiz","8":"pa_tur-kitap","9":"pa_yayinevi-kronik-kitap","10":"pa_yazar-martin-j-dougherty","12":"first","13":"instock","14":"sale","15":"shipping-taxable","16":"purchasable","17":"product-type-simple"},"_links":{"self":[{"href":"https:\/\/roveyayinevi.com.tr\/index.php\/wp-json\/wp\/v2\/product\/767954","targetHints":{"allow":["GET"]}}],"collection":[{"href":"https:\/\/roveyayinevi.com.tr\/index.php\/wp-json\/wp\/v2\/product"}],"about":[{"href":"https:\/\/roveyayinevi.com.tr\/index.php\/wp-json\/wp\/v2\/types\/product"}],"wp:attachment":[{"href":"https:\/\/roveyayinevi.com.tr\/index.php\/wp-json\/wp\/v2\/media?parent=767954"}],"wp:term":[{"taxonomy":"product_brand","embeddable":true,"href":"https:\/\/roveyayinevi.com.tr\/index.php\/wp-json\/wp\/v2\/product_brand?post=767954"},{"taxonomy":"product_cat","embeddable":true,"href":"https:\/\/roveyayinevi.com.tr\/index.php\/wp-json\/wp\/v2\/product_cat?post=767954"},{"taxonomy":"product_tag","embeddable":true,"href":"https:\/\/roveyayinevi.com.tr\/index.php\/wp-json\/wp\/v2\/product_tag?post=767954"}],"curies":[{"name":"wp","href":"https:\/\/api.w.org\/{rel}","templated":true}]}}