{"id":767941,"date":"2025-08-28T13:04:21","date_gmt":"2025-08-28T10:04:21","guid":{"rendered":"https:\/\/roveyayinevi.com.tr\/index.php\/urun\/biyopolitikanin-otesi\/"},"modified":"2026-04-15T03:33:56","modified_gmt":"2026-04-15T00:33:56","slug":"biyopolitikanin-otesi","status":"publish","type":"product","link":"https:\/\/roveyayinevi.com.tr\/index.php\/urun\/biyopolitikanin-otesi\/","title":{"rendered":"Biyopolitikan\u0131n \u00d6tesi"},"content":{"rendered":"<p>11 Eyl\u00fcl sald\u0131r\u0131lar\u0131 \u00e7a\u011fda\u015f d\u00fcnyan\u0131n tarihinde bir k\u0131r\u0131lma noktas\u0131 oldu ve uluslararas\u0131 siyasetin \u00e7ehresini tan\u0131nmayacak \u00f6l\u00e7\u00fcde de\u011fi\u015ftirdi. Bu kitapta Fran\u00e7ois Debrix ve Alexander Barder, 11 Eyl\u00fcl\u2019den sonra Ter\u00f6re Kar\u015f\u0131 K\u00fcresel Sava\u015f ekseninde \u015fekillenen yeni uluslararas\u0131 d\u00fczende ya\u015fam\u0131, \u00f6l\u00fcm\u00fc, sava\u015f\u0131, deh\u015feti, korkuyu, \u015fiddeti ve ter\u00f6r\u00fc ele alan ele\u015ftirel biyopolitik yakla\u015f\u0131mlar\u0131n ve temsil \u00e7er\u00e7evelerinin kavramsal s\u0131n\u0131rlar\u0131n\u0131 a\u00e7\u0131\u011fa \u00e7\u0131kar\u0131yor. \u015eiddet tekelini elinde bulunduran modern devletlerin insan\u0131 ya\u015fatma, bedenleri y\u00f6netme ve y\u00f6nlendirme tertibatlar\u0131n\u0131n neredeyse iflas etti\u011fi, korku ve deh\u015fetin birer ara\u00e7 olmaktan \u00e7\u0131k\u0131p kendi ba\u015f\u0131na ama\u00e7 h\u00e2line geldi\u011fi, geleneksel biyopolitikan\u0131n \u00f6tesine ge\u00e7en yeni ve grotesk bir d\u00fcnya siyaseti tablosu sunuyor. Vietnam Sava\u015f\u0131\u2019n\u0131n ac\u0131mas\u0131zl\u0131\u011f\u0131ndan Ebu Gureyb hapishanesinin i\u015fkencelerine, Meksika\u2019daki uyu\u015fturucu kartellerinin narko-\u015fiddetinden El Kaide\u2019nin korkutucu taktiklerine kadar, devlet d\u0131\u015f\u0131 akt\u00f6rlerin de \u015fiddetin ba\u015fl\u0131ca failleri h\u00e2line geldikleri bir d\u00fcnyada bedenlerin par\u00e7aland\u0131\u011f\u0131, insan\u0131n insanl\u0131\u011f\u0131n\u0131n silindi\u011fi, korku ve deh\u015fetin mek\u00e2na ve zamana h\u00e2kim olmaya ba\u015flad\u0131\u011f\u0131 yeni bir d\u00fczenin mekanizmalar\u0131n\u0131 betimliyor ve bu mekanizmalar\u0131 anlamam\u0131za yard\u0131mc\u0131 olacak yeni kavramsal ara\u00e7lar sunuyor. \u015eiddetin yeni y\u00fczy\u0131lda nas\u0131l d\u00fczenlendi\u011fini ve me\u015frula\u015ft\u0131r\u0131ld\u0131\u011f\u0131n\u0131 sorgulayarak, okuru k\u00fcresel iktidar\u0131n karanl\u0131k boyutlar\u0131yla y\u00fczle\u015fmeye, \u201cdeh\u015fet \u00e7a\u011f\u0131nda\u201d direni\u015f ve d\u00f6n\u00fc\u015f\u00fcm olanaklar\u0131n\u0131 ke\u015ffetmeye davet ediyor.<\/p>\n","protected":false},"excerpt":{"rendered":"<p>11 Eyl\u00fcl sald\u0131r\u0131lar\u0131 \u00e7a\u011fda\u015f d\u00fcnyan\u0131n tarihinde bir k\u0131r\u0131lma noktas\u0131 oldu ve uluslararas\u0131 siyasetin \u00e7ehresini tan\u0131nmayacak \u00f6l\u00e7\u00fcde de\u011fi\u015ftirdi. Bu kitapta Fran\u00e7ois Debrix ve Alexander Barder, 11 Eyl\u00fcl\u2019den<span class=\"excerpt-hellip\"> [\u2026]<\/span><\/p>\n","protected":false},"featured_media":0,"template":"","meta":{"_monsterinsights_skip_tracking":false,"_monsterinsights_sitenote_active":false,"_monsterinsights_sitenote_note":"","_monsterinsights_sitenote_category":0},"product_brand":[],"product_cat":[12338,12337],"product_tag":[],"class_list":{"0":"post-767941","1":"product","2":"type-product","3":"status-publish","5":"product_cat-dunya-siyaseti-ve-politikasi","6":"product_cat-politika-siyaset","7":"pa_cilt-ciltsiz","8":"pa_tur-kitap","9":"pa_yayinevi-fol-kitap","10":"pa_yazar-francois-debrix-alexander-d-barder","12":"first","13":"instock","14":"sale","15":"shipping-taxable","16":"purchasable","17":"product-type-simple"},"_links":{"self":[{"href":"https:\/\/roveyayinevi.com.tr\/index.php\/wp-json\/wp\/v2\/product\/767941","targetHints":{"allow":["GET"]}}],"collection":[{"href":"https:\/\/roveyayinevi.com.tr\/index.php\/wp-json\/wp\/v2\/product"}],"about":[{"href":"https:\/\/roveyayinevi.com.tr\/index.php\/wp-json\/wp\/v2\/types\/product"}],"wp:attachment":[{"href":"https:\/\/roveyayinevi.com.tr\/index.php\/wp-json\/wp\/v2\/media?parent=767941"}],"wp:term":[{"taxonomy":"product_brand","embeddable":true,"href":"https:\/\/roveyayinevi.com.tr\/index.php\/wp-json\/wp\/v2\/product_brand?post=767941"},{"taxonomy":"product_cat","embeddable":true,"href":"https:\/\/roveyayinevi.com.tr\/index.php\/wp-json\/wp\/v2\/product_cat?post=767941"},{"taxonomy":"product_tag","embeddable":true,"href":"https:\/\/roveyayinevi.com.tr\/index.php\/wp-json\/wp\/v2\/product_tag?post=767941"}],"curies":[{"name":"wp","href":"https:\/\/api.w.org\/{rel}","templated":true}]}}