{"id":767922,"date":"2025-08-28T13:03:45","date_gmt":"2025-08-28T10:03:45","guid":{"rendered":"https:\/\/roveyayinevi.com.tr\/index.php\/urun\/derinlerde-bir-uyku-masali\/"},"modified":"2026-04-15T03:33:35","modified_gmt":"2026-04-15T00:33:35","slug":"derinlerde-bir-uyku-masali","status":"publish","type":"product","link":"https:\/\/roveyayinevi.com.tr\/index.php\/urun\/derinlerde-bir-uyku-masali\/","title":{"rendered":"Derinlerde Bir Uyku Masal\u0131"},"content":{"rendered":"<p>&#8220;Derinlerde Bir Uyku Masal\u0131&#8221;, \u00e7ocuklara \u00f6zellikle gece ve karanl\u0131k korkular\u0131yla nas\u0131l ba\u015fa \u00e7\u0131kacaklar\u0131n\u0131 anlatan bir yolculuk sunuyor. Sevimli Y\u00fczge\u00e7\u2019in karanl\u0131kla m\u00fccadelesi, \u00e7ocuklar\u0131n duygusal geli\u015fimine rehberlik ediyor. Hik\u00e2ye, g\u00fcven duygusunu peki\u015ftirirken, uyku \u00f6ncesi sakinle\u015fmeye yard\u0131mc\u0131 olacak \u00f6geler bar\u0131nd\u0131r\u0131yor. Ayn\u0131 zamanda, okyanus gibi b\u00fcy\u00fcleyici bir d\u00fcnyada ge\u00e7en hik\u00e2ye, \u00e7ocuklar\u0131n hayal g\u00fcc\u00fcn\u00fc geni\u015fletirken, onlar\u0131 korkular\u0131yla y\u00fczle\u015fmeye ve onlar\u0131 d\u00f6n\u00fc\u015ft\u00fcrmeye te\u015fvik ediyor.<\/p>\n","protected":false},"excerpt":{"rendered":"<p>&#8220;Derinlerde Bir Uyku Masal\u0131&#8221;, \u00e7ocuklara \u00f6zellikle gece ve karanl\u0131k korkular\u0131yla nas\u0131l ba\u015fa \u00e7\u0131kacaklar\u0131n\u0131 anlatan bir yolculuk sunuyor. Sevimli Y\u00fczge\u00e7\u2019in karanl\u0131kla m\u00fccadelesi, \u00e7ocuklar\u0131n duygusal geli\u015fimine rehberlik ediyor.<span class=\"excerpt-hellip\"> [\u2026]<\/span><\/p>\n","protected":false},"featured_media":0,"template":"","meta":{"_monsterinsights_skip_tracking":false,"_monsterinsights_sitenote_active":false,"_monsterinsights_sitenote_note":"","_monsterinsights_sitenote_category":0},"product_brand":[],"product_cat":[12274,12284],"product_tag":[],"class_list":{"0":"post-767922","1":"product","2":"type-product","3":"status-publish","5":"product_cat-cocuk-ve-genclik-kitaplari","6":"product_cat-hikayeler","7":"pa_cilt-ciltsiz","8":"pa_tur-kitap","9":"pa_yayinevi-timas-cocuk","10":"pa_yazar-emin-cagli","12":"first","13":"instock","14":"sale","15":"shipping-taxable","16":"purchasable","17":"product-type-simple"},"_links":{"self":[{"href":"https:\/\/roveyayinevi.com.tr\/index.php\/wp-json\/wp\/v2\/product\/767922","targetHints":{"allow":["GET"]}}],"collection":[{"href":"https:\/\/roveyayinevi.com.tr\/index.php\/wp-json\/wp\/v2\/product"}],"about":[{"href":"https:\/\/roveyayinevi.com.tr\/index.php\/wp-json\/wp\/v2\/types\/product"}],"wp:attachment":[{"href":"https:\/\/roveyayinevi.com.tr\/index.php\/wp-json\/wp\/v2\/media?parent=767922"}],"wp:term":[{"taxonomy":"product_brand","embeddable":true,"href":"https:\/\/roveyayinevi.com.tr\/index.php\/wp-json\/wp\/v2\/product_brand?post=767922"},{"taxonomy":"product_cat","embeddable":true,"href":"https:\/\/roveyayinevi.com.tr\/index.php\/wp-json\/wp\/v2\/product_cat?post=767922"},{"taxonomy":"product_tag","embeddable":true,"href":"https:\/\/roveyayinevi.com.tr\/index.php\/wp-json\/wp\/v2\/product_tag?post=767922"}],"curies":[{"name":"wp","href":"https:\/\/api.w.org\/{rel}","templated":true}]}}