{"id":767914,"date":"2025-08-28T13:03:29","date_gmt":"2025-08-28T10:03:29","guid":{"rendered":"https:\/\/roveyayinevi.com.tr\/index.php\/urun\/melekutun-kesfi\/"},"modified":"2026-04-15T03:33:35","modified_gmt":"2026-04-15T00:33:35","slug":"melekutun-kesfi","status":"publish","type":"product","link":"https:\/\/roveyayinevi.com.tr\/index.php\/urun\/melekutun-kesfi\/","title":{"rendered":"Melek\u00fctun Ke\u015ffi"},"content":{"rendered":"<p>Ulvi hallerin ve harikulade m\u00fcka\u015fefelerin renk renk g\u00f6mlekleri vard\u0131r. Nitekim Sevgili (sav) \u201cRabbimi en g\u00fczel surette g\u00f6rd\u00fcm.\u201d buyurmu\u015ftur. Ruzbih\u00e2n-i Bakl\u00ee&#8217;nin Mele\u00fbutun Ke\u015ffi isimli eseri m\u00fcellifin samimi ve sade bir \u00fcslupla \u00e2deta manevi otobiyografisini yazd\u0131\u011f\u0131 eseridir. M\u00fcellifin ruhsal yolculuk, murakabe ve m\u00fc\u015fahede benzeri tasavvufi kavramlara dair kendi tecr\u00fcbelerini okuyaca\u011f\u0131n\u0131z bu eser, Ruzbih\u00e2n-i Bakl\u00ee k\u00fclliyat\u0131n\u0131n ikinci eserini olu\u015fturmaktad\u0131r. Eser, ayn\u0131 zamanda m\u00fcellifin hayat\u0131na ve d\u00f6nemin tasavvufi, k\u00fclt\u00fcrel ve sosyal ya\u015fant\u0131s\u0131na dair de \u00f6nemli izler ta\u015f\u0131maktad\u0131r.Bakl\u00ee&#8217;nin tasavvufi g\u00f6r\u00fc\u015f\u00fcn\u00fcn merkezi gayb \u00e2lemine dayan\u0131r. Melek\u00fbt \u00e2lemi olarak ifade etti\u011fi bu d\u00fcnyaya \u00f6ylesine cezbolmu\u015ftur ki yazd\u0131\u011f\u0131 pek \u00e7ok eserde bu s\u0131rl\u0131 d\u00fcnya ve ya\u015fad\u0131klar\u0131 hakk\u0131nda bilgiler payla\u015fm\u0131\u015ft\u0131r.<\/p>\n","protected":false},"excerpt":{"rendered":"<p>Ulvi hallerin ve harikulade m\u00fcka\u015fefelerin renk renk g\u00f6mlekleri vard\u0131r. Nitekim Sevgili (sav) \u201cRabbimi en g\u00fczel surette g\u00f6rd\u00fcm.\u201d buyurmu\u015ftur. Ruzbih\u00e2n-i Bakl\u00ee&#8217;nin Mele\u00fbutun Ke\u015ffi isimli eseri m\u00fcellifin samimi<span class=\"excerpt-hellip\"> [\u2026]<\/span><\/p>\n","protected":false},"featured_media":0,"template":"","meta":{"_monsterinsights_skip_tracking":false,"_monsterinsights_sitenote_active":false,"_monsterinsights_sitenote_note":"","_monsterinsights_sitenote_category":0},"product_brand":[],"product_cat":[12718,12719,15238],"product_tag":[],"class_list":{"0":"post-767914","1":"product","2":"type-product","3":"status-publish","5":"product_cat-din","6":"product_cat-islam","7":"product_cat-tasavvuf","8":"pa_cilt-ciltsiz","9":"pa_tur-kitap","10":"pa_yayinevi-sufi-kitap","11":"pa_yazar-ruzbihan-bakli","13":"first","14":"instock","15":"sale","16":"shipping-taxable","17":"purchasable","18":"product-type-simple"},"_links":{"self":[{"href":"https:\/\/roveyayinevi.com.tr\/index.php\/wp-json\/wp\/v2\/product\/767914","targetHints":{"allow":["GET"]}}],"collection":[{"href":"https:\/\/roveyayinevi.com.tr\/index.php\/wp-json\/wp\/v2\/product"}],"about":[{"href":"https:\/\/roveyayinevi.com.tr\/index.php\/wp-json\/wp\/v2\/types\/product"}],"wp:attachment":[{"href":"https:\/\/roveyayinevi.com.tr\/index.php\/wp-json\/wp\/v2\/media?parent=767914"}],"wp:term":[{"taxonomy":"product_brand","embeddable":true,"href":"https:\/\/roveyayinevi.com.tr\/index.php\/wp-json\/wp\/v2\/product_brand?post=767914"},{"taxonomy":"product_cat","embeddable":true,"href":"https:\/\/roveyayinevi.com.tr\/index.php\/wp-json\/wp\/v2\/product_cat?post=767914"},{"taxonomy":"product_tag","embeddable":true,"href":"https:\/\/roveyayinevi.com.tr\/index.php\/wp-json\/wp\/v2\/product_tag?post=767914"}],"curies":[{"name":"wp","href":"https:\/\/api.w.org\/{rel}","templated":true}]}}