{"id":767906,"date":"2025-08-28T13:03:16","date_gmt":"2025-08-28T10:03:16","guid":{"rendered":"https:\/\/roveyayinevi.com.tr\/index.php\/urun\/edebiyatin-ilhamiyla-taylor-swift\/"},"modified":"2026-04-15T03:33:35","modified_gmt":"2026-04-15T00:33:35","slug":"edebiyatin-ilhamiyla-taylor-swift","status":"publish","type":"product","link":"https:\/\/roveyayinevi.com.tr\/index.php\/urun\/edebiyatin-ilhamiyla-taylor-swift\/","title":{"rendered":"Edebiyat\u0131n \u0130lham\u0131yla Taylor Swift"},"content":{"rendered":"<p>\u00c7a\u011f\u0131m\u0131z\u0131n en b\u00fcy\u00fck y\u0131ld\u0131z\u0131 Taylor Swift\u2019in s\u00f6z yazarl\u0131\u011f\u0131na ilham olmu\u015f kederli \u015fairler kim?Alb\u00fcmlerinin bize f\u0131s\u0131ldad\u0131\u011f\u0131 hik\u00e2yeler ne?Taylor Swift\u2019in m\u00fczi\u011fi, Shakespeare&#8217;den Bront\u00eb karde\u015flere, F. Scott Fitzgerald\u2019dan Sylvia Plath\u2019e kadar edebiyat tarihine iz b\u0131rakm\u0131\u015f pek \u00e7ok yazar\u0131n eserinden ilhamla dolu.Haz\u0131rsan\u0131z, hep birlikte Swift&#8217;in alb\u00fcmlerini edebiyat\u0131n merce\u011finden inceleyecek ve onun yarat\u0131c\u0131 y\u00f6n\u00fcne dair yepyeni bir bak\u0131\u015f a\u00e7\u0131s\u0131 kazanaca\u011f\u0131z.Renkli ill\u00fcstrasyonlar\u0131, tematik \u00e7alma listeleri ve kitap \u00f6nerileriyle Edebiyat\u0131n \u0130lham\u0131yla Taylor Swift m\u00fczi\u011fin edebiyatla ili\u015fkisine dair keyifli bir rehber&#8230; <\/p>\n","protected":false},"excerpt":{"rendered":"<p>\u00c7a\u011f\u0131m\u0131z\u0131n en b\u00fcy\u00fck y\u0131ld\u0131z\u0131 Taylor Swift\u2019in s\u00f6z yazarl\u0131\u011f\u0131na ilham olmu\u015f kederli \u015fairler kim?Alb\u00fcmlerinin bize f\u0131s\u0131ldad\u0131\u011f\u0131 hik\u00e2yeler ne?Taylor Swift\u2019in m\u00fczi\u011fi, Shakespeare&#8217;den Bront\u00eb karde\u015flere, F. Scott Fitzgerald\u2019dan Sylvia<span class=\"excerpt-hellip\"> [\u2026]<\/span><\/p>\n","protected":false},"featured_media":0,"template":"","meta":{"_monsterinsights_skip_tracking":false,"_monsterinsights_sitenote_active":false,"_monsterinsights_sitenote_note":"","_monsterinsights_sitenote_category":0},"product_brand":[],"product_cat":[12291,12509],"product_tag":[],"class_list":{"0":"post-767906","1":"product","2":"type-product","3":"status-publish","5":"product_cat-edebiyat","6":"product_cat-siir","7":"pa_cilt-ciltsiz","8":"pa_tur-kitap","9":"pa_yayinevi-yuzu-kitap","10":"pa_yazar-rachel-feder-tiffany-tatreau","12":"first","13":"instock","14":"sale","15":"shipping-taxable","16":"purchasable","17":"product-type-simple"},"_links":{"self":[{"href":"https:\/\/roveyayinevi.com.tr\/index.php\/wp-json\/wp\/v2\/product\/767906","targetHints":{"allow":["GET"]}}],"collection":[{"href":"https:\/\/roveyayinevi.com.tr\/index.php\/wp-json\/wp\/v2\/product"}],"about":[{"href":"https:\/\/roveyayinevi.com.tr\/index.php\/wp-json\/wp\/v2\/types\/product"}],"wp:attachment":[{"href":"https:\/\/roveyayinevi.com.tr\/index.php\/wp-json\/wp\/v2\/media?parent=767906"}],"wp:term":[{"taxonomy":"product_brand","embeddable":true,"href":"https:\/\/roveyayinevi.com.tr\/index.php\/wp-json\/wp\/v2\/product_brand?post=767906"},{"taxonomy":"product_cat","embeddable":true,"href":"https:\/\/roveyayinevi.com.tr\/index.php\/wp-json\/wp\/v2\/product_cat?post=767906"},{"taxonomy":"product_tag","embeddable":true,"href":"https:\/\/roveyayinevi.com.tr\/index.php\/wp-json\/wp\/v2\/product_tag?post=767906"}],"curies":[{"name":"wp","href":"https:\/\/api.w.org\/{rel}","templated":true}]}}