{"id":767904,"date":"2025-08-28T13:03:11","date_gmt":"2025-08-28T10:03:11","guid":{"rendered":"https:\/\/roveyayinevi.com.tr\/index.php\/urun\/kralin-donusu-2\/"},"modified":"2026-04-15T03:33:35","modified_gmt":"2026-04-15T00:33:35","slug":"kralin-donusu-2","status":"publish","type":"product","link":"https:\/\/roveyayinevi.com.tr\/index.php\/urun\/kralin-donusu-2\/","title":{"rendered":"Kral\u0131n D\u00f6n\u00fc\u015f\u00fc"},"content":{"rendered":"<p>2013 y\u0131l\u0131nda Samuel Johnson \u00d6d\u00fcl\u00fc\u2019ne aday g\u00f6sterilen Kral\u0131n D\u00f6n\u00fc\u015f\u00fc \u2013 Afganistan\u2019da \u0130ktidar Sava\u015flar\u0131, Birinci Afgan Sava\u015f\u0131\u2019n\u0131n her iki taraftaki unutulmaz karakterlerin hayatlar\u0131 \u00fczerinden anlat\u0131ld\u0131\u011f\u0131 bir analiz.   \u00d6d\u00fcll\u00fc tarih\u00e7i William Dalrymple\u2019\u0131n Britanya\u2019n\u0131n en b\u00fcy\u00fck emperyal felaketini ustal\u0131kla yeniden anlatt\u0131\u011f\u0131 bu eser, s\u00f6m\u00fcrgeci h\u0131rs, k\u00fclt\u00fcrel \u00e7arp\u0131\u015fma ve kibrin g\u00fcn\u00fcm\u00fcz i\u00e7in g\u00fc\u00e7l\u00fc, \u00f6nemli bir benzetmesidir. Ayn\u0131 zamanda 19. y\u00fczy\u0131l Afganistan\u2019\u0131n\u0131n karma\u015f\u0131k siyasi ve sosyal dokusuna bir yolculuktur. Bu dikkatle haz\u0131rlanm\u0131\u015f \u00e7al\u0131\u015fma, d\u00f6nemin g\u00fc\u00e7 dinamiklerini, diplomatik manevralar\u0131n\u0131 ve toplumsal de\u011fi\u015fimlerini derinlemesine ele al\u0131rken ayn\u0131 zamanda g\u00fcn\u00fcm\u00fcz Orta Asya politikalar\u0131na \u0131\u015f\u0131k tutan \u00f6nemli paralellikler kuruyor.   Dalrymple\u2019\u0131n titiz ara\u015ft\u0131rmas\u0131 ve ak\u0131c\u0131 anlat\u0131m\u0131, okuyucuya sadece ge\u00e7mi\u015fi anlamak i\u00e7in de\u011fil ayn\u0131 zamanda g\u00fcn\u00fcm\u00fcz jeopolitik karma\u015f\u0131kl\u0131klar\u0131n\u0131 \u00e7\u00f6z\u00fcmlemek i\u00e7in de de\u011ferli bir perspektif sunuyor.<\/p>\n","protected":false},"excerpt":{"rendered":"<p>2013 y\u0131l\u0131nda Samuel Johnson \u00d6d\u00fcl\u00fc\u2019ne aday g\u00f6sterilen Kral\u0131n D\u00f6n\u00fc\u015f\u00fc \u2013 Afganistan\u2019da \u0130ktidar Sava\u015flar\u0131, Birinci Afgan Sava\u015f\u0131\u2019n\u0131n her iki taraftaki unutulmaz karakterlerin hayatlar\u0131 \u00fczerinden anlat\u0131ld\u0131\u011f\u0131 bir analiz.<span class=\"excerpt-hellip\"> [\u2026]<\/span><\/p>\n","protected":false},"featured_media":0,"template":"","meta":{"_monsterinsights_skip_tracking":false,"_monsterinsights_sitenote_active":false,"_monsterinsights_sitenote_note":"","_monsterinsights_sitenote_category":0},"product_brand":[],"product_cat":[12291,12711],"product_tag":[],"class_list":{"0":"post-767904","1":"product","2":"type-product","3":"status-publish","5":"product_cat-edebiyat","6":"product_cat-roman-oyku","7":"pa_cilt-ciltsiz","8":"pa_tur-kitap","9":"pa_yayinevi-albaraka-yayinlari","10":"pa_yazar-william-dalrymple","12":"first","13":"instock","14":"sale","15":"shipping-taxable","16":"purchasable","17":"product-type-simple"},"_links":{"self":[{"href":"https:\/\/roveyayinevi.com.tr\/index.php\/wp-json\/wp\/v2\/product\/767904","targetHints":{"allow":["GET"]}}],"collection":[{"href":"https:\/\/roveyayinevi.com.tr\/index.php\/wp-json\/wp\/v2\/product"}],"about":[{"href":"https:\/\/roveyayinevi.com.tr\/index.php\/wp-json\/wp\/v2\/types\/product"}],"wp:attachment":[{"href":"https:\/\/roveyayinevi.com.tr\/index.php\/wp-json\/wp\/v2\/media?parent=767904"}],"wp:term":[{"taxonomy":"product_brand","embeddable":true,"href":"https:\/\/roveyayinevi.com.tr\/index.php\/wp-json\/wp\/v2\/product_brand?post=767904"},{"taxonomy":"product_cat","embeddable":true,"href":"https:\/\/roveyayinevi.com.tr\/index.php\/wp-json\/wp\/v2\/product_cat?post=767904"},{"taxonomy":"product_tag","embeddable":true,"href":"https:\/\/roveyayinevi.com.tr\/index.php\/wp-json\/wp\/v2\/product_tag?post=767904"}],"curies":[{"name":"wp","href":"https:\/\/api.w.org\/{rel}","templated":true}]}}