{"id":767892,"date":"2025-08-28T13:02:48","date_gmt":"2025-08-28T10:02:48","guid":{"rendered":"https:\/\/roveyayinevi.com.tr\/index.php\/urun\/kipcak-turkleri-ve-kipcaklarin-bugunu\/"},"modified":"2025-11-12T11:13:45","modified_gmt":"2025-11-12T08:13:45","slug":"kipcak-turkleri-ve-kipcaklarin-bugunu","status":"publish","type":"product","link":"https:\/\/roveyayinevi.com.tr\/index.php\/urun\/kipcak-turkleri-ve-kipcaklarin-bugunu\/","title":{"rendered":"K\u0131p\u00e7ak T\u00fcrkleri ve K\u0131p\u00e7aklar\u0131n Bug\u00fcn\u00fc"},"content":{"rendered":"<p>Bu eser, K\u0131p\u00e7aklar\u0131n ilk d\u00f6nemlerini, K\u0131p\u00e7aklar\u0131n bir d\u00f6nem i\u00e7inde olduklar\u0131 \u00c7ik ve Kimek kavimlerini, sonras\u0131nda K\u0131p\u00e7aklar\u0131n kuvvetli ve n\u00fcfuslu bir \u015fekilde ortaya \u00e7\u0131karak boylar h\u00e2linde Avrupa\u2019ya do\u011fru g\u00f6\u00e7 edi\u015flerini okuyacaks\u0131n\u0131z. K\u0131p\u00e7aklar\u0131n, 13. y\u00fczy\u0131ldan sonraki d\u00f6nemde ne olduklar\u0131, nereye kaybolduklar\u0131 konusu, me\u00e7hul kalm\u0131\u015ft\u0131r. Bu kitap, K\u0131p\u00e7aklar\u0131n tarihini, ya\u015fant\u0131s\u0131n\u0131 bug\u00fcne kadar getirip, anlatmaktad\u0131r.   Tu\u011frul KOR\u00dcREK ilk kitab\u0131 \u201cBa\u015flang\u0131\u00e7tan Bug\u00fcne T\u00fcrk Halklar\u0131 ve Alt Boylar\u0131\u201dndan sonra bize K\u0131p\u00e7aklarla ilgili yeni olgular\u0131 ve bilinmeyenleri sunmu\u015ftur.<\/p>\n","protected":false},"excerpt":{"rendered":"<p>Bu eser, K\u0131p\u00e7aklar\u0131n ilk d\u00f6nemlerini, K\u0131p\u00e7aklar\u0131n bir d\u00f6nem i\u00e7inde olduklar\u0131 \u00c7ik ve Kimek kavimlerini, sonras\u0131nda K\u0131p\u00e7aklar\u0131n kuvvetli ve n\u00fcfuslu bir \u015fekilde ortaya \u00e7\u0131karak boylar h\u00e2linde Avrupa\u2019ya<span class=\"excerpt-hellip\"> [\u2026]<\/span><\/p>\n","protected":false},"featured_media":0,"template":"","meta":{"_monsterinsights_skip_tracking":false,"_monsterinsights_sitenote_active":false,"_monsterinsights_sitenote_note":"","_monsterinsights_sitenote_category":0},"product_brand":[],"product_cat":[12304],"product_tag":[],"class_list":{"0":"post-767892","1":"product","2":"type-product","3":"status-publish","5":"product_cat-tarih","6":"pa_cilt-ciltsiz","7":"pa_tur-kitap","8":"pa_yayinevi-luna-yayinlari","9":"pa_yazar-tugrul-korurek","11":"first","12":"instock","13":"sale","14":"shipping-taxable","15":"purchasable","16":"product-type-simple"},"_links":{"self":[{"href":"https:\/\/roveyayinevi.com.tr\/index.php\/wp-json\/wp\/v2\/product\/767892","targetHints":{"allow":["GET"]}}],"collection":[{"href":"https:\/\/roveyayinevi.com.tr\/index.php\/wp-json\/wp\/v2\/product"}],"about":[{"href":"https:\/\/roveyayinevi.com.tr\/index.php\/wp-json\/wp\/v2\/types\/product"}],"wp:attachment":[{"href":"https:\/\/roveyayinevi.com.tr\/index.php\/wp-json\/wp\/v2\/media?parent=767892"}],"wp:term":[{"taxonomy":"product_brand","embeddable":true,"href":"https:\/\/roveyayinevi.com.tr\/index.php\/wp-json\/wp\/v2\/product_brand?post=767892"},{"taxonomy":"product_cat","embeddable":true,"href":"https:\/\/roveyayinevi.com.tr\/index.php\/wp-json\/wp\/v2\/product_cat?post=767892"},{"taxonomy":"product_tag","embeddable":true,"href":"https:\/\/roveyayinevi.com.tr\/index.php\/wp-json\/wp\/v2\/product_tag?post=767892"}],"curies":[{"name":"wp","href":"https:\/\/api.w.org\/{rel}","templated":true}]}}