{"id":767872,"date":"2025-08-28T13:02:09","date_gmt":"2025-08-28T10:02:09","guid":{"rendered":"https:\/\/roveyayinevi.com.tr\/index.php\/urun\/cocuklar-icin-su-alti-yasami-ansiklopedisi-ciltli\/"},"modified":"2026-04-15T03:33:34","modified_gmt":"2026-04-15T00:33:34","slug":"cocuklar-icin-su-alti-yasami-ansiklopedisi-ciltli","status":"publish","type":"product","link":"https:\/\/roveyayinevi.com.tr\/index.php\/urun\/cocuklar-icin-su-alti-yasami-ansiklopedisi-ciltli\/","title":{"rendered":"\u00c7ocuklar i\u00e7in Su Alt\u0131 Ya\u015fam\u0131 Ansiklopedisi (Ciltli)"},"content":{"rendered":"<p>K\u0131talar\u0131 biliyoruz, kutup ay\u0131lar\u0131n\u0131n Kuzey Kutbu\u2018nda ya\u015fad\u0131\u011f\u0131n\u0131 ve aslanlar ile \u00e7italar\u0131n ekvator yak\u0131nlar\u0131ndaki du\u0308zlu\u0308klerde gezdi\u011fini&#8230; Peki, okyanuslar\u0131n tuzlu sular\u0131nda hangi canl\u0131lar\u0131n su\u0308zu\u0308ldu\u0308\u011fu\u0308nu\u0308 hi\u00e7 merak ettin mi? Bu kitab\u0131n sayfalar\u0131 aras\u0131nda, dal\u0131\u015f yapmadan denizalt\u0131 du\u0308nyas\u0131n\u0131 kendi g\u00f6zlerinle g\u00f6rebileceksin. Mercan resiflerini inceleyip du\u0308nyan\u0131n en tuhaf bal\u0131klar\u0131yla tan\u0131\u015fmak i\u00e7in kilometrelerce derinliklere ineceksin. K\u00f6pekbal\u0131klar\u0131n\u0131n ve balinalar\u0131n di\u015flerini g\u00f6recek ve sardalya su\u0308ru\u0308leriyle birlikte yu\u0308zeceksin. Denizalt\u0131n\u0131n renkli du\u0308nyas\u0131nda bir yolculu\u011fa \u00e7\u0131kmaya haz\u0131r m\u0131s\u0131n?<\/p>\n","protected":false},"excerpt":{"rendered":"<p>K\u0131talar\u0131 biliyoruz, kutup ay\u0131lar\u0131n\u0131n Kuzey Kutbu\u2018nda ya\u015fad\u0131\u011f\u0131n\u0131 ve aslanlar ile \u00e7italar\u0131n ekvator yak\u0131nlar\u0131ndaki du\u0308zlu\u0308klerde gezdi\u011fini&#8230; Peki, okyanuslar\u0131n tuzlu sular\u0131nda hangi canl\u0131lar\u0131n su\u0308zu\u0308ldu\u0308\u011fu\u0308nu\u0308 hi\u00e7 merak ettin mi?<span class=\"excerpt-hellip\"> [\u2026]<\/span><\/p>\n","protected":false},"featured_media":0,"template":"","meta":{"_monsterinsights_skip_tracking":false,"_monsterinsights_sitenote_active":false,"_monsterinsights_sitenote_note":"","_monsterinsights_sitenote_category":0},"product_brand":[],"product_cat":[12274,12284],"product_tag":[],"class_list":{"0":"post-767872","1":"product","2":"type-product","3":"status-publish","5":"product_cat-cocuk-ve-genclik-kitaplari","6":"product_cat-hikayeler","7":"pa_cilt-ciltli","8":"pa_tur-kitap","9":"pa_yayinevi-ketebe-yayinlari","10":"pa_yazar-bohdana-jarosova","12":"first","13":"instock","14":"sale","15":"shipping-taxable","16":"purchasable","17":"product-type-simple"},"_links":{"self":[{"href":"https:\/\/roveyayinevi.com.tr\/index.php\/wp-json\/wp\/v2\/product\/767872","targetHints":{"allow":["GET"]}}],"collection":[{"href":"https:\/\/roveyayinevi.com.tr\/index.php\/wp-json\/wp\/v2\/product"}],"about":[{"href":"https:\/\/roveyayinevi.com.tr\/index.php\/wp-json\/wp\/v2\/types\/product"}],"wp:attachment":[{"href":"https:\/\/roveyayinevi.com.tr\/index.php\/wp-json\/wp\/v2\/media?parent=767872"}],"wp:term":[{"taxonomy":"product_brand","embeddable":true,"href":"https:\/\/roveyayinevi.com.tr\/index.php\/wp-json\/wp\/v2\/product_brand?post=767872"},{"taxonomy":"product_cat","embeddable":true,"href":"https:\/\/roveyayinevi.com.tr\/index.php\/wp-json\/wp\/v2\/product_cat?post=767872"},{"taxonomy":"product_tag","embeddable":true,"href":"https:\/\/roveyayinevi.com.tr\/index.php\/wp-json\/wp\/v2\/product_tag?post=767872"}],"curies":[{"name":"wp","href":"https:\/\/api.w.org\/{rel}","templated":true}]}}