{"id":767870,"date":"2025-08-28T13:02:06","date_gmt":"2025-08-28T10:02:06","guid":{"rendered":"https:\/\/roveyayinevi.com.tr\/index.php\/urun\/myart-5-ocak-subat-mart-2025\/"},"modified":"2026-04-15T03:33:34","modified_gmt":"2026-04-15T00:33:34","slug":"myart-5-ocak-subat-mart-2025","status":"publish","type":"product","link":"https:\/\/roveyayinevi.com.tr\/index.php\/urun\/myart-5-ocak-subat-mart-2025\/","title":{"rendered":"MYART-5 (Ocak-\u015eubat-Mart 2025)"},"content":{"rendered":"<p>MYART\u2019\u0131n 5. Say\u0131s\u0131nda a\u015fa\u011f\u0131daki yazarlar\u0131n \u00e7al\u0131\u015fmalar\u0131 bulunmaktad\u0131r: SANAT Sanat\u0131n \u0130\u00e7inde \u00d6l\u00fcm: COLOSSEUM (Prof. Dr.  Emre OKAN); \u0130skit Sanat\u0131nda Bir Ba\u015fyap\u0131t: Tovsta Mohyla Gerdanl\u0131\u011f\u0131 (Onur Y\u0130\u011e\u0130T); Bir Hyperrealist Ressam: Massimiliano Pironti (Ufuk UYSAL); Cumhuriyetin Bilinmeyen Sanat\u00e7\u0131s\u0131: \u015eevket ARMAN (Prof. G\u00f6khan EKEN); Ald\u0131\u011f\u0131 \u00d6d\u00fcllerle \u00dclkemizi Uluslararas\u0131 Arenada Ba\u015far\u0131yla Temsil Eden; Rukiye GAR\u0130P ile Resim ve Sanat \u00dczerine (Ufuk UYSAL); Leonara Carrington\u2019un Tarot Kartlar\u0131 (Yaren KOCA); Ressam Meltem Tekin\u2019in Eserleri ve Sanat Felsefesi (Adem BA\u015ePNAR); Osmanl\u0131\u2019da \u0130stanbul Art Nouveau\u2019su  \u00dcslubunda Tek T\u00fcrbe: \u015eeyh Zafir K\u00fclliyesi (\u015eebnem ATILGAN); Beng\u00fc \u00d6\u011eRETMEN ve \u201cAb-\u0131 Hayat\u201d Eseri \u00dczerine (Do\u00e7. Dr. Cenker AT\u0130LA); T\u00fcrkiye\u2019de Yeralt\u0131 Edebiyat\u0131 ve Sinemas\u0131: Kaybetmenin Esteti\u011fi: A\u011f\u0131r Roman (Aylin PEKSERT); D\u00fc\u015f\u00fcnce ve G\u00f6rsellik: Leos Carax\u2019\u0131 \u00c7evreleyen \u00c7izgi (Ahmet \u00d6ZBEK); Giyilebilir Sanat: \u00c7a\u011fda\u015f Seramik Tak\u0131lar (Elif ZENG\u0130N BI\u00c7AKKIRAN); Anlama, Anlatma ve Bellek Arac\u0131 Olarak Foto\u011fraf (Do\u00e7. Dr. A. Beyhan \u00d6ZDEM\u0130R); Kap\u0131, Ha\u00e7 ve Sembolizm (Foto\u011fraf: A. Beyhan \u00d6ZDEM\u0130R; Yaz\u0131: G\u00f6n\u00fcl OCAK);The Decisive Moviment\/Karar An\u0131 (K\u0131van\u00e7 \u015eEN); EDEB\u0130YAT Sanat\u0131n \u00d6zg\u00fcrl\u00fck M\u00fccadelesi: Sans\u00fcr ve Direni\u015f (Burcu \u00dcNL\u00dc); Ba\u011f\u0131\u015f (Aydanur SARA\u00c7); Ara Beni Bul Beni (Fatma ARAS); Samsun (Umut \u00c7ET\u0130N); Et\u00e7il G\u00fcvercin (Selami KARABULUT; \u0130kizdereli Kad\u0131nlara \u00d6vg\u00fc (Tu\u011frul KESK\u0130N); Bir Mutsuzluk Yans\u0131mas\u0131 (Neval SAVAK); Son G\u00fcz Zaman\u0131 (Cenk URAS); Au Revoir \u0130lhan (U\u011fur G\u00dcNEL); Akl\u0131n B\u00fcy\u00fcs\u00fc (Emine AYDO\u011eDU); Fantastik D\u00fc\u015fler (Ahmet R\u0131fat \u0130LHAN); G\u00f6ldeki Ayna (Sinan KABAN); Oturdu\u011fum Yer (Ilse AICHINGER; \u00c7ev. Selin S. ALTUN); D\u00fc\u015fk\u00fcn Evi (George ORWELL; \u00c7ev. \u00d6zg\u00fcr \u015eiir \u00c7ET\u0130N); G\u00f6rd\u00fcm (Haydar \u00dcNAL); Arketiplerle Hayat\u0131m\u0131z\u0131 Ele Alabilir miyiz? (Silvia ARSEB\u00dcK); Karanfil (Hacer YILMAZ); Y\u00fczy\u0131ll\u0131k Misafir (Hatice TARKAN DO\u011eANAY) <\/p>\n","protected":false},"excerpt":{"rendered":"<p>MYART\u2019\u0131n 5. Say\u0131s\u0131nda a\u015fa\u011f\u0131daki yazarlar\u0131n \u00e7al\u0131\u015fmalar\u0131 bulunmaktad\u0131r: SANAT Sanat\u0131n \u0130\u00e7inde \u00d6l\u00fcm: COLOSSEUM (Prof. Dr. Emre OKAN); \u0130skit Sanat\u0131nda Bir Ba\u015fyap\u0131t: Tovsta Mohyla Gerdanl\u0131\u011f\u0131 (Onur Y\u0130\u011e\u0130T); Bir<span class=\"excerpt-hellip\"> [\u2026]<\/span><\/p>\n","protected":false},"featured_media":0,"template":"","meta":{"_monsterinsights_skip_tracking":false,"_monsterinsights_sitenote_active":false,"_monsterinsights_sitenote_note":"","_monsterinsights_sitenote_category":0},"product_brand":[],"product_cat":[13527],"product_tag":[],"class_list":{"0":"post-767870","1":"product","2":"type-product","3":"status-publish","5":"product_cat-sureli-yayinlar","6":"pa_cilt-ciltsiz","7":"pa_tur-dergi","8":"pa_yayinevi-myrina-yayinlari","9":"pa_yazar-kolektif","11":"first","12":"instock","13":"sale","14":"shipping-taxable","15":"purchasable","16":"product-type-simple"},"_links":{"self":[{"href":"https:\/\/roveyayinevi.com.tr\/index.php\/wp-json\/wp\/v2\/product\/767870","targetHints":{"allow":["GET"]}}],"collection":[{"href":"https:\/\/roveyayinevi.com.tr\/index.php\/wp-json\/wp\/v2\/product"}],"about":[{"href":"https:\/\/roveyayinevi.com.tr\/index.php\/wp-json\/wp\/v2\/types\/product"}],"wp:attachment":[{"href":"https:\/\/roveyayinevi.com.tr\/index.php\/wp-json\/wp\/v2\/media?parent=767870"}],"wp:term":[{"taxonomy":"product_brand","embeddable":true,"href":"https:\/\/roveyayinevi.com.tr\/index.php\/wp-json\/wp\/v2\/product_brand?post=767870"},{"taxonomy":"product_cat","embeddable":true,"href":"https:\/\/roveyayinevi.com.tr\/index.php\/wp-json\/wp\/v2\/product_cat?post=767870"},{"taxonomy":"product_tag","embeddable":true,"href":"https:\/\/roveyayinevi.com.tr\/index.php\/wp-json\/wp\/v2\/product_tag?post=767870"}],"curies":[{"name":"wp","href":"https:\/\/api.w.org\/{rel}","templated":true}]}}