{"id":767834,"date":"2025-08-28T13:01:00","date_gmt":"2025-08-28T10:01:00","guid":{"rendered":"https:\/\/roveyayinevi.com.tr\/index.php\/urun\/kopek-adam-11-denizler-altinda-yirmi-bin-fesat\/"},"modified":"2026-04-15T03:33:33","modified_gmt":"2026-04-15T00:33:33","slug":"kopek-adam-11-denizler-altinda-yirmi-bin-fesat","status":"publish","type":"product","link":"https:\/\/roveyayinevi.com.tr\/index.php\/urun\/kopek-adam-11-denizler-altinda-yirmi-bin-fesat\/","title":{"rendered":"K\u00f6pek Adam -11  Denizler Alt\u0131nda Yirmi Bin Fesat"},"content":{"rendered":"<p>SON ZAMANLARIN EN \u00c7OK SATAN K\u00d6PEK ADAM SER\u0130S\u0130N\u0130N HEYECANLA BEKLENEN ON B\u0130R\u0130NC\u0130 K\u0130TABI! Domuzcuk \u015fimdiye kadarki en \u015feytani planla geri d\u00f6nd\u00fc&#8230; Ufukta ba\u015fka k\u00f6t\u00fc adamlar da var. Peki hepsi nereden geliyor? Ve bu al\u00e7aklar s\u00fcper dostlar\u0131m\u0131za zarar vermek istediklerinde \u015fehri kim kurtaracak? K\u00f6pek Adam Denizler Alt\u0131nda Yirmi Bin Fesat aksiyon ve e\u011flence dolu bir macerayla okurlar\u0131yla bulu\u015fuyor. Dav Pilkey K\u00f6pek Adam Serisi\u2019nin her kitab\u0131nda her ya\u015ftan okuyucuya hitap etmesinin yan\u0131 s\u0131ra empati, nezaket, sab\u0131r ve iyilik yapmak gibi evrensel temalar\u0131 da i\u015fliyor.<\/p>\n","protected":false},"excerpt":{"rendered":"<p>SON ZAMANLARIN EN \u00c7OK SATAN K\u00d6PEK ADAM SER\u0130S\u0130N\u0130N HEYECANLA BEKLENEN ON B\u0130R\u0130NC\u0130 K\u0130TABI! Domuzcuk \u015fimdiye kadarki en \u015feytani planla geri d\u00f6nd\u00fc&#8230; Ufukta ba\u015fka k\u00f6t\u00fc adamlar da<span class=\"excerpt-hellip\"> [\u2026]<\/span><\/p>\n","protected":false},"featured_media":0,"template":"","meta":{"_monsterinsights_skip_tracking":false,"_monsterinsights_sitenote_active":false,"_monsterinsights_sitenote_note":"","_monsterinsights_sitenote_category":0},"product_brand":[],"product_cat":[13835],"product_tag":[],"class_list":{"0":"post-767834","1":"product","2":"type-product","3":"status-publish","5":"product_cat-cok-satanlar","6":"pa_cilt-ciltsiz","7":"pa_tur-kitap","8":"pa_yayinevi-altin-kitaplar-cocuk-kitaplari","9":"pa_yazar-dav-pilkey","11":"first","12":"instock","13":"sale","14":"shipping-taxable","15":"purchasable","16":"product-type-simple"},"_links":{"self":[{"href":"https:\/\/roveyayinevi.com.tr\/index.php\/wp-json\/wp\/v2\/product\/767834","targetHints":{"allow":["GET"]}}],"collection":[{"href":"https:\/\/roveyayinevi.com.tr\/index.php\/wp-json\/wp\/v2\/product"}],"about":[{"href":"https:\/\/roveyayinevi.com.tr\/index.php\/wp-json\/wp\/v2\/types\/product"}],"wp:attachment":[{"href":"https:\/\/roveyayinevi.com.tr\/index.php\/wp-json\/wp\/v2\/media?parent=767834"}],"wp:term":[{"taxonomy":"product_brand","embeddable":true,"href":"https:\/\/roveyayinevi.com.tr\/index.php\/wp-json\/wp\/v2\/product_brand?post=767834"},{"taxonomy":"product_cat","embeddable":true,"href":"https:\/\/roveyayinevi.com.tr\/index.php\/wp-json\/wp\/v2\/product_cat?post=767834"},{"taxonomy":"product_tag","embeddable":true,"href":"https:\/\/roveyayinevi.com.tr\/index.php\/wp-json\/wp\/v2\/product_tag?post=767834"}],"curies":[{"name":"wp","href":"https:\/\/api.w.org\/{rel}","templated":true}]}}